{"id":6095,"date":"2022-05-10T11:37:57","date_gmt":"2022-05-10T11:37:57","guid":{"rendered":"https:\/\/ap.com.al\/?page_id=6095"},"modified":"2022-06-01T09:10:29","modified_gmt":"2022-06-01T09:10:29","slug":"rindavital-top-atg","status":"publish","type":"page","link":"https:\/\/ap.com.al\/?page_id=6095","title":{"rendered":"RINDAVITAL TOP ATG"},"content":{"rendered":"\n<style>\n  #oniiii{\n    background-image:url(\"https:\/\/ap.com.al\/wp-content\/uploads\/2022\/01\/Kuehe.jpg\");\n    padding-bottom: 32%;\n    background-position:center center;\n    background-repeat: no-repeat;\n    background-size:cover;\n  }\n  <\/style>\n  <script src=\"https:\/\/code.jquery.com\/jquery-3.5.0.js\">\n<\/script>\n\n<div id=\"oniiii\"><\/div>\n \n<script>\n$( \"#oniiii\" ).insertBefore( \".container_wrap_first\" );\n<\/script>\n\n\n\n<div class=\"wp-block-columns\" id=\"containerr\">\n<div class=\"wp-block-column\">\n<div class=\"avia_textblock\" itemprop=\"text\"><h4 style=\"color:#005a8c;\n\">RINDAVITAL TOP ATG<\/h4>\n<\/div>\n<\/div>\n<\/div>\n\n\n\n<div class=\"wp-block-columns\" id=\"containerr\">\n<div class=\"wp-block-column\">\n<div class=\"detail__certificates-item-icon\">\n<img decoding=\"async\" alt=\"Icon RINDAMAST UNI\" src=\"https:\/\/ap.com.al\/wp-content\/uploads\/2022\/03\/Asset-51-1.png\">\n<\/div>\n<\/div>\n<\/div>\n\n\n\n<div class=\"wp-block-columns\" id=\"containerr\">\n<div class=\"wp-block-column\">\n<div class=\"blue_marker_list\">\n<h4>Premiks i bazuar te linja e produkteve RINDAVITAL p\u00ebr periudh\u00ebn e laktacionit<\/h4>\n<br>RINDAVITAL TOP ka n\u00eb p\u00ebrdorim sasi t\u00eb larta t\u00eb vitamin\u00ebs E, biotin\u00eb, acidit folik dhe mikro-makroelementeve t\u00eb lidhura organikisht si zink, bak\u00ebr, mangan.\n<\/div>\n\n\n\n<div class=\"blue_marker_list\">\n<h4 style=\"padding-top: 20px;\">Efektshm\u00ebria e produktit:<\/h4>\n<ul style=\"list-style-type: square; \n\tpadding-left: 1em;\">\n<li>P\u00ebrmbajtja e kompleksit ZELLPRO me efekt t\u00eb lart\u00eb antioksidues  p\u00ebr mbrojtjen e qelizave.<\/li>\n<li>P\u00ebrmir\u00ebson fertilitetin n\u00ebp\u00ebrmjet mikro-makroelementeve t\u00eb lidhur organikisht si zink, bak\u00ebr, mangan si dhe selen, jod, kobalt dhe vitamina.<\/li>\n<li>Eleminon\/redukton problemet me pla\u00e7ent\u00ebn (selen dhe vitamin\u00eb E).<\/li>\n<li>Forcon sistemin imunitar n\u00ebp\u00ebrmjet (mikro-makroelementeve t\u00eb lidhur organikisht).<\/li>\n<li>P\u00ebrmir\u00ebson ndjesh\u00ebm sh\u00ebndetin e gjirit, nj\u00eb mas\u00eb parandaluese kund\u00ebr mastitit (vitamina E, mikro-makroelementet e lidhur organikisht me zink dhe bak\u00ebr).<\/li>\n<li>Rriten ndjesh\u00ebm rendimentet dhe treguesit e qum\u00ebshtit n\u00ebp\u00ebrmjet (mikro-makroelementeve t\u00eb lidhura  organikisht,  biotin\u00eb  dhe vitamina).<\/li>\n<li>P\u00ebrmir\u00ebson sh\u00ebndetin e thundrave (biotin\u00eb, zink i lidhur organikisht).<\/li>\n<\/ul>\n\n<\/div>\n<\/div>\n<\/div>\n","protected":false},"excerpt":{"rendered":"<p>RINDAVITAL TOP ATG Premiks i bazuar te linja e produkteve RINDAVITAL p\u00ebr periudh\u00ebn e laktacionit RINDAVITAL TOP ka n\u00eb p\u00ebrdorim sasi t\u00eb larta t\u00eb vitamin\u00ebs E, biotin\u00eb, acidit folik dhe mikro-makroelementeve t\u00eb lidhura organikisht si zink, bak\u00ebr, mangan. Efektshm\u00ebria e produktit: P\u00ebrmbajtja e kompleksit ZELLPRO me efekt t\u00eb lart\u00eb antioksidues p\u00ebr mbrojtjen e qelizave. P\u00ebrmir\u00ebson [&hellip;]<\/p>\n","protected":false},"author":1,"featured_media":0,"parent":0,"menu_order":0,"comment_status":"closed","ping_status":"closed","template":"","meta":{"inline_featured_image":false,"footnotes":""},"class_list":["post-6095","page","type-page","status-publish","hentry"],"yoast_head":"<!-- This site is optimized with the Yoast SEO plugin v18.9 - https:\/\/yoast.com\/wordpress\/plugins\/seo\/ -->\n<title>RINDAVITAL TOP ATG - Austria Praemix<\/title>\n<meta name=\"robots\" content=\"index, follow, max-snippet:-1, max-image-preview:large, max-video-preview:-1\" \/>\n<link rel=\"canonical\" href=\"https:\/\/ap.com.al\/?page_id=6095\" \/>\n<meta property=\"og:locale\" content=\"en_US\" \/>\n<meta property=\"og:type\" content=\"article\" \/>\n<meta property=\"og:title\" content=\"RINDAVITAL TOP ATG - Austria Praemix\" \/>\n<meta property=\"og:description\" content=\"RINDAVITAL TOP ATG Premiks i bazuar te linja e produkteve RINDAVITAL p\u00ebr periudh\u00ebn e laktacionit RINDAVITAL TOP ka n\u00eb p\u00ebrdorim sasi t\u00eb larta t\u00eb vitamin\u00ebs E, biotin\u00eb, acidit folik dhe mikro-makroelementeve t\u00eb lidhura organikisht si zink, bak\u00ebr, mangan. Efektshm\u00ebria e produktit: P\u00ebrmbajtja e kompleksit ZELLPRO me efekt t\u00eb lart\u00eb antioksidues p\u00ebr mbrojtjen e qelizave. P\u00ebrmir\u00ebson [&hellip;]\" \/>\n<meta property=\"og:url\" content=\"https:\/\/ap.com.al\/?page_id=6095\" \/>\n<meta property=\"og:site_name\" content=\"Austria Praemix\" \/>\n<meta property=\"article:publisher\" content=\"https:\/\/www.facebook.com\/austriapraemiks\/\" \/>\n<meta property=\"article:modified_time\" content=\"2022-06-01T09:10:29+00:00\" \/>\n<meta property=\"og:image\" content=\"https:\/\/ap.com.al\/wp-content\/uploads\/2022\/03\/Asset-51-1.png\" \/>\n<meta name=\"twitter:card\" content=\"summary_large_image\" \/>\n<meta name=\"twitter:label1\" content=\"Est. reading time\" \/>\n\t<meta name=\"twitter:data1\" content=\"1 minute\" \/>\n<script type=\"application\/ld+json\" class=\"yoast-schema-graph\">{\"@context\":\"https:\/\/schema.org\",\"@graph\":[{\"@type\":\"Organization\",\"@id\":\"https:\/\/ap.com.al\/#organization\",\"name\":\"Austria Preamix\",\"url\":\"https:\/\/ap.com.al\/\",\"sameAs\":[\"https:\/\/www.instagram.com\/austriapraemix\/\",\"https:\/\/www.facebook.com\/austriapraemiks\/\"],\"logo\":{\"@type\":\"ImageObject\",\"inLanguage\":\"en-US\",\"@id\":\"https:\/\/ap.com.al\/#\/schema\/logo\/image\/\",\"url\":\"https:\/\/ap.com.al\/wp-content\/uploads\/2022\/02\/AP-logo.png\",\"contentUrl\":\"https:\/\/ap.com.al\/wp-content\/uploads\/2022\/02\/AP-logo.png\",\"width\":3358,\"height\":1616,\"caption\":\"Austria Preamix\"},\"image\":{\"@id\":\"https:\/\/ap.com.al\/#\/schema\/logo\/image\/\"}},{\"@type\":\"WebSite\",\"@id\":\"https:\/\/ap.com.al\/#website\",\"url\":\"https:\/\/ap.com.al\/\",\"name\":\"Austria Praemix\",\"description\":\"\",\"publisher\":{\"@id\":\"https:\/\/ap.com.al\/#organization\"},\"potentialAction\":[{\"@type\":\"SearchAction\",\"target\":{\"@type\":\"EntryPoint\",\"urlTemplate\":\"https:\/\/ap.com.al\/?s={search_term_string}\"},\"query-input\":\"required name=search_term_string\"}],\"inLanguage\":\"en-US\"},{\"@type\":\"ImageObject\",\"inLanguage\":\"en-US\",\"@id\":\"https:\/\/ap.com.al\/?page_id=6095#primaryimage\",\"url\":\"https:\/\/ap.com.al\/wp-content\/uploads\/2022\/03\/Asset-51-1.png\",\"contentUrl\":\"https:\/\/ap.com.al\/wp-content\/uploads\/2022\/03\/Asset-51-1.png\",\"width\":355,\"height\":354},{\"@type\":\"WebPage\",\"@id\":\"https:\/\/ap.com.al\/?page_id=6095#webpage\",\"url\":\"https:\/\/ap.com.al\/?page_id=6095\",\"name\":\"RINDAVITAL TOP ATG - Austria Praemix\",\"isPartOf\":{\"@id\":\"https:\/\/ap.com.al\/#website\"},\"primaryImageOfPage\":{\"@id\":\"https:\/\/ap.com.al\/?page_id=6095#primaryimage\"},\"datePublished\":\"2022-05-10T11:37:57+00:00\",\"dateModified\":\"2022-06-01T09:10:29+00:00\",\"breadcrumb\":{\"@id\":\"https:\/\/ap.com.al\/?page_id=6095#breadcrumb\"},\"inLanguage\":\"en-US\",\"potentialAction\":[{\"@type\":\"ReadAction\",\"target\":[\"https:\/\/ap.com.al\/?page_id=6095\"]}]},{\"@type\":\"BreadcrumbList\",\"@id\":\"https:\/\/ap.com.al\/?page_id=6095#breadcrumb\",\"itemListElement\":[{\"@type\":\"ListItem\",\"position\":1,\"name\":\"Home\",\"item\":\"https:\/\/ap.com.al\/\"},{\"@type\":\"ListItem\",\"position\":2,\"name\":\"RINDAVITAL TOP ATG\"}]}]}<\/script>\n<!-- \/ Yoast SEO plugin. -->","yoast_head_json":{"title":"RINDAVITAL TOP ATG - Austria Praemix","robots":{"index":"index","follow":"follow","max-snippet":"max-snippet:-1","max-image-preview":"max-image-preview:large","max-video-preview":"max-video-preview:-1"},"canonical":"https:\/\/ap.com.al\/?page_id=6095","og_locale":"en_US","og_type":"article","og_title":"RINDAVITAL TOP ATG - Austria Praemix","og_description":"RINDAVITAL TOP ATG Premiks i bazuar te linja e produkteve RINDAVITAL p\u00ebr periudh\u00ebn e laktacionit RINDAVITAL TOP ka n\u00eb p\u00ebrdorim sasi t\u00eb larta t\u00eb vitamin\u00ebs E, biotin\u00eb, acidit folik dhe mikro-makroelementeve t\u00eb lidhura organikisht si zink, bak\u00ebr, mangan. Efektshm\u00ebria e produktit: P\u00ebrmbajtja e kompleksit ZELLPRO me efekt t\u00eb lart\u00eb antioksidues p\u00ebr mbrojtjen e qelizave. P\u00ebrmir\u00ebson [&hellip;]","og_url":"https:\/\/ap.com.al\/?page_id=6095","og_site_name":"Austria Praemix","article_publisher":"https:\/\/www.facebook.com\/austriapraemiks\/","article_modified_time":"2022-06-01T09:10:29+00:00","og_image":[{"url":"https:\/\/ap.com.al\/wp-content\/uploads\/2022\/03\/Asset-51-1.png"}],"twitter_card":"summary_large_image","twitter_misc":{"Est. reading time":"1 minute"},"schema":{"@context":"https:\/\/schema.org","@graph":[{"@type":"Organization","@id":"https:\/\/ap.com.al\/#organization","name":"Austria Preamix","url":"https:\/\/ap.com.al\/","sameAs":["https:\/\/www.instagram.com\/austriapraemix\/","https:\/\/www.facebook.com\/austriapraemiks\/"],"logo":{"@type":"ImageObject","inLanguage":"en-US","@id":"https:\/\/ap.com.al\/#\/schema\/logo\/image\/","url":"https:\/\/ap.com.al\/wp-content\/uploads\/2022\/02\/AP-logo.png","contentUrl":"https:\/\/ap.com.al\/wp-content\/uploads\/2022\/02\/AP-logo.png","width":3358,"height":1616,"caption":"Austria Preamix"},"image":{"@id":"https:\/\/ap.com.al\/#\/schema\/logo\/image\/"}},{"@type":"WebSite","@id":"https:\/\/ap.com.al\/#website","url":"https:\/\/ap.com.al\/","name":"Austria Praemix","description":"","publisher":{"@id":"https:\/\/ap.com.al\/#organization"},"potentialAction":[{"@type":"SearchAction","target":{"@type":"EntryPoint","urlTemplate":"https:\/\/ap.com.al\/?s={search_term_string}"},"query-input":"required name=search_term_string"}],"inLanguage":"en-US"},{"@type":"ImageObject","inLanguage":"en-US","@id":"https:\/\/ap.com.al\/?page_id=6095#primaryimage","url":"https:\/\/ap.com.al\/wp-content\/uploads\/2022\/03\/Asset-51-1.png","contentUrl":"https:\/\/ap.com.al\/wp-content\/uploads\/2022\/03\/Asset-51-1.png","width":355,"height":354},{"@type":"WebPage","@id":"https:\/\/ap.com.al\/?page_id=6095#webpage","url":"https:\/\/ap.com.al\/?page_id=6095","name":"RINDAVITAL TOP ATG - Austria Praemix","isPartOf":{"@id":"https:\/\/ap.com.al\/#website"},"primaryImageOfPage":{"@id":"https:\/\/ap.com.al\/?page_id=6095#primaryimage"},"datePublished":"2022-05-10T11:37:57+00:00","dateModified":"2022-06-01T09:10:29+00:00","breadcrumb":{"@id":"https:\/\/ap.com.al\/?page_id=6095#breadcrumb"},"inLanguage":"en-US","potentialAction":[{"@type":"ReadAction","target":["https:\/\/ap.com.al\/?page_id=6095"]}]},{"@type":"BreadcrumbList","@id":"https:\/\/ap.com.al\/?page_id=6095#breadcrumb","itemListElement":[{"@type":"ListItem","position":1,"name":"Home","item":"https:\/\/ap.com.al\/"},{"@type":"ListItem","position":2,"name":"RINDAVITAL TOP ATG"}]}]}},"_links":{"self":[{"href":"https:\/\/ap.com.al\/index.php?rest_route=\/wp\/v2\/pages\/6095","targetHints":{"allow":["GET"]}}],"collection":[{"href":"https:\/\/ap.com.al\/index.php?rest_route=\/wp\/v2\/pages"}],"about":[{"href":"https:\/\/ap.com.al\/index.php?rest_route=\/wp\/v2\/types\/page"}],"author":[{"embeddable":true,"href":"https:\/\/ap.com.al\/index.php?rest_route=\/wp\/v2\/users\/1"}],"replies":[{"embeddable":true,"href":"https:\/\/ap.com.al\/index.php?rest_route=%2Fwp%2Fv2%2Fcomments&post=6095"}],"version-history":[{"count":4,"href":"https:\/\/ap.com.al\/index.php?rest_route=\/wp\/v2\/pages\/6095\/revisions"}],"predecessor-version":[{"id":8045,"href":"https:\/\/ap.com.al\/index.php?rest_route=\/wp\/v2\/pages\/6095\/revisions\/8045"}],"wp:attachment":[{"href":"https:\/\/ap.com.al\/index.php?rest_route=%2Fwp%2Fv2%2Fmedia&parent=6095"}],"curies":[{"name":"wp","href":"https:\/\/api.w.org\/{rel}","templated":true}]}}