{"id":6111,"date":"2022-05-10T12:19:06","date_gmt":"2022-05-10T12:19:06","guid":{"rendered":"https:\/\/ap.com.al\/?page_id=6111"},"modified":"2023-02-17T09:10:55","modified_gmt":"2023-02-17T09:10:55","slug":"rindavital-energietrunk","status":"publish","type":"page","link":"https:\/\/ap.com.al\/?page_id=6111","title":{"rendered":"RINDAVITAL ENERGIETRUNK"},"content":{"rendered":"\n<style>\n  #oniiii{\n    background-image:url(\"https:\/\/ap.com.al\/wp-content\/uploads\/2022\/01\/Kuehe.jpg\");\n    padding-bottom: 32%;\n    background-position:center center;\n    background-repeat: no-repeat;\n    background-size:cover;\n  }\n  <\/style>\n  <script src=\"https:\/\/code.jquery.com\/jquery-3.5.0.js\">\n<\/script>\n\n<div id=\"oniiii\"><\/div>\n \n<script>\n$( \"#oniiii\" ).insertBefore( \".container_wrap_first\" );\n<\/script>\n\n\n\n<div class=\"wp-block-columns\" id=\"containerr\">\n<div class=\"wp-block-column\">\n<div class=\"avia_textblock\" itemprop=\"text\"><h4 style=\"color:#005a8c;\n\">RINDAVITAL ENERGIETRUNK<\/h4>\n<\/div>\n<\/div>\n<\/div>\n\n\n\n<div class=\"wp-block-columns\" id=\"containerr\">\n<div class=\"wp-block-column\">\n<div class=\"detail__certificates-item-icon\">\n<img decoding=\"async\" alt=\"Icon RINDAMAST UNI\" src=\"https:\/\/ap.com.al\/wp-content\/uploads\/2022\/03\/Asset-51-1.png\">\n<\/div>\n<\/div>\n<\/div>\n\n\n\n<div class=\"wp-block-columns\" id=\"containerr\">\n<div class=\"wp-block-column\">\n<div class=\"blue_marker_list\">\n<h4 style=\"padding-top: 20px;\">Suplement energjitik pas pjelljes<\/h4>\n<ul style=\"list-style-type: square; \n\tpadding-left: 1em;\">\n<li>Siguron prodhimin e energjis\u00eb n\u00eb organiz\u00ebm dhe stabilizon metabolizmin n\u00eb or\u00ebt e para pas pjelljes.<\/li>\n<li>Me nj\u00eb p\u00ebrb\u00ebrje t\u00eb lart\u00eb n\u00eb glukoz\u00eb, elektrolit\u00eb, kombinimeve t\u00eb acideve, propandiolit, mikroelement\u00ebve kobalt dhe selen si dhe probiotik\u00eb ASS-CO-FERM.<\/li>\n<li>RINDAVITAL ENERGIETRUNK e kan\u00eb pranuar  n\u00eb m\u00ebnyr\u00eb t\u00eb shk\u00eblqyer mbi 95% t\u00eb lop\u00ebve dhe t\u00eb m\u00ebshqerrave n\u00eb qendr\u00ebn e testimit SCHAUMANN n\u00eb H\u00dcLSENBERG.<\/li>\n<li>P\u00ebrdorim dhe administrim i thjesht\u00eb, pihet me d\u00ebshir\u00eb nga lopa dhe m\u00ebshqerra pa qen\u00eb e nevojshme dh\u00ebnia me forc\u00eb.<\/li>\n<li>Domosdoshm\u00ebria e  l\u00ebngjeve  pas  lindjes \u00e7on n\u00eb ngopjen dhe tendosjen e rumenit dhe n\u00eb k\u00ebt\u00eb m\u00ebnyr\u00eb parandalohet p\u00ebrdredhja e abomazit. <\/li>\n<li>P\u00ebrve\u00e7 k\u00ebsaj sigurohet hollimi i gjakut dhe qarkullimi m\u00eb i mir\u00eb i gjakut n\u00eb mit\u00ebr. Pastrimi\/nxjerrja e shpejt\u00eb e pla\u00e7ent\u00ebs dhe p\u00ebrmir\u00ebsimi i p\u00ebrgjithsh\u00ebm sh\u00ebndet\u00ebsor.<\/li>\n<li>Glukoza \u00e7on n\u00eb p\u00ebrmir\u00ebsimin e furnizimit me energji dhe n\u00eb rritjen e nivelit t\u00eb sheqerit n\u00eb gjak.<\/li>\n<\/ul>\n\n<\/div>\n\n\n\n<div class=\"blue_marker_list\">\n<h4>P\u00ebrdorimi i produktit:<\/h4>\n<ul style=\"list-style-type: square; \n\tpadding-left: 1em;\">\n<li>Sasia 2,5-5 % t\u00eb ujit q\u00eb pi lopa n\u00eb or\u00ebt e para mbas pjelljes. (p.sh  500g n\u00eb 10\u201320 litra uj\u00eb)<\/li>\n<\/ul>\n\n<\/div>\n<\/div>\n<\/div>\n","protected":false},"excerpt":{"rendered":"<p>RINDAVITAL ENERGIETRUNK Suplement energjitik pas pjelljes Siguron prodhimin e energjis\u00eb n\u00eb organiz\u00ebm dhe stabilizon metabolizmin n\u00eb or\u00ebt e para pas pjelljes. Me nj\u00eb p\u00ebrb\u00ebrje t\u00eb lart\u00eb n\u00eb glukoz\u00eb, elektrolit\u00eb, kombinimeve t\u00eb acideve, propandiolit, mikroelement\u00ebve kobalt dhe selen si dhe probiotik\u00eb ASS-CO-FERM. RINDAVITAL ENERGIETRUNK e kan\u00eb pranuar n\u00eb m\u00ebnyr\u00eb t\u00eb shk\u00eblqyer mbi 95% t\u00eb lop\u00ebve dhe [&hellip;]<\/p>\n","protected":false},"author":1,"featured_media":0,"parent":0,"menu_order":0,"comment_status":"closed","ping_status":"closed","template":"","meta":{"inline_featured_image":false,"footnotes":""},"class_list":["post-6111","page","type-page","status-publish","hentry"],"yoast_head":"<!-- This site is optimized with the Yoast SEO plugin v18.9 - https:\/\/yoast.com\/wordpress\/plugins\/seo\/ -->\n<title>RINDAVITAL ENERGIETRUNK - Austria Praemix<\/title>\n<meta name=\"robots\" content=\"index, follow, max-snippet:-1, max-image-preview:large, max-video-preview:-1\" \/>\n<link rel=\"canonical\" href=\"https:\/\/ap.com.al\/?page_id=6111\" \/>\n<meta property=\"og:locale\" content=\"en_US\" \/>\n<meta property=\"og:type\" content=\"article\" \/>\n<meta property=\"og:title\" content=\"RINDAVITAL ENERGIETRUNK - Austria Praemix\" \/>\n<meta property=\"og:description\" content=\"RINDAVITAL ENERGIETRUNK Suplement energjitik pas pjelljes Siguron prodhimin e energjis\u00eb n\u00eb organiz\u00ebm dhe stabilizon metabolizmin n\u00eb or\u00ebt e para pas pjelljes. Me nj\u00eb p\u00ebrb\u00ebrje t\u00eb lart\u00eb n\u00eb glukoz\u00eb, elektrolit\u00eb, kombinimeve t\u00eb acideve, propandiolit, mikroelement\u00ebve kobalt dhe selen si dhe probiotik\u00eb ASS-CO-FERM. RINDAVITAL ENERGIETRUNK e kan\u00eb pranuar n\u00eb m\u00ebnyr\u00eb t\u00eb shk\u00eblqyer mbi 95% t\u00eb lop\u00ebve dhe [&hellip;]\" \/>\n<meta property=\"og:url\" content=\"https:\/\/ap.com.al\/?page_id=6111\" \/>\n<meta property=\"og:site_name\" content=\"Austria Praemix\" \/>\n<meta property=\"article:publisher\" content=\"https:\/\/www.facebook.com\/austriapraemiks\/\" \/>\n<meta property=\"article:modified_time\" content=\"2023-02-17T09:10:55+00:00\" \/>\n<meta property=\"og:image\" content=\"https:\/\/ap.com.al\/wp-content\/uploads\/2022\/03\/Asset-51-1.png\" \/>\n<meta name=\"twitter:card\" content=\"summary_large_image\" \/>\n<meta name=\"twitter:label1\" content=\"Est. reading time\" \/>\n\t<meta name=\"twitter:data1\" content=\"1 minute\" \/>\n<script type=\"application\/ld+json\" class=\"yoast-schema-graph\">{\"@context\":\"https:\/\/schema.org\",\"@graph\":[{\"@type\":\"Organization\",\"@id\":\"https:\/\/ap.com.al\/#organization\",\"name\":\"Austria Preamix\",\"url\":\"https:\/\/ap.com.al\/\",\"sameAs\":[\"https:\/\/www.instagram.com\/austriapraemix\/\",\"https:\/\/www.facebook.com\/austriapraemiks\/\"],\"logo\":{\"@type\":\"ImageObject\",\"inLanguage\":\"en-US\",\"@id\":\"https:\/\/ap.com.al\/#\/schema\/logo\/image\/\",\"url\":\"https:\/\/ap.com.al\/wp-content\/uploads\/2022\/02\/AP-logo.png\",\"contentUrl\":\"https:\/\/ap.com.al\/wp-content\/uploads\/2022\/02\/AP-logo.png\",\"width\":3358,\"height\":1616,\"caption\":\"Austria Preamix\"},\"image\":{\"@id\":\"https:\/\/ap.com.al\/#\/schema\/logo\/image\/\"}},{\"@type\":\"WebSite\",\"@id\":\"https:\/\/ap.com.al\/#website\",\"url\":\"https:\/\/ap.com.al\/\",\"name\":\"Austria Praemix\",\"description\":\"\",\"publisher\":{\"@id\":\"https:\/\/ap.com.al\/#organization\"},\"potentialAction\":[{\"@type\":\"SearchAction\",\"target\":{\"@type\":\"EntryPoint\",\"urlTemplate\":\"https:\/\/ap.com.al\/?s={search_term_string}\"},\"query-input\":\"required name=search_term_string\"}],\"inLanguage\":\"en-US\"},{\"@type\":\"ImageObject\",\"inLanguage\":\"en-US\",\"@id\":\"https:\/\/ap.com.al\/?page_id=6111#primaryimage\",\"url\":\"https:\/\/ap.com.al\/wp-content\/uploads\/2022\/03\/Asset-51-1.png\",\"contentUrl\":\"https:\/\/ap.com.al\/wp-content\/uploads\/2022\/03\/Asset-51-1.png\",\"width\":355,\"height\":354},{\"@type\":\"WebPage\",\"@id\":\"https:\/\/ap.com.al\/?page_id=6111#webpage\",\"url\":\"https:\/\/ap.com.al\/?page_id=6111\",\"name\":\"RINDAVITAL ENERGIETRUNK - Austria Praemix\",\"isPartOf\":{\"@id\":\"https:\/\/ap.com.al\/#website\"},\"primaryImageOfPage\":{\"@id\":\"https:\/\/ap.com.al\/?page_id=6111#primaryimage\"},\"datePublished\":\"2022-05-10T12:19:06+00:00\",\"dateModified\":\"2023-02-17T09:10:55+00:00\",\"breadcrumb\":{\"@id\":\"https:\/\/ap.com.al\/?page_id=6111#breadcrumb\"},\"inLanguage\":\"en-US\",\"potentialAction\":[{\"@type\":\"ReadAction\",\"target\":[\"https:\/\/ap.com.al\/?page_id=6111\"]}]},{\"@type\":\"BreadcrumbList\",\"@id\":\"https:\/\/ap.com.al\/?page_id=6111#breadcrumb\",\"itemListElement\":[{\"@type\":\"ListItem\",\"position\":1,\"name\":\"Home\",\"item\":\"https:\/\/ap.com.al\/\"},{\"@type\":\"ListItem\",\"position\":2,\"name\":\"RINDAVITAL ENERGIETRUNK\"}]}]}<\/script>\n<!-- \/ Yoast SEO plugin. -->","yoast_head_json":{"title":"RINDAVITAL ENERGIETRUNK - Austria Praemix","robots":{"index":"index","follow":"follow","max-snippet":"max-snippet:-1","max-image-preview":"max-image-preview:large","max-video-preview":"max-video-preview:-1"},"canonical":"https:\/\/ap.com.al\/?page_id=6111","og_locale":"en_US","og_type":"article","og_title":"RINDAVITAL ENERGIETRUNK - Austria Praemix","og_description":"RINDAVITAL ENERGIETRUNK Suplement energjitik pas pjelljes Siguron prodhimin e energjis\u00eb n\u00eb organiz\u00ebm dhe stabilizon metabolizmin n\u00eb or\u00ebt e para pas pjelljes. Me nj\u00eb p\u00ebrb\u00ebrje t\u00eb lart\u00eb n\u00eb glukoz\u00eb, elektrolit\u00eb, kombinimeve t\u00eb acideve, propandiolit, mikroelement\u00ebve kobalt dhe selen si dhe probiotik\u00eb ASS-CO-FERM. RINDAVITAL ENERGIETRUNK e kan\u00eb pranuar n\u00eb m\u00ebnyr\u00eb t\u00eb shk\u00eblqyer mbi 95% t\u00eb lop\u00ebve dhe [&hellip;]","og_url":"https:\/\/ap.com.al\/?page_id=6111","og_site_name":"Austria Praemix","article_publisher":"https:\/\/www.facebook.com\/austriapraemiks\/","article_modified_time":"2023-02-17T09:10:55+00:00","og_image":[{"url":"https:\/\/ap.com.al\/wp-content\/uploads\/2022\/03\/Asset-51-1.png"}],"twitter_card":"summary_large_image","twitter_misc":{"Est. reading time":"1 minute"},"schema":{"@context":"https:\/\/schema.org","@graph":[{"@type":"Organization","@id":"https:\/\/ap.com.al\/#organization","name":"Austria Preamix","url":"https:\/\/ap.com.al\/","sameAs":["https:\/\/www.instagram.com\/austriapraemix\/","https:\/\/www.facebook.com\/austriapraemiks\/"],"logo":{"@type":"ImageObject","inLanguage":"en-US","@id":"https:\/\/ap.com.al\/#\/schema\/logo\/image\/","url":"https:\/\/ap.com.al\/wp-content\/uploads\/2022\/02\/AP-logo.png","contentUrl":"https:\/\/ap.com.al\/wp-content\/uploads\/2022\/02\/AP-logo.png","width":3358,"height":1616,"caption":"Austria Preamix"},"image":{"@id":"https:\/\/ap.com.al\/#\/schema\/logo\/image\/"}},{"@type":"WebSite","@id":"https:\/\/ap.com.al\/#website","url":"https:\/\/ap.com.al\/","name":"Austria Praemix","description":"","publisher":{"@id":"https:\/\/ap.com.al\/#organization"},"potentialAction":[{"@type":"SearchAction","target":{"@type":"EntryPoint","urlTemplate":"https:\/\/ap.com.al\/?s={search_term_string}"},"query-input":"required name=search_term_string"}],"inLanguage":"en-US"},{"@type":"ImageObject","inLanguage":"en-US","@id":"https:\/\/ap.com.al\/?page_id=6111#primaryimage","url":"https:\/\/ap.com.al\/wp-content\/uploads\/2022\/03\/Asset-51-1.png","contentUrl":"https:\/\/ap.com.al\/wp-content\/uploads\/2022\/03\/Asset-51-1.png","width":355,"height":354},{"@type":"WebPage","@id":"https:\/\/ap.com.al\/?page_id=6111#webpage","url":"https:\/\/ap.com.al\/?page_id=6111","name":"RINDAVITAL ENERGIETRUNK - Austria Praemix","isPartOf":{"@id":"https:\/\/ap.com.al\/#website"},"primaryImageOfPage":{"@id":"https:\/\/ap.com.al\/?page_id=6111#primaryimage"},"datePublished":"2022-05-10T12:19:06+00:00","dateModified":"2023-02-17T09:10:55+00:00","breadcrumb":{"@id":"https:\/\/ap.com.al\/?page_id=6111#breadcrumb"},"inLanguage":"en-US","potentialAction":[{"@type":"ReadAction","target":["https:\/\/ap.com.al\/?page_id=6111"]}]},{"@type":"BreadcrumbList","@id":"https:\/\/ap.com.al\/?page_id=6111#breadcrumb","itemListElement":[{"@type":"ListItem","position":1,"name":"Home","item":"https:\/\/ap.com.al\/"},{"@type":"ListItem","position":2,"name":"RINDAVITAL ENERGIETRUNK"}]}]}},"_links":{"self":[{"href":"https:\/\/ap.com.al\/index.php?rest_route=\/wp\/v2\/pages\/6111","targetHints":{"allow":["GET"]}}],"collection":[{"href":"https:\/\/ap.com.al\/index.php?rest_route=\/wp\/v2\/pages"}],"about":[{"href":"https:\/\/ap.com.al\/index.php?rest_route=\/wp\/v2\/types\/page"}],"author":[{"embeddable":true,"href":"https:\/\/ap.com.al\/index.php?rest_route=\/wp\/v2\/users\/1"}],"replies":[{"embeddable":true,"href":"https:\/\/ap.com.al\/index.php?rest_route=%2Fwp%2Fv2%2Fcomments&post=6111"}],"version-history":[{"count":4,"href":"https:\/\/ap.com.al\/index.php?rest_route=\/wp\/v2\/pages\/6111\/revisions"}],"predecessor-version":[{"id":8590,"href":"https:\/\/ap.com.al\/index.php?rest_route=\/wp\/v2\/pages\/6111\/revisions\/8590"}],"wp:attachment":[{"href":"https:\/\/ap.com.al\/index.php?rest_route=%2Fwp%2Fv2%2Fmedia&parent=6111"}],"curies":[{"name":"wp","href":"https:\/\/api.w.org\/{rel}","templated":true}]}}