{"id":6149,"date":"2022-05-10T13:42:26","date_gmt":"2022-05-10T13:42:26","guid":{"rendered":"https:\/\/ap.com.al\/?page_id=6149"},"modified":"2022-06-01T09:11:21","modified_gmt":"2022-06-01T09:11:21","slug":"tirsana-bsk","status":"publish","type":"page","link":"https:\/\/ap.com.al\/?page_id=6149","title":{"rendered":"TIRSANA BSK"},"content":{"rendered":"\n<style>\n  #oniiii{\n    background-image:url(\"https:\/\/ap.com.al\/wp-content\/uploads\/2022\/01\/Kuehe.jpg\");\n    padding-bottom: 32%;\n    background-position:center center;\n    background-repeat: no-repeat;\n    background-size:cover;\n  }\n  <\/style>\n  <script src=\"https:\/\/code.jquery.com\/jquery-3.5.0.js\">\n<\/script>\n\n<div id=\"oniiii\"><\/div>\n \n<script>\n$( \"#oniiii\" ).insertBefore( \".container_wrap_first\" );\n<\/script>\n\n\n\n<div class=\"wp-block-columns\" id=\"containerr\">\n<div class=\"wp-block-column\">\n<div class=\"avia_textblock\" itemprop=\"text\"><h4 style=\"color:#005a8c;\n\">TIRSANA BSK<\/h4>\n<\/div>\n<\/div>\n<\/div>\n\n\n\n<div class=\"wp-block-columns\" id=\"containerr\">\n<div class=\"wp-block-column\">\n<div class=\"detail__certificates-item-icon\">\n<img decoding=\"async\" alt=\"Icon RINDAMAST UNI\" src=\"https:\/\/ap.com.al\/wp-content\/uploads\/2022\/03\/Asset-51-1.png\">\n<\/div>\n<\/div>\n<\/div>\n\n\n\n<div class=\"wp-block-columns\" id=\"containerr\">\n<div class=\"wp-block-column\">\n<div class=\"blue_marker_list\">\n<h4>Energjia n\u00eb form\u00eb t\u00eb l\u00ebngshme p\u00ebr mbrojtjen e m\u00ebl\u00e7is\u00eb<\/h4>\n<\/div>\n\n\n\n<div class=\"blue_marker_list\">\n<h4 style=\"padding-top: 20px;\">P\u00ebrmbajtja:<\/h4>\n<p class=\"sub_nutrition\">Propilenglikol<\/p>\n<ul style=\"list-style-type: square; \n\tpadding-left: 1em;\">\n<li>Formon glukoz\u00ebn<\/li>\n<li>Eleminon\/redukton mobilizimin yndyror<\/li>\n<li>Leht\u00ebson m\u00ebl\u00e7in\u00eb<\/li>\n<\/ul>\n<p class=\"sub_nutrition\">Glicerina<\/p>\n<ul style=\"list-style-type: square; \n\tpadding-left: 1em;\">\n<li>Rrit ndjesh\u00ebm konsumin e ushqimit<\/li>\n<li>P\u00ebrmir\u00ebson furnizimin me energji<\/li>\n<\/ul>\n<p class=\"sub_nutrition\">BOVIN-S-KOMPLEX<\/p>\n<ul style=\"list-style-type: square; \n\tpadding-left: 1em;\">\n<li>Mb\u00ebshtet sintez\u00ebn e proteinave mikrobike<\/li>\n<li>Rrit ve\u00e7an\u00ebrisht formimin e metionin\u00ebs<\/li>\n<li>Eleminon\/redukton p\u00ebrmbajtjen e NH3 (amoniakut) n\u00eb rumen<\/li>\n<li>Leht\u00ebson ndjesh\u00ebm metabolizmin e m\u00ebl\u00e7is\u00eb<\/li>\n\n\n<\/ul>\n<p>Aminoacidet glukonike nuk duhet t\u00eb p\u00ebrdoren p\u00ebr formimin e sheqerit n\u00eb gjak. Ato q\u00ebndrojn\u00eb n\u00eb dispozicion p\u00ebr sintez\u00ebn (zhvillimin) e proteinave t\u00eb qum\u00ebshtit.<\/p>\n\n<\/div>\n\n\n\n<div class=\"blue_marker_list\">\n<h4>P\u00ebrdorimi i produktit:<\/h4>\n<ul style=\"list-style-type: square; \n\tpadding-left: 1em;\">\n<li>N\u00eb faz\u00ebn e p\u00ebrgatitjes para pjelljes<\/li>\n<li>N\u00eb faz\u00ebn e par\u00eb mbas pjelljes<\/li>\n<li>200-350 ml\/lop\u00eb n\u00eb dit\u00eb n\u00ebp\u00ebrmjet ushqimit, TMR (Total Mix Ration) n\u00ebp\u00ebrmjet nj\u00eb dozimi n\u00eb ushqim ose n\u00eb uj\u00eb t\u00eb pijsh\u00ebm.<\/li>\n<\/ul>\n<\/div>\n<\/div>\n<\/div>\n","protected":false},"excerpt":{"rendered":"<p>TIRSANA BSK Energjia n\u00eb form\u00eb t\u00eb l\u00ebngshme p\u00ebr mbrojtjen e m\u00ebl\u00e7is\u00eb P\u00ebrmbajtja: Propilenglikol Formon glukoz\u00ebn Eleminon\/redukton mobilizimin yndyror Leht\u00ebson m\u00ebl\u00e7in\u00eb Glicerina Rrit ndjesh\u00ebm konsumin e ushqimit P\u00ebrmir\u00ebson furnizimin me energji BOVIN-S-KOMPLEX Mb\u00ebshtet sintez\u00ebn e proteinave mikrobike Rrit ve\u00e7an\u00ebrisht formimin e metionin\u00ebs Eleminon\/redukton p\u00ebrmbajtjen e NH3 (amoniakut) n\u00eb rumen Leht\u00ebson ndjesh\u00ebm metabolizmin e m\u00ebl\u00e7is\u00eb Aminoacidet glukonike [&hellip;]<\/p>\n","protected":false},"author":1,"featured_media":0,"parent":0,"menu_order":0,"comment_status":"closed","ping_status":"closed","template":"","meta":{"inline_featured_image":false,"footnotes":""},"class_list":["post-6149","page","type-page","status-publish","hentry"],"yoast_head":"<!-- This site is optimized with the Yoast SEO plugin v18.9 - https:\/\/yoast.com\/wordpress\/plugins\/seo\/ -->\n<title>TIRSANA BSK - Austria Praemix<\/title>\n<meta name=\"robots\" content=\"index, follow, max-snippet:-1, max-image-preview:large, max-video-preview:-1\" \/>\n<link rel=\"canonical\" href=\"https:\/\/ap.com.al\/?page_id=6149\" \/>\n<meta property=\"og:locale\" content=\"en_US\" \/>\n<meta property=\"og:type\" content=\"article\" \/>\n<meta property=\"og:title\" content=\"TIRSANA BSK - Austria Praemix\" \/>\n<meta property=\"og:description\" content=\"TIRSANA BSK Energjia n\u00eb form\u00eb t\u00eb l\u00ebngshme p\u00ebr mbrojtjen e m\u00ebl\u00e7is\u00eb P\u00ebrmbajtja: Propilenglikol Formon glukoz\u00ebn Eleminon\/redukton mobilizimin yndyror Leht\u00ebson m\u00ebl\u00e7in\u00eb Glicerina Rrit ndjesh\u00ebm konsumin e ushqimit P\u00ebrmir\u00ebson furnizimin me energji BOVIN-S-KOMPLEX Mb\u00ebshtet sintez\u00ebn e proteinave mikrobike Rrit ve\u00e7an\u00ebrisht formimin e metionin\u00ebs Eleminon\/redukton p\u00ebrmbajtjen e NH3 (amoniakut) n\u00eb rumen Leht\u00ebson ndjesh\u00ebm metabolizmin e m\u00ebl\u00e7is\u00eb Aminoacidet glukonike [&hellip;]\" \/>\n<meta property=\"og:url\" content=\"https:\/\/ap.com.al\/?page_id=6149\" \/>\n<meta property=\"og:site_name\" content=\"Austria Praemix\" \/>\n<meta property=\"article:publisher\" content=\"https:\/\/www.facebook.com\/austriapraemiks\/\" \/>\n<meta property=\"article:modified_time\" content=\"2022-06-01T09:11:21+00:00\" \/>\n<meta property=\"og:image\" content=\"https:\/\/ap.com.al\/wp-content\/uploads\/2022\/03\/Asset-51-1.png\" \/>\n<meta name=\"twitter:card\" content=\"summary_large_image\" \/>\n<meta name=\"twitter:label1\" content=\"Est. reading time\" \/>\n\t<meta name=\"twitter:data1\" content=\"1 minute\" \/>\n<script type=\"application\/ld+json\" class=\"yoast-schema-graph\">{\"@context\":\"https:\/\/schema.org\",\"@graph\":[{\"@type\":\"Organization\",\"@id\":\"https:\/\/ap.com.al\/#organization\",\"name\":\"Austria Preamix\",\"url\":\"https:\/\/ap.com.al\/\",\"sameAs\":[\"https:\/\/www.instagram.com\/austriapraemix\/\",\"https:\/\/www.facebook.com\/austriapraemiks\/\"],\"logo\":{\"@type\":\"ImageObject\",\"inLanguage\":\"en-US\",\"@id\":\"https:\/\/ap.com.al\/#\/schema\/logo\/image\/\",\"url\":\"https:\/\/ap.com.al\/wp-content\/uploads\/2022\/02\/AP-logo.png\",\"contentUrl\":\"https:\/\/ap.com.al\/wp-content\/uploads\/2022\/02\/AP-logo.png\",\"width\":3358,\"height\":1616,\"caption\":\"Austria Preamix\"},\"image\":{\"@id\":\"https:\/\/ap.com.al\/#\/schema\/logo\/image\/\"}},{\"@type\":\"WebSite\",\"@id\":\"https:\/\/ap.com.al\/#website\",\"url\":\"https:\/\/ap.com.al\/\",\"name\":\"Austria Praemix\",\"description\":\"\",\"publisher\":{\"@id\":\"https:\/\/ap.com.al\/#organization\"},\"potentialAction\":[{\"@type\":\"SearchAction\",\"target\":{\"@type\":\"EntryPoint\",\"urlTemplate\":\"https:\/\/ap.com.al\/?s={search_term_string}\"},\"query-input\":\"required name=search_term_string\"}],\"inLanguage\":\"en-US\"},{\"@type\":\"ImageObject\",\"inLanguage\":\"en-US\",\"@id\":\"https:\/\/ap.com.al\/?page_id=6149#primaryimage\",\"url\":\"https:\/\/ap.com.al\/wp-content\/uploads\/2022\/03\/Asset-51-1.png\",\"contentUrl\":\"https:\/\/ap.com.al\/wp-content\/uploads\/2022\/03\/Asset-51-1.png\",\"width\":355,\"height\":354},{\"@type\":\"WebPage\",\"@id\":\"https:\/\/ap.com.al\/?page_id=6149#webpage\",\"url\":\"https:\/\/ap.com.al\/?page_id=6149\",\"name\":\"TIRSANA BSK - Austria Praemix\",\"isPartOf\":{\"@id\":\"https:\/\/ap.com.al\/#website\"},\"primaryImageOfPage\":{\"@id\":\"https:\/\/ap.com.al\/?page_id=6149#primaryimage\"},\"datePublished\":\"2022-05-10T13:42:26+00:00\",\"dateModified\":\"2022-06-01T09:11:21+00:00\",\"breadcrumb\":{\"@id\":\"https:\/\/ap.com.al\/?page_id=6149#breadcrumb\"},\"inLanguage\":\"en-US\",\"potentialAction\":[{\"@type\":\"ReadAction\",\"target\":[\"https:\/\/ap.com.al\/?page_id=6149\"]}]},{\"@type\":\"BreadcrumbList\",\"@id\":\"https:\/\/ap.com.al\/?page_id=6149#breadcrumb\",\"itemListElement\":[{\"@type\":\"ListItem\",\"position\":1,\"name\":\"Home\",\"item\":\"https:\/\/ap.com.al\/\"},{\"@type\":\"ListItem\",\"position\":2,\"name\":\"TIRSANA BSK\"}]}]}<\/script>\n<!-- \/ Yoast SEO plugin. -->","yoast_head_json":{"title":"TIRSANA BSK - Austria Praemix","robots":{"index":"index","follow":"follow","max-snippet":"max-snippet:-1","max-image-preview":"max-image-preview:large","max-video-preview":"max-video-preview:-1"},"canonical":"https:\/\/ap.com.al\/?page_id=6149","og_locale":"en_US","og_type":"article","og_title":"TIRSANA BSK - Austria Praemix","og_description":"TIRSANA BSK Energjia n\u00eb form\u00eb t\u00eb l\u00ebngshme p\u00ebr mbrojtjen e m\u00ebl\u00e7is\u00eb P\u00ebrmbajtja: Propilenglikol Formon glukoz\u00ebn Eleminon\/redukton mobilizimin yndyror Leht\u00ebson m\u00ebl\u00e7in\u00eb Glicerina Rrit ndjesh\u00ebm konsumin e ushqimit P\u00ebrmir\u00ebson furnizimin me energji BOVIN-S-KOMPLEX Mb\u00ebshtet sintez\u00ebn e proteinave mikrobike Rrit ve\u00e7an\u00ebrisht formimin e metionin\u00ebs Eleminon\/redukton p\u00ebrmbajtjen e NH3 (amoniakut) n\u00eb rumen Leht\u00ebson ndjesh\u00ebm metabolizmin e m\u00ebl\u00e7is\u00eb Aminoacidet glukonike [&hellip;]","og_url":"https:\/\/ap.com.al\/?page_id=6149","og_site_name":"Austria Praemix","article_publisher":"https:\/\/www.facebook.com\/austriapraemiks\/","article_modified_time":"2022-06-01T09:11:21+00:00","og_image":[{"url":"https:\/\/ap.com.al\/wp-content\/uploads\/2022\/03\/Asset-51-1.png"}],"twitter_card":"summary_large_image","twitter_misc":{"Est. reading time":"1 minute"},"schema":{"@context":"https:\/\/schema.org","@graph":[{"@type":"Organization","@id":"https:\/\/ap.com.al\/#organization","name":"Austria Preamix","url":"https:\/\/ap.com.al\/","sameAs":["https:\/\/www.instagram.com\/austriapraemix\/","https:\/\/www.facebook.com\/austriapraemiks\/"],"logo":{"@type":"ImageObject","inLanguage":"en-US","@id":"https:\/\/ap.com.al\/#\/schema\/logo\/image\/","url":"https:\/\/ap.com.al\/wp-content\/uploads\/2022\/02\/AP-logo.png","contentUrl":"https:\/\/ap.com.al\/wp-content\/uploads\/2022\/02\/AP-logo.png","width":3358,"height":1616,"caption":"Austria Preamix"},"image":{"@id":"https:\/\/ap.com.al\/#\/schema\/logo\/image\/"}},{"@type":"WebSite","@id":"https:\/\/ap.com.al\/#website","url":"https:\/\/ap.com.al\/","name":"Austria Praemix","description":"","publisher":{"@id":"https:\/\/ap.com.al\/#organization"},"potentialAction":[{"@type":"SearchAction","target":{"@type":"EntryPoint","urlTemplate":"https:\/\/ap.com.al\/?s={search_term_string}"},"query-input":"required name=search_term_string"}],"inLanguage":"en-US"},{"@type":"ImageObject","inLanguage":"en-US","@id":"https:\/\/ap.com.al\/?page_id=6149#primaryimage","url":"https:\/\/ap.com.al\/wp-content\/uploads\/2022\/03\/Asset-51-1.png","contentUrl":"https:\/\/ap.com.al\/wp-content\/uploads\/2022\/03\/Asset-51-1.png","width":355,"height":354},{"@type":"WebPage","@id":"https:\/\/ap.com.al\/?page_id=6149#webpage","url":"https:\/\/ap.com.al\/?page_id=6149","name":"TIRSANA BSK - Austria Praemix","isPartOf":{"@id":"https:\/\/ap.com.al\/#website"},"primaryImageOfPage":{"@id":"https:\/\/ap.com.al\/?page_id=6149#primaryimage"},"datePublished":"2022-05-10T13:42:26+00:00","dateModified":"2022-06-01T09:11:21+00:00","breadcrumb":{"@id":"https:\/\/ap.com.al\/?page_id=6149#breadcrumb"},"inLanguage":"en-US","potentialAction":[{"@type":"ReadAction","target":["https:\/\/ap.com.al\/?page_id=6149"]}]},{"@type":"BreadcrumbList","@id":"https:\/\/ap.com.al\/?page_id=6149#breadcrumb","itemListElement":[{"@type":"ListItem","position":1,"name":"Home","item":"https:\/\/ap.com.al\/"},{"@type":"ListItem","position":2,"name":"TIRSANA BSK"}]}]}},"_links":{"self":[{"href":"https:\/\/ap.com.al\/index.php?rest_route=\/wp\/v2\/pages\/6149","targetHints":{"allow":["GET"]}}],"collection":[{"href":"https:\/\/ap.com.al\/index.php?rest_route=\/wp\/v2\/pages"}],"about":[{"href":"https:\/\/ap.com.al\/index.php?rest_route=\/wp\/v2\/types\/page"}],"author":[{"embeddable":true,"href":"https:\/\/ap.com.al\/index.php?rest_route=\/wp\/v2\/users\/1"}],"replies":[{"embeddable":true,"href":"https:\/\/ap.com.al\/index.php?rest_route=%2Fwp%2Fv2%2Fcomments&post=6149"}],"version-history":[{"count":3,"href":"https:\/\/ap.com.al\/index.php?rest_route=\/wp\/v2\/pages\/6149\/revisions"}],"predecessor-version":[{"id":8048,"href":"https:\/\/ap.com.al\/index.php?rest_route=\/wp\/v2\/pages\/6149\/revisions\/8048"}],"wp:attachment":[{"href":"https:\/\/ap.com.al\/index.php?rest_route=%2Fwp%2Fv2%2Fmedia&parent=6149"}],"curies":[{"name":"wp","href":"https:\/\/api.w.org\/{rel}","templated":true}]}}