{"id":6244,"date":"2022-05-11T08:38:27","date_gmt":"2022-05-11T08:38:27","guid":{"rendered":"https:\/\/ap.com.al\/?page_id=6244"},"modified":"2022-06-01T09:11:55","modified_gmt":"2022-06-01T09:11:55","slug":"rindamin-mlf","status":"publish","type":"page","link":"https:\/\/ap.com.al\/?page_id=6244","title":{"rendered":"Rindamin mlf"},"content":{"rendered":"\n<style>\n  #oniiii{\n    background-image:url(\"https:\/\/ap.com.al\/wp-content\/uploads\/2022\/01\/Kuehe.jpg\");\n    padding-bottom: 32%;\n    background-position:center center;\n    background-repeat: no-repeat;\n    background-size:cover;\n  }\n  <\/style>\n  <script src=\"https:\/\/code.jquery.com\/jquery-3.5.0.js\">\n<\/script>\n\n<div id=\"oniiii\"><\/div>\n \n<script>\n$( \"#oniiii\" ).insertBefore( \".container_wrap_first\" );\n<\/script>\n\n\n\n<div class=\"wp-block-columns\" id=\"containerr\">\n<div class=\"wp-block-column\">\n<div class=\"avia_textblock\" itemprop=\"text\"><h4 style=\"color:#005a8c;\n\">RINDAMIN MLF<\/h4>\n<\/div>\n<\/div>\n<\/div>\n\n\n\n<div class=\"wp-block-columns\" id=\"containerr\">\n<div class=\"wp-block-column\">\n<div class=\"detail__certificates-item-icon\">\n<img decoding=\"async\" alt=\"SCHAUMANN Energy\" src=\"https:\/\/ap.com.al\/wp-content\/uploads\/2022\/03\/Asset-51-1.png\">\n<\/div>\n<\/div>\n<\/div>\n\n\n\n<div class=\"wp-block-columns\" id=\"containerr\">\n<div class=\"wp-block-column\">\n<div class=\"blue_marker_list\">\n<h4>Kombinim universal i l\u00ebnd\u00ebve minerale dhe substancave aktive<\/h4>\n<\/div>\n\n\n\n<div class=\"blue_marker_list\">\n<h4 style=\"padding-top: 20px;\">Objektivi dhe efektshm\u00ebria e produktit:<\/h4>\n<br>Lop\u00ebt e kan\u00eb t\u00eb nevojsh\u00ebm n\u00eb \u00e7do moment nj\u00eb furnizim t\u00eb balancuar n\u00eb l\u00ebnd\u00eb minerale dhe substanca p\u00ebr t\u00eb arritur rendimentin maksimal t\u00eb tyre.\n<br>RINDAMIN MLF me OxiMin plot\u00ebson totalisht racionin ushqimor me l\u00ebnd\u00eb minerale, mikroelement\u00eb p\u00ebr nj\u00eb status sh\u00ebndet\u00ebsor optimal t\u00eb kafsh\u00ebs dhe p\u00ebr t\u00eb mb\u00ebshtetur  fertilitetin.\n<ul style=\"list-style-type: square; \n\tpadding-left: 1em;\">\n<li>Kombinim i nj\u00eb cil\u00ebsie t\u00eb lart\u00eb t\u00eb l\u00ebnd\u00ebve minerale dhe substancave<\/li>\n<li>Zgjedhje e l\u00ebnd\u00ebve t\u00eb para p\u00ebr nj\u00eb cil\u00ebsi maksimale n\u00eb shije<\/li>\n<li>P\u00ebrshtatja e p\u00ebrmbajtjes s\u00eb raportit  Ca:P<\/li>\n<li>Krijimi i kushteve p\u00ebr sh\u00ebndetin e kafsh\u00ebs n\u00ebp\u00ebrmjet cil\u00ebsis\u00eb s\u00eb l\u00ebnd\u00ebve t\u00eb para.<\/li>\n<li>Mikroelemente me lidhje organike p\u00ebr nj\u00eb absorbim m\u00eb t\u00eb shpejt\u00eb<\/li>\n<li>Antioksidant\u00ebt natyral dhe sintetik ulin ndjesh\u00ebm krijimin e radikaleve t\u00eb lira dhe mb\u00ebshtesin efektin e vitamin\u00ebs E.<\/li>\n<li>P\u00ebr furnizim sa m\u00eb t\u00eb mir\u00eb t\u00eb selenit t\u00eb disponuesh\u00ebm p\u00ebr organin tret\u00ebs (rumen dhe zorr\u00eb).<\/li>\n<\/ul>\n<\/div>\n\n\n\n<div class=\"blue_marker_list\">\n<h4 style=\"padding-top: 20px;\">Sasia n\u00eb p\u00ebrdorim:<\/h4>\n<ul style=\"list-style-type: square; \n\tpadding-left: 1em;\">\n<li>150-250 gr p\u00ebr lop\u00eb n\u00eb dit\u00eb e varur nga rendimenti i qum\u00ebshtit gjat\u00eb gjith\u00eb periudh\u00ebs s\u00eb laktacionit.\n<\/li>\n\n<\/ul>\n<\/div>\n<\/div>\n<\/div>\n","protected":false},"excerpt":{"rendered":"<p>RINDAMIN MLF Kombinim universal i l\u00ebnd\u00ebve minerale dhe substancave aktive Objektivi dhe efektshm\u00ebria e produktit: Lop\u00ebt e kan\u00eb t\u00eb nevojsh\u00ebm n\u00eb \u00e7do moment nj\u00eb furnizim t\u00eb balancuar n\u00eb l\u00ebnd\u00eb minerale dhe substanca p\u00ebr t\u00eb arritur rendimentin maksimal t\u00eb tyre. RINDAMIN MLF me OxiMin plot\u00ebson totalisht racionin ushqimor me l\u00ebnd\u00eb minerale, mikroelement\u00eb p\u00ebr nj\u00eb status sh\u00ebndet\u00ebsor [&hellip;]<\/p>\n","protected":false},"author":1,"featured_media":0,"parent":0,"menu_order":0,"comment_status":"closed","ping_status":"closed","template":"","meta":{"inline_featured_image":false,"footnotes":""},"class_list":["post-6244","page","type-page","status-publish","hentry"],"yoast_head":"<!-- This site is optimized with the Yoast SEO plugin v18.9 - https:\/\/yoast.com\/wordpress\/plugins\/seo\/ -->\n<title>Rindamin mlf - Austria Praemix<\/title>\n<meta name=\"robots\" content=\"index, follow, max-snippet:-1, max-image-preview:large, max-video-preview:-1\" \/>\n<link rel=\"canonical\" href=\"https:\/\/ap.com.al\/?page_id=6244\" \/>\n<meta property=\"og:locale\" content=\"en_US\" \/>\n<meta property=\"og:type\" content=\"article\" \/>\n<meta property=\"og:title\" content=\"Rindamin mlf - Austria Praemix\" \/>\n<meta property=\"og:description\" content=\"RINDAMIN MLF Kombinim universal i l\u00ebnd\u00ebve minerale dhe substancave aktive Objektivi dhe efektshm\u00ebria e produktit: Lop\u00ebt e kan\u00eb t\u00eb nevojsh\u00ebm n\u00eb \u00e7do moment nj\u00eb furnizim t\u00eb balancuar n\u00eb l\u00ebnd\u00eb minerale dhe substanca p\u00ebr t\u00eb arritur rendimentin maksimal t\u00eb tyre. RINDAMIN MLF me OxiMin plot\u00ebson totalisht racionin ushqimor me l\u00ebnd\u00eb minerale, mikroelement\u00eb p\u00ebr nj\u00eb status sh\u00ebndet\u00ebsor [&hellip;]\" \/>\n<meta property=\"og:url\" content=\"https:\/\/ap.com.al\/?page_id=6244\" \/>\n<meta property=\"og:site_name\" content=\"Austria Praemix\" \/>\n<meta property=\"article:publisher\" content=\"https:\/\/www.facebook.com\/austriapraemiks\/\" \/>\n<meta property=\"article:modified_time\" content=\"2022-06-01T09:11:55+00:00\" \/>\n<meta property=\"og:image\" content=\"https:\/\/ap.com.al\/wp-content\/uploads\/2022\/03\/Asset-51-1.png\" \/>\n<meta name=\"twitter:card\" content=\"summary_large_image\" \/>\n<meta name=\"twitter:label1\" content=\"Est. reading time\" \/>\n\t<meta name=\"twitter:data1\" content=\"1 minute\" \/>\n<script type=\"application\/ld+json\" class=\"yoast-schema-graph\">{\"@context\":\"https:\/\/schema.org\",\"@graph\":[{\"@type\":\"Organization\",\"@id\":\"https:\/\/ap.com.al\/#organization\",\"name\":\"Austria Preamix\",\"url\":\"https:\/\/ap.com.al\/\",\"sameAs\":[\"https:\/\/www.instagram.com\/austriapraemix\/\",\"https:\/\/www.facebook.com\/austriapraemiks\/\"],\"logo\":{\"@type\":\"ImageObject\",\"inLanguage\":\"en-US\",\"@id\":\"https:\/\/ap.com.al\/#\/schema\/logo\/image\/\",\"url\":\"https:\/\/ap.com.al\/wp-content\/uploads\/2022\/02\/AP-logo.png\",\"contentUrl\":\"https:\/\/ap.com.al\/wp-content\/uploads\/2022\/02\/AP-logo.png\",\"width\":3358,\"height\":1616,\"caption\":\"Austria Preamix\"},\"image\":{\"@id\":\"https:\/\/ap.com.al\/#\/schema\/logo\/image\/\"}},{\"@type\":\"WebSite\",\"@id\":\"https:\/\/ap.com.al\/#website\",\"url\":\"https:\/\/ap.com.al\/\",\"name\":\"Austria Praemix\",\"description\":\"\",\"publisher\":{\"@id\":\"https:\/\/ap.com.al\/#organization\"},\"potentialAction\":[{\"@type\":\"SearchAction\",\"target\":{\"@type\":\"EntryPoint\",\"urlTemplate\":\"https:\/\/ap.com.al\/?s={search_term_string}\"},\"query-input\":\"required name=search_term_string\"}],\"inLanguage\":\"en-US\"},{\"@type\":\"ImageObject\",\"inLanguage\":\"en-US\",\"@id\":\"https:\/\/ap.com.al\/?page_id=6244#primaryimage\",\"url\":\"https:\/\/ap.com.al\/wp-content\/uploads\/2022\/03\/Asset-51-1.png\",\"contentUrl\":\"https:\/\/ap.com.al\/wp-content\/uploads\/2022\/03\/Asset-51-1.png\",\"width\":355,\"height\":354},{\"@type\":\"WebPage\",\"@id\":\"https:\/\/ap.com.al\/?page_id=6244#webpage\",\"url\":\"https:\/\/ap.com.al\/?page_id=6244\",\"name\":\"Rindamin mlf - Austria Praemix\",\"isPartOf\":{\"@id\":\"https:\/\/ap.com.al\/#website\"},\"primaryImageOfPage\":{\"@id\":\"https:\/\/ap.com.al\/?page_id=6244#primaryimage\"},\"datePublished\":\"2022-05-11T08:38:27+00:00\",\"dateModified\":\"2022-06-01T09:11:55+00:00\",\"breadcrumb\":{\"@id\":\"https:\/\/ap.com.al\/?page_id=6244#breadcrumb\"},\"inLanguage\":\"en-US\",\"potentialAction\":[{\"@type\":\"ReadAction\",\"target\":[\"https:\/\/ap.com.al\/?page_id=6244\"]}]},{\"@type\":\"BreadcrumbList\",\"@id\":\"https:\/\/ap.com.al\/?page_id=6244#breadcrumb\",\"itemListElement\":[{\"@type\":\"ListItem\",\"position\":1,\"name\":\"Home\",\"item\":\"https:\/\/ap.com.al\/\"},{\"@type\":\"ListItem\",\"position\":2,\"name\":\"Rindamin mlf\"}]}]}<\/script>\n<!-- \/ Yoast SEO plugin. -->","yoast_head_json":{"title":"Rindamin mlf - Austria Praemix","robots":{"index":"index","follow":"follow","max-snippet":"max-snippet:-1","max-image-preview":"max-image-preview:large","max-video-preview":"max-video-preview:-1"},"canonical":"https:\/\/ap.com.al\/?page_id=6244","og_locale":"en_US","og_type":"article","og_title":"Rindamin mlf - Austria Praemix","og_description":"RINDAMIN MLF Kombinim universal i l\u00ebnd\u00ebve minerale dhe substancave aktive Objektivi dhe efektshm\u00ebria e produktit: Lop\u00ebt e kan\u00eb t\u00eb nevojsh\u00ebm n\u00eb \u00e7do moment nj\u00eb furnizim t\u00eb balancuar n\u00eb l\u00ebnd\u00eb minerale dhe substanca p\u00ebr t\u00eb arritur rendimentin maksimal t\u00eb tyre. RINDAMIN MLF me OxiMin plot\u00ebson totalisht racionin ushqimor me l\u00ebnd\u00eb minerale, mikroelement\u00eb p\u00ebr nj\u00eb status sh\u00ebndet\u00ebsor [&hellip;]","og_url":"https:\/\/ap.com.al\/?page_id=6244","og_site_name":"Austria Praemix","article_publisher":"https:\/\/www.facebook.com\/austriapraemiks\/","article_modified_time":"2022-06-01T09:11:55+00:00","og_image":[{"url":"https:\/\/ap.com.al\/wp-content\/uploads\/2022\/03\/Asset-51-1.png"}],"twitter_card":"summary_large_image","twitter_misc":{"Est. reading time":"1 minute"},"schema":{"@context":"https:\/\/schema.org","@graph":[{"@type":"Organization","@id":"https:\/\/ap.com.al\/#organization","name":"Austria Preamix","url":"https:\/\/ap.com.al\/","sameAs":["https:\/\/www.instagram.com\/austriapraemix\/","https:\/\/www.facebook.com\/austriapraemiks\/"],"logo":{"@type":"ImageObject","inLanguage":"en-US","@id":"https:\/\/ap.com.al\/#\/schema\/logo\/image\/","url":"https:\/\/ap.com.al\/wp-content\/uploads\/2022\/02\/AP-logo.png","contentUrl":"https:\/\/ap.com.al\/wp-content\/uploads\/2022\/02\/AP-logo.png","width":3358,"height":1616,"caption":"Austria Preamix"},"image":{"@id":"https:\/\/ap.com.al\/#\/schema\/logo\/image\/"}},{"@type":"WebSite","@id":"https:\/\/ap.com.al\/#website","url":"https:\/\/ap.com.al\/","name":"Austria Praemix","description":"","publisher":{"@id":"https:\/\/ap.com.al\/#organization"},"potentialAction":[{"@type":"SearchAction","target":{"@type":"EntryPoint","urlTemplate":"https:\/\/ap.com.al\/?s={search_term_string}"},"query-input":"required name=search_term_string"}],"inLanguage":"en-US"},{"@type":"ImageObject","inLanguage":"en-US","@id":"https:\/\/ap.com.al\/?page_id=6244#primaryimage","url":"https:\/\/ap.com.al\/wp-content\/uploads\/2022\/03\/Asset-51-1.png","contentUrl":"https:\/\/ap.com.al\/wp-content\/uploads\/2022\/03\/Asset-51-1.png","width":355,"height":354},{"@type":"WebPage","@id":"https:\/\/ap.com.al\/?page_id=6244#webpage","url":"https:\/\/ap.com.al\/?page_id=6244","name":"Rindamin mlf - Austria Praemix","isPartOf":{"@id":"https:\/\/ap.com.al\/#website"},"primaryImageOfPage":{"@id":"https:\/\/ap.com.al\/?page_id=6244#primaryimage"},"datePublished":"2022-05-11T08:38:27+00:00","dateModified":"2022-06-01T09:11:55+00:00","breadcrumb":{"@id":"https:\/\/ap.com.al\/?page_id=6244#breadcrumb"},"inLanguage":"en-US","potentialAction":[{"@type":"ReadAction","target":["https:\/\/ap.com.al\/?page_id=6244"]}]},{"@type":"BreadcrumbList","@id":"https:\/\/ap.com.al\/?page_id=6244#breadcrumb","itemListElement":[{"@type":"ListItem","position":1,"name":"Home","item":"https:\/\/ap.com.al\/"},{"@type":"ListItem","position":2,"name":"Rindamin mlf"}]}]}},"_links":{"self":[{"href":"https:\/\/ap.com.al\/index.php?rest_route=\/wp\/v2\/pages\/6244","targetHints":{"allow":["GET"]}}],"collection":[{"href":"https:\/\/ap.com.al\/index.php?rest_route=\/wp\/v2\/pages"}],"about":[{"href":"https:\/\/ap.com.al\/index.php?rest_route=\/wp\/v2\/types\/page"}],"author":[{"embeddable":true,"href":"https:\/\/ap.com.al\/index.php?rest_route=\/wp\/v2\/users\/1"}],"replies":[{"embeddable":true,"href":"https:\/\/ap.com.al\/index.php?rest_route=%2Fwp%2Fv2%2Fcomments&post=6244"}],"version-history":[{"count":2,"href":"https:\/\/ap.com.al\/index.php?rest_route=\/wp\/v2\/pages\/6244\/revisions"}],"predecessor-version":[{"id":8050,"href":"https:\/\/ap.com.al\/index.php?rest_route=\/wp\/v2\/pages\/6244\/revisions\/8050"}],"wp:attachment":[{"href":"https:\/\/ap.com.al\/index.php?rest_route=%2Fwp%2Fv2%2Fmedia&parent=6244"}],"curies":[{"name":"wp","href":"https:\/\/api.w.org\/{rel}","templated":true}]}}