{"id":6995,"date":"2022-05-13T08:35:50","date_gmt":"2022-05-13T08:35:50","guid":{"rendered":"https:\/\/ap.com.al\/?page_id=6995"},"modified":"2022-11-22T13:49:51","modified_gmt":"2022-11-22T13:49:51","slug":"suksesi-ne-stalle","status":"publish","type":"page","link":"https:\/\/ap.com.al\/","title":{"rendered":"Suksesi n\u00eb stall\u00eb"},"content":{"rendered":"<p>&lt;p&gt;&lt;p&gt;<div id='fullscreen_slider_0' class='avia-fullscreen-slider main_color   container_wrap fullsize'   ><div  data-size='1536x1536'  data-lightbox_size='large'  data-animation='fade'  data-ids='419,420,421,418'  data-video_counter='0'  data-autoplay='true'  data-bg_slider='true'  data-slide_height='100'  data-handle='av_fullscreen'  data-interval='5'  data-class=' '  data-css_id='fullscreen_slider_0'  data-scroll_down=''  data-control_layout='av-control-hidden'  data-custom_markup=''  data-perma_caption=''  data-autoplay_stopper=''  data-image_attachment=''  data-min_height='0px'  data-stretch=''  data-default-height='100'  class='avia-slideshow avia-slideshow-1  av-control-hidden av-default-height-applied avia-slideshow-1536x1536 av_fullscreen   avia-fade-slider '  itemscope=\"itemscope\" itemtype=\"https:\/\/schema.org\/ImageObject\" ><ul class='avia-slideshow-inner' style='padding-bottom: 100%;'><\/ul><\/div><\/div>&lt;\/p&gt;<\/p>\n\n\n<p><\/p>\n","protected":false},"excerpt":{"rendered":"<p>&lt;p&gt;&lt;p&gt;&lt;\/p&gt;<\/p>\n","protected":false},"author":1,"featured_media":0,"parent":0,"menu_order":0,"comment_status":"closed","ping_status":"closed","template":"","meta":{"inline_featured_image":false,"footnotes":""},"class_list":["post-6995","page","type-page","status-publish","hentry"],"yoast_head":"<!-- This site is optimized with the Yoast SEO plugin v18.9 - https:\/\/yoast.com\/wordpress\/plugins\/seo\/ -->\n<title>Suksesi n\u00eb stall\u00eb - Austria Praemix<\/title>\n<meta name=\"description\" content=\"Austria Praemix - Suksesi n\u00eb stall\u00eb vjen kur produktet inovative dhe cil\u00ebsore g\u00ebrshetohen me dijen e njohurit\u00eb e shk\u00eblqyera praktike.\" \/>\n<meta name=\"robots\" content=\"index, follow, max-snippet:-1, max-image-preview:large, max-video-preview:-1\" \/>\n<link rel=\"canonical\" href=\"https:\/\/ap.com.al\/\" \/>\n<meta property=\"og:locale\" content=\"en_US\" \/>\n<meta property=\"og:type\" content=\"article\" \/>\n<meta property=\"og:title\" content=\"Suksesi n\u00eb stall\u00eb \u2013 nga praktika p\u00ebr praktik\u00eb\" \/>\n<meta property=\"og:description\" content=\"Suksesi n\u00eb stall\u00eb vjen kur produktet inovative plot\u00ebsojn\u00eb njohurit\u00eb e shk\u00eblqyera n\u00eb praktik\u00eb. P\u00ebr nj\u00eb menaxhim kompetent t\u00eb ferm\u00ebs, rishikimi i vazhduesh\u00ebm i parametrave t\u00eb saj \u00ebsht\u00eb po aq i r\u00ebnd\u00ebsish\u00ebm sa trendet dhe zhvillimet n\u00eb blegtori.\" \/>\n<meta property=\"og:url\" content=\"https:\/\/ap.com.al\/\" \/>\n<meta property=\"og:site_name\" content=\"Austria Praemix\" \/>\n<meta property=\"article:publisher\" content=\"https:\/\/www.facebook.com\/austriapraemiks\/\" \/>\n<meta property=\"article:modified_time\" content=\"2022-11-22T13:49:51+00:00\" \/>\n<meta property=\"og:image\" content=\"https:\/\/ap.com.al\/wp-content\/uploads\/2022\/04\/pesturesandmeadows-scaled.jpg\" \/>\n\t<meta property=\"og:image:width\" content=\"2560\" \/>\n\t<meta property=\"og:image:height\" content=\"1709\" \/>\n\t<meta property=\"og:image:type\" content=\"image\/jpeg\" \/>\n<meta name=\"twitter:card\" content=\"summary_large_image\" \/>\n<meta name=\"twitter:label1\" content=\"Est. reading time\" \/>\n\t<meta name=\"twitter:data1\" content=\"2 minutes\" \/>\n<script type=\"application\/ld+json\" class=\"yoast-schema-graph\">{\"@context\":\"https:\/\/schema.org\",\"@graph\":[{\"@type\":\"Organization\",\"@id\":\"https:\/\/ap.com.al\/#organization\",\"name\":\"Austria Preamix\",\"url\":\"https:\/\/ap.com.al\/\",\"sameAs\":[\"https:\/\/www.instagram.com\/austriapraemix\/\",\"https:\/\/www.facebook.com\/austriapraemiks\/\"],\"logo\":{\"@type\":\"ImageObject\",\"inLanguage\":\"en-US\",\"@id\":\"https:\/\/ap.com.al\/#\/schema\/logo\/image\/\",\"url\":\"https:\/\/ap.com.al\/wp-content\/uploads\/2022\/02\/AP-logo.png\",\"contentUrl\":\"https:\/\/ap.com.al\/wp-content\/uploads\/2022\/02\/AP-logo.png\",\"width\":3358,\"height\":1616,\"caption\":\"Austria Preamix\"},\"image\":{\"@id\":\"https:\/\/ap.com.al\/#\/schema\/logo\/image\/\"}},{\"@type\":\"WebSite\",\"@id\":\"https:\/\/ap.com.al\/#website\",\"url\":\"https:\/\/ap.com.al\/\",\"name\":\"Austria Praemix\",\"description\":\"\",\"publisher\":{\"@id\":\"https:\/\/ap.com.al\/#organization\"},\"potentialAction\":[{\"@type\":\"SearchAction\",\"target\":{\"@type\":\"EntryPoint\",\"urlTemplate\":\"https:\/\/ap.com.al\/?s={search_term_string}\"},\"query-input\":\"required name=search_term_string\"}],\"inLanguage\":\"en-US\"},{\"@type\":\"ImageObject\",\"inLanguage\":\"en-US\",\"@id\":\"https:\/\/ap.com.al\/#primaryimage\",\"url\":\"https:\/\/ap.com.al\/wp-content\/uploads\/2022\/04\/pesturesandmeadows-scaled.jpg\",\"contentUrl\":\"https:\/\/ap.com.al\/wp-content\/uploads\/2022\/04\/pesturesandmeadows-scaled.jpg\",\"width\":2560,\"height\":1709},{\"@type\":\"WebPage\",\"@id\":\"https:\/\/ap.com.al\/#webpage\",\"url\":\"https:\/\/ap.com.al\/\",\"name\":\"Suksesi n\u00eb stall\u00eb - Austria Praemix\",\"isPartOf\":{\"@id\":\"https:\/\/ap.com.al\/#website\"},\"primaryImageOfPage\":{\"@id\":\"https:\/\/ap.com.al\/#primaryimage\"},\"datePublished\":\"2022-05-13T08:35:50+00:00\",\"dateModified\":\"2022-11-22T13:49:51+00:00\",\"description\":\"Austria Praemix - Suksesi n\u00eb stall\u00eb vjen kur produktet inovative dhe cil\u00ebsore g\u00ebrshetohen me dijen e njohurit\u00eb e shk\u00eblqyera praktike.\",\"breadcrumb\":{\"@id\":\"https:\/\/ap.com.al\/#breadcrumb\"},\"inLanguage\":\"en-US\",\"potentialAction\":[{\"@type\":\"ReadAction\",\"target\":[\"https:\/\/ap.com.al\/\"]}]},{\"@type\":\"BreadcrumbList\",\"@id\":\"https:\/\/ap.com.al\/#breadcrumb\",\"itemListElement\":[{\"@type\":\"ListItem\",\"position\":1,\"name\":\"Home\",\"item\":\"https:\/\/ap.com.al\/\"},{\"@type\":\"ListItem\",\"position\":2,\"name\":\"Suksesi n\u00eb stall\u00eb\"}]}]}<\/script>\n<!-- \/ Yoast SEO plugin. -->","yoast_head_json":{"title":"Suksesi n\u00eb stall\u00eb - Austria Praemix","description":"Austria Praemix - Suksesi n\u00eb stall\u00eb vjen kur produktet inovative dhe cil\u00ebsore g\u00ebrshetohen me dijen e njohurit\u00eb e shk\u00eblqyera praktike.","robots":{"index":"index","follow":"follow","max-snippet":"max-snippet:-1","max-image-preview":"max-image-preview:large","max-video-preview":"max-video-preview:-1"},"canonical":"https:\/\/ap.com.al\/","og_locale":"en_US","og_type":"article","og_title":"Suksesi n\u00eb stall\u00eb \u2013 nga praktika p\u00ebr praktik\u00eb","og_description":"Suksesi n\u00eb stall\u00eb vjen kur produktet inovative plot\u00ebsojn\u00eb njohurit\u00eb e shk\u00eblqyera n\u00eb praktik\u00eb. P\u00ebr nj\u00eb menaxhim kompetent t\u00eb ferm\u00ebs, rishikimi i vazhduesh\u00ebm i parametrave t\u00eb saj \u00ebsht\u00eb po aq i r\u00ebnd\u00ebsish\u00ebm sa trendet dhe zhvillimet n\u00eb blegtori.","og_url":"https:\/\/ap.com.al\/","og_site_name":"Austria Praemix","article_publisher":"https:\/\/www.facebook.com\/austriapraemiks\/","article_modified_time":"2022-11-22T13:49:51+00:00","og_image":[{"width":2560,"height":1709,"url":"https:\/\/ap.com.al\/wp-content\/uploads\/2022\/04\/pesturesandmeadows-scaled.jpg","type":"image\/jpeg"}],"twitter_card":"summary_large_image","twitter_misc":{"Est. reading time":"2 minutes"},"schema":{"@context":"https:\/\/schema.org","@graph":[{"@type":"Organization","@id":"https:\/\/ap.com.al\/#organization","name":"Austria Preamix","url":"https:\/\/ap.com.al\/","sameAs":["https:\/\/www.instagram.com\/austriapraemix\/","https:\/\/www.facebook.com\/austriapraemiks\/"],"logo":{"@type":"ImageObject","inLanguage":"en-US","@id":"https:\/\/ap.com.al\/#\/schema\/logo\/image\/","url":"https:\/\/ap.com.al\/wp-content\/uploads\/2022\/02\/AP-logo.png","contentUrl":"https:\/\/ap.com.al\/wp-content\/uploads\/2022\/02\/AP-logo.png","width":3358,"height":1616,"caption":"Austria Preamix"},"image":{"@id":"https:\/\/ap.com.al\/#\/schema\/logo\/image\/"}},{"@type":"WebSite","@id":"https:\/\/ap.com.al\/#website","url":"https:\/\/ap.com.al\/","name":"Austria Praemix","description":"","publisher":{"@id":"https:\/\/ap.com.al\/#organization"},"potentialAction":[{"@type":"SearchAction","target":{"@type":"EntryPoint","urlTemplate":"https:\/\/ap.com.al\/?s={search_term_string}"},"query-input":"required name=search_term_string"}],"inLanguage":"en-US"},{"@type":"ImageObject","inLanguage":"en-US","@id":"https:\/\/ap.com.al\/#primaryimage","url":"https:\/\/ap.com.al\/wp-content\/uploads\/2022\/04\/pesturesandmeadows-scaled.jpg","contentUrl":"https:\/\/ap.com.al\/wp-content\/uploads\/2022\/04\/pesturesandmeadows-scaled.jpg","width":2560,"height":1709},{"@type":"WebPage","@id":"https:\/\/ap.com.al\/#webpage","url":"https:\/\/ap.com.al\/","name":"Suksesi n\u00eb stall\u00eb - Austria Praemix","isPartOf":{"@id":"https:\/\/ap.com.al\/#website"},"primaryImageOfPage":{"@id":"https:\/\/ap.com.al\/#primaryimage"},"datePublished":"2022-05-13T08:35:50+00:00","dateModified":"2022-11-22T13:49:51+00:00","description":"Austria Praemix - Suksesi n\u00eb stall\u00eb vjen kur produktet inovative dhe cil\u00ebsore g\u00ebrshetohen me dijen e njohurit\u00eb e shk\u00eblqyera praktike.","breadcrumb":{"@id":"https:\/\/ap.com.al\/#breadcrumb"},"inLanguage":"en-US","potentialAction":[{"@type":"ReadAction","target":["https:\/\/ap.com.al\/"]}]},{"@type":"BreadcrumbList","@id":"https:\/\/ap.com.al\/#breadcrumb","itemListElement":[{"@type":"ListItem","position":1,"name":"Home","item":"https:\/\/ap.com.al\/"},{"@type":"ListItem","position":2,"name":"Suksesi n\u00eb stall\u00eb"}]}]}},"_links":{"self":[{"href":"https:\/\/ap.com.al\/index.php?rest_route=\/wp\/v2\/pages\/6995","targetHints":{"allow":["GET"]}}],"collection":[{"href":"https:\/\/ap.com.al\/index.php?rest_route=\/wp\/v2\/pages"}],"about":[{"href":"https:\/\/ap.com.al\/index.php?rest_route=\/wp\/v2\/types\/page"}],"author":[{"embeddable":true,"href":"https:\/\/ap.com.al\/index.php?rest_route=\/wp\/v2\/users\/1"}],"replies":[{"embeddable":true,"href":"https:\/\/ap.com.al\/index.php?rest_route=%2Fwp%2Fv2%2Fcomments&post=6995"}],"version-history":[{"count":10,"href":"https:\/\/ap.com.al\/index.php?rest_route=\/wp\/v2\/pages\/6995\/revisions"}],"predecessor-version":[{"id":8646,"href":"https:\/\/ap.com.al\/index.php?rest_route=\/wp\/v2\/pages\/6995\/revisions\/8646"}],"wp:attachment":[{"href":"https:\/\/ap.com.al\/index.php?rest_route=%2Fwp%2Fv2%2Fmedia&parent=6995"}],"curies":[{"name":"wp","href":"https:\/\/api.w.org\/{rel}","templated":true}]}}