{"id":7808,"date":"2022-05-30T11:20:08","date_gmt":"2022-05-30T11:20:08","guid":{"rendered":"https:\/\/ap.com.al\/?page_id=7808"},"modified":"2022-06-01T09:12:11","modified_gmt":"2022-06-01T09:12:11","slug":"schaumasil-tmr-gl","status":"publish","type":"page","link":"https:\/\/ap.com.al\/?page_id=7808","title":{"rendered":"SCHAUMASIL TMR GL"},"content":{"rendered":"\n<style>\n  #oniiii{\n    background-image:url(\"https:\/\/ap.com.al\/wp-content\/uploads\/2022\/01\/Kuehe.jpg\");\n    padding-bottom: 32%;\n    background-position:center center;\n    background-repeat: no-repeat;\n    background-size:cover;\n  }\n  <\/style>\n  <script src=\"https:\/\/code.jquery.com\/jquery-3.5.0.js\">\n<\/script>\n\n<div id=\"oniiii\"><\/div>\n \n<script>\n$( \"#oniiii\" ).insertBefore( \".container_wrap_first\" );\n<\/script>\n\n\n\n<div class=\"wp-block-columns\" id=\"containerr\">\n<div class=\"wp-block-column\">\n<div class=\"avia_textblock\" itemprop=\"text\"><h4 style=\"color:#005a8c;\n\">SCHAUMASIL TMR GL<\/h4>\n<\/div>\n<\/div>\n<\/div>\n\n\n\n<div class=\"wp-block-columns\" id=\"containerr\">\n<div class=\"wp-block-column\">\n<div class=\"detail__certificates-item-icon\">\n<img decoding=\"async\" alt=\"SCHAUMASIL TMR GL\" src=\"https:\/\/ap.com.al\/wp-content\/uploads\/2022\/03\/Asset-51-1.png\">\n<\/div>\n<\/div>\n<\/div>\n\n\n\n<div class=\"wp-block-columns\" id=\"containerr\">\n<div class=\"wp-block-column\">\n<div class=\"blue_list\">\n<h4>P\u00ebr nj\u00eb konsum t\u00eb lart\u00eb t\u00eb ushqimit<\/h4>\n<\/div>\n\n\n\n<div class=\"blue_marker_list\">\n<h4 style=\"padding-top: 20px;\">Karakteristikat:<\/h4>\n<ul style=\"list-style-type: square; \n\tpadding-left: 1em;\">\n<li>Melasa izomaltuloze e preferueshme p\u00ebr nj\u00eb rritje t\u00eb marrjes s\u00eb ushqimit.<\/li>\n<li>Glicerina si komponent energjetik p\u00ebrmir\u00ebson furnizimin me energji.<\/li>\n\n<\/ul>\n\n<\/div>\n\n\n\n<div class=\"blue_marker_list\">\n<h4>Efektet:<\/h4>\n<ul style=\"list-style-type: square; \n\tpadding-left: 1em;\">\n<li>Glicerina dhe melasa e izomaltuloz\u00ebs p\u00ebrmir\u00ebsojn\u00eb shijueshm\u00ebrin\u00eb e TMR-s\u00eb dhe k\u00ebshtu rrisin marrjen e ushqimit.<\/li>\n<li>P\u00ebrmbajtja e lart\u00eb e energjis\u00eb n\u00eb kombinim me konsumin m\u00eb t\u00eb lart\u00eb t\u00eb ushqimit p\u00ebrmir\u00ebson furnizimin me energji p\u00ebr nj\u00eb rendiment m\u00eb t\u00eb q\u00ebndruesh\u00ebm t\u00eb qum\u00ebshtit.<\/li>\n\n\n<\/ul>\n\n<\/div>\n\n\n\n<div class=\"blue_marker_list\">\n<h4>Udh\u00ebzimet p\u00ebr p\u00ebrdorim:<\/h4>\n<ul style=\"list-style-type: square; \n\tpadding-left: 1em;\">\n<li>3-5 kg \/ ton t\u00eb p\u00ebrziera n\u00eb TMR<\/li>\n<li>SCHAUMASIL TMR GL \u00ebsht\u00eb i sigurt p\u00ebr t&#8217;u p\u00ebrdorur p\u00ebr prodhimin e ushqimeve PA OMGJ.<\/li>\n<li>SCHAUMASIL TMR GL \u2013 konsumim i lart\u00eb i ushqimit p\u00ebr rendiment t\u00eb lart\u00eb qum\u00ebshti!<\/li>\n\n\n<\/ul>\n\n<\/div>\n<\/div>\n<\/div>\n","protected":false},"excerpt":{"rendered":"<p>SCHAUMASIL TMR GL P\u00ebr nj\u00eb konsum t\u00eb lart\u00eb t\u00eb ushqimit Karakteristikat: Melasa izomaltuloze e preferueshme p\u00ebr nj\u00eb rritje t\u00eb marrjes s\u00eb ushqimit. Glicerina si komponent energjetik p\u00ebrmir\u00ebson furnizimin me energji. Efektet: Glicerina dhe melasa e izomaltuloz\u00ebs p\u00ebrmir\u00ebsojn\u00eb shijueshm\u00ebrin\u00eb e TMR-s\u00eb dhe k\u00ebshtu rrisin marrjen e ushqimit. P\u00ebrmbajtja e lart\u00eb e energjis\u00eb n\u00eb kombinim me konsumin [&hellip;]<\/p>\n","protected":false},"author":1,"featured_media":0,"parent":0,"menu_order":0,"comment_status":"closed","ping_status":"closed","template":"","meta":{"inline_featured_image":false,"footnotes":""},"class_list":["post-7808","page","type-page","status-publish","hentry"],"yoast_head":"<!-- This site is optimized with the Yoast SEO plugin v18.9 - https:\/\/yoast.com\/wordpress\/plugins\/seo\/ -->\n<title>SCHAUMASIL TMR GL - Austria Praemix<\/title>\n<meta name=\"robots\" content=\"index, follow, max-snippet:-1, max-image-preview:large, max-video-preview:-1\" \/>\n<link rel=\"canonical\" href=\"https:\/\/ap.com.al\/?page_id=7808\" \/>\n<meta property=\"og:locale\" content=\"en_US\" \/>\n<meta property=\"og:type\" content=\"article\" \/>\n<meta property=\"og:title\" content=\"SCHAUMASIL TMR GL - Austria Praemix\" \/>\n<meta property=\"og:description\" content=\"SCHAUMASIL TMR GL P\u00ebr nj\u00eb konsum t\u00eb lart\u00eb t\u00eb ushqimit Karakteristikat: Melasa izomaltuloze e preferueshme p\u00ebr nj\u00eb rritje t\u00eb marrjes s\u00eb ushqimit. Glicerina si komponent energjetik p\u00ebrmir\u00ebson furnizimin me energji. Efektet: Glicerina dhe melasa e izomaltuloz\u00ebs p\u00ebrmir\u00ebsojn\u00eb shijueshm\u00ebrin\u00eb e TMR-s\u00eb dhe k\u00ebshtu rrisin marrjen e ushqimit. P\u00ebrmbajtja e lart\u00eb e energjis\u00eb n\u00eb kombinim me konsumin [&hellip;]\" \/>\n<meta property=\"og:url\" content=\"https:\/\/ap.com.al\/?page_id=7808\" \/>\n<meta property=\"og:site_name\" content=\"Austria Praemix\" \/>\n<meta property=\"article:publisher\" content=\"https:\/\/www.facebook.com\/austriapraemiks\/\" \/>\n<meta property=\"article:modified_time\" content=\"2022-06-01T09:12:11+00:00\" \/>\n<meta property=\"og:image\" content=\"https:\/\/ap.com.al\/wp-content\/uploads\/2022\/03\/Asset-51-1.png\" \/>\n<meta name=\"twitter:card\" content=\"summary_large_image\" \/>\n<meta name=\"twitter:label1\" content=\"Est. reading time\" \/>\n\t<meta name=\"twitter:data1\" content=\"1 minute\" \/>\n<script type=\"application\/ld+json\" class=\"yoast-schema-graph\">{\"@context\":\"https:\/\/schema.org\",\"@graph\":[{\"@type\":\"Organization\",\"@id\":\"https:\/\/ap.com.al\/#organization\",\"name\":\"Austria Preamix\",\"url\":\"https:\/\/ap.com.al\/\",\"sameAs\":[\"https:\/\/www.instagram.com\/austriapraemix\/\",\"https:\/\/www.facebook.com\/austriapraemiks\/\"],\"logo\":{\"@type\":\"ImageObject\",\"inLanguage\":\"en-US\",\"@id\":\"https:\/\/ap.com.al\/#\/schema\/logo\/image\/\",\"url\":\"https:\/\/ap.com.al\/wp-content\/uploads\/2022\/02\/AP-logo.png\",\"contentUrl\":\"https:\/\/ap.com.al\/wp-content\/uploads\/2022\/02\/AP-logo.png\",\"width\":3358,\"height\":1616,\"caption\":\"Austria Preamix\"},\"image\":{\"@id\":\"https:\/\/ap.com.al\/#\/schema\/logo\/image\/\"}},{\"@type\":\"WebSite\",\"@id\":\"https:\/\/ap.com.al\/#website\",\"url\":\"https:\/\/ap.com.al\/\",\"name\":\"Austria Praemix\",\"description\":\"\",\"publisher\":{\"@id\":\"https:\/\/ap.com.al\/#organization\"},\"potentialAction\":[{\"@type\":\"SearchAction\",\"target\":{\"@type\":\"EntryPoint\",\"urlTemplate\":\"https:\/\/ap.com.al\/?s={search_term_string}\"},\"query-input\":\"required name=search_term_string\"}],\"inLanguage\":\"en-US\"},{\"@type\":\"ImageObject\",\"inLanguage\":\"en-US\",\"@id\":\"https:\/\/ap.com.al\/?page_id=7808#primaryimage\",\"url\":\"https:\/\/ap.com.al\/wp-content\/uploads\/2022\/03\/Asset-51-1.png\",\"contentUrl\":\"https:\/\/ap.com.al\/wp-content\/uploads\/2022\/03\/Asset-51-1.png\",\"width\":355,\"height\":354},{\"@type\":\"WebPage\",\"@id\":\"https:\/\/ap.com.al\/?page_id=7808#webpage\",\"url\":\"https:\/\/ap.com.al\/?page_id=7808\",\"name\":\"SCHAUMASIL TMR GL - Austria Praemix\",\"isPartOf\":{\"@id\":\"https:\/\/ap.com.al\/#website\"},\"primaryImageOfPage\":{\"@id\":\"https:\/\/ap.com.al\/?page_id=7808#primaryimage\"},\"datePublished\":\"2022-05-30T11:20:08+00:00\",\"dateModified\":\"2022-06-01T09:12:11+00:00\",\"breadcrumb\":{\"@id\":\"https:\/\/ap.com.al\/?page_id=7808#breadcrumb\"},\"inLanguage\":\"en-US\",\"potentialAction\":[{\"@type\":\"ReadAction\",\"target\":[\"https:\/\/ap.com.al\/?page_id=7808\"]}]},{\"@type\":\"BreadcrumbList\",\"@id\":\"https:\/\/ap.com.al\/?page_id=7808#breadcrumb\",\"itemListElement\":[{\"@type\":\"ListItem\",\"position\":1,\"name\":\"Home\",\"item\":\"https:\/\/ap.com.al\/\"},{\"@type\":\"ListItem\",\"position\":2,\"name\":\"SCHAUMASIL TMR GL\"}]}]}<\/script>\n<!-- \/ Yoast SEO plugin. -->","yoast_head_json":{"title":"SCHAUMASIL TMR GL - Austria Praemix","robots":{"index":"index","follow":"follow","max-snippet":"max-snippet:-1","max-image-preview":"max-image-preview:large","max-video-preview":"max-video-preview:-1"},"canonical":"https:\/\/ap.com.al\/?page_id=7808","og_locale":"en_US","og_type":"article","og_title":"SCHAUMASIL TMR GL - Austria Praemix","og_description":"SCHAUMASIL TMR GL P\u00ebr nj\u00eb konsum t\u00eb lart\u00eb t\u00eb ushqimit Karakteristikat: Melasa izomaltuloze e preferueshme p\u00ebr nj\u00eb rritje t\u00eb marrjes s\u00eb ushqimit. Glicerina si komponent energjetik p\u00ebrmir\u00ebson furnizimin me energji. Efektet: Glicerina dhe melasa e izomaltuloz\u00ebs p\u00ebrmir\u00ebsojn\u00eb shijueshm\u00ebrin\u00eb e TMR-s\u00eb dhe k\u00ebshtu rrisin marrjen e ushqimit. P\u00ebrmbajtja e lart\u00eb e energjis\u00eb n\u00eb kombinim me konsumin [&hellip;]","og_url":"https:\/\/ap.com.al\/?page_id=7808","og_site_name":"Austria Praemix","article_publisher":"https:\/\/www.facebook.com\/austriapraemiks\/","article_modified_time":"2022-06-01T09:12:11+00:00","og_image":[{"url":"https:\/\/ap.com.al\/wp-content\/uploads\/2022\/03\/Asset-51-1.png"}],"twitter_card":"summary_large_image","twitter_misc":{"Est. reading time":"1 minute"},"schema":{"@context":"https:\/\/schema.org","@graph":[{"@type":"Organization","@id":"https:\/\/ap.com.al\/#organization","name":"Austria Preamix","url":"https:\/\/ap.com.al\/","sameAs":["https:\/\/www.instagram.com\/austriapraemix\/","https:\/\/www.facebook.com\/austriapraemiks\/"],"logo":{"@type":"ImageObject","inLanguage":"en-US","@id":"https:\/\/ap.com.al\/#\/schema\/logo\/image\/","url":"https:\/\/ap.com.al\/wp-content\/uploads\/2022\/02\/AP-logo.png","contentUrl":"https:\/\/ap.com.al\/wp-content\/uploads\/2022\/02\/AP-logo.png","width":3358,"height":1616,"caption":"Austria Preamix"},"image":{"@id":"https:\/\/ap.com.al\/#\/schema\/logo\/image\/"}},{"@type":"WebSite","@id":"https:\/\/ap.com.al\/#website","url":"https:\/\/ap.com.al\/","name":"Austria Praemix","description":"","publisher":{"@id":"https:\/\/ap.com.al\/#organization"},"potentialAction":[{"@type":"SearchAction","target":{"@type":"EntryPoint","urlTemplate":"https:\/\/ap.com.al\/?s={search_term_string}"},"query-input":"required name=search_term_string"}],"inLanguage":"en-US"},{"@type":"ImageObject","inLanguage":"en-US","@id":"https:\/\/ap.com.al\/?page_id=7808#primaryimage","url":"https:\/\/ap.com.al\/wp-content\/uploads\/2022\/03\/Asset-51-1.png","contentUrl":"https:\/\/ap.com.al\/wp-content\/uploads\/2022\/03\/Asset-51-1.png","width":355,"height":354},{"@type":"WebPage","@id":"https:\/\/ap.com.al\/?page_id=7808#webpage","url":"https:\/\/ap.com.al\/?page_id=7808","name":"SCHAUMASIL TMR GL - Austria Praemix","isPartOf":{"@id":"https:\/\/ap.com.al\/#website"},"primaryImageOfPage":{"@id":"https:\/\/ap.com.al\/?page_id=7808#primaryimage"},"datePublished":"2022-05-30T11:20:08+00:00","dateModified":"2022-06-01T09:12:11+00:00","breadcrumb":{"@id":"https:\/\/ap.com.al\/?page_id=7808#breadcrumb"},"inLanguage":"en-US","potentialAction":[{"@type":"ReadAction","target":["https:\/\/ap.com.al\/?page_id=7808"]}]},{"@type":"BreadcrumbList","@id":"https:\/\/ap.com.al\/?page_id=7808#breadcrumb","itemListElement":[{"@type":"ListItem","position":1,"name":"Home","item":"https:\/\/ap.com.al\/"},{"@type":"ListItem","position":2,"name":"SCHAUMASIL TMR GL"}]}]}},"_links":{"self":[{"href":"https:\/\/ap.com.al\/index.php?rest_route=\/wp\/v2\/pages\/7808","targetHints":{"allow":["GET"]}}],"collection":[{"href":"https:\/\/ap.com.al\/index.php?rest_route=\/wp\/v2\/pages"}],"about":[{"href":"https:\/\/ap.com.al\/index.php?rest_route=\/wp\/v2\/types\/page"}],"author":[{"embeddable":true,"href":"https:\/\/ap.com.al\/index.php?rest_route=\/wp\/v2\/users\/1"}],"replies":[{"embeddable":true,"href":"https:\/\/ap.com.al\/index.php?rest_route=%2Fwp%2Fv2%2Fcomments&post=7808"}],"version-history":[{"count":5,"href":"https:\/\/ap.com.al\/index.php?rest_route=\/wp\/v2\/pages\/7808\/revisions"}],"predecessor-version":[{"id":8051,"href":"https:\/\/ap.com.al\/index.php?rest_route=\/wp\/v2\/pages\/7808\/revisions\/8051"}],"wp:attachment":[{"href":"https:\/\/ap.com.al\/index.php?rest_route=%2Fwp%2Fv2%2Fmedia&parent=7808"}],"curies":[{"name":"wp","href":"https:\/\/api.w.org\/{rel}","templated":true}]}}