{"id":7885,"date":"2022-05-30T14:57:37","date_gmt":"2022-05-30T14:57:37","guid":{"rendered":"https:\/\/ap.com.al\/?page_id=7885"},"modified":"2022-06-01T09:22:37","modified_gmt":"2022-06-01T09:22:37","slug":"schaumalac-energy-mix-plus","status":"publish","type":"page","link":"https:\/\/ap.com.al\/?page_id=7885","title":{"rendered":"Schaumalac Energy MIX Plus"},"content":{"rendered":"\n<style>\n  #oniiii{\n    background-image:url(\"https:\/\/ap.com.al\/wp-content\/uploads\/2022\/05\/pigg.jpg\");\n    padding-bottom: 32%;\n    background-position:center left;\n    background-repeat: no-repeat;\n    background-size:cover;\n  }\n  <\/style>\n  <script src=\"https:\/\/code.jquery.com\/jquery-3.5.0.js\">\n<\/script>\n\n<div id=\"oniiii\"><\/div>\n \n<script>\n$( \"#oniiii\" ).insertBefore( \".container_wrap_first\" );\n<\/script>\n\n\n\n<div class=\"wp-block-columns\" id=\"containerr\">\n<div class=\"wp-block-column\">\n<div class=\"avia_textblock\" itemprop=\"text\"><h4 style=\"color:#005a8c;\n\">Schaumalac Energy MIX Plus<\/h4>\n<\/div>\n<\/div>\n<\/div>\n\n\n\n<div class=\"wp-block-columns\" id=\"containerr\">\n<div class=\"wp-block-column\">\n<div class=\"detail__certificates-item-icon\">\n<img decoding=\"async\" alt=\"Icon Schaumalac Energy MIX Plus\" src=\"https:\/\/ap.com.al\/wp-content\/uploads\/2022\/03\/Asset-54-1.png\">\n<\/div>\n<\/div>\n<\/div>\n\n\n\n<div class=\"wp-block-columns\" id=\"containerr\">\n<div class=\"wp-block-column\">\n<div class=\"blue_marker_list\">\n<h4 style=\"padding-top: 20px;\">Produktet SCHAUMALAC jan\u00eb mbres\u00ebl\u00ebnse n\u00eb rritjen e gicave.<\/h4>\n<p style=\"margin:unset;\">Gicat pir\u00ebs kan\u00eb k\u00ebrkesa dhe nevoja t\u00eb ve\u00e7anta p\u00ebr sa i p\u00ebrket fillimit t\u00eb t\u00eb ushqyerit me ushqim t\u00eb fort\u00eb.\nKompania SCHAUMANN n\u00eb saj\u00eb t\u00eb pun\u00ebs t\u00eb saj k\u00ebrkimore ka arritur q\u00eb t\u00eb zhvilloj\u00eb nj\u00eb starter special Schaumalac Energy MIX Plus, i cili \u00ebsht\u00eb n\u00eb fom\u00eb mielli\/i bluar. Ky produkt mund t\u2018u jepet gicave si ushqim plot\u00ebsues duke u p\u00ebrzier me komponent\u00eb sipas recet\u00ebs Schaumann.\n <\/p>\n\n<\/div>\n\n\n\n<div class=\"blue_marker_list\">\n<h4 style=\"padding-top: 20px;\">Karakteristikat e produktit: <\/h4>\n<ul style=\"list-style-type: square; \n\tpadding-left: 1em;\">\n<li>Ushqimi ka nj\u00eb shijueshm\u00ebri t\u00eb lart\u00eb dhe siguron nj\u00eb zhvillim t\u00eb nj\u00ebtrajtsh\u00ebm t\u00eb t\u00eb gjith\u00eb gicave.<\/li>\n<li>Tretshm\u00ebria e lart\u00eb, dhe p\u00ebrdorimi i enzimave, acideve dhe probiotik\u00ebve siguron nj\u00eb tretje t\u00eb q\u00ebndrueshme.<\/li>\n<li>P\u00ebrmbajtja jasht\u00ebzakonisht e lart\u00eb e energjis\u00eb dhe aminoacideve p\u00ebrmir\u00ebsojn\u00eb rritjen e laktacionit.<\/li>\n<li>Pesha  e lart\u00eb e gicit n\u00eb periudh\u00ebn e largimit nga n\u00ebna sjell m\u00eb pak stres dhe nj\u00eb zhvillim m\u00eb t\u00eb mir\u00eb t\u00eb gicit.<\/li>\n<li>Schaumalac Energymix \u00ebsht\u00eb m\u00ebse i p\u00ebrshtatsh\u00ebm p\u00ebr t\u2018u p\u00ebrdorur deri n\u00eb pesh\u00ebn 25kg. <\/li>\n<li>Shtimi 10% i Schaumalac Energy Mix p\u00ebrmir\u00ebson t\u00eb shijuarin dhe marrjen e starterit p\u00ebr gicat n\u00eb faz\u00ebn e shk\u00ebputjes nga gjirit.<\/li\n<\/ul>\n<\/div>\n\n\n\n<div class=\"blue_marker_list\">\n<h4 style=\"padding-top: 20px;\">P\u00ebrzierja: <\/h4>\n<ul style=\"list-style-type: square; \n\tpadding-left: 1em;\">\n<li>Energy MIX rekomandohet t\u00eb p\u00ebrziehet n\u00eb mas\u00ebn 10% t\u00eb racionit ushqimore p\u00ebr gicat deri n\u00eb 25kg.<\/li>\n<\/ul>\n\n<\/div>\n<\/div>\n<\/div>\n","protected":false},"excerpt":{"rendered":"<p>Schaumalac Energy MIX Plus Produktet SCHAUMALAC jan\u00eb mbres\u00ebl\u00ebnse n\u00eb rritjen e gicave. Gicat pir\u00ebs kan\u00eb k\u00ebrkesa dhe nevoja t\u00eb ve\u00e7anta p\u00ebr sa i p\u00ebrket fillimit t\u00eb t\u00eb ushqyerit me ushqim t\u00eb fort\u00eb. Kompania SCHAUMANN n\u00eb saj\u00eb t\u00eb pun\u00ebs t\u00eb saj k\u00ebrkimore ka arritur q\u00eb t\u00eb zhvilloj\u00eb nj\u00eb starter special Schaumalac Energy MIX Plus, i cili [&hellip;]<\/p>\n","protected":false},"author":1,"featured_media":0,"parent":0,"menu_order":0,"comment_status":"closed","ping_status":"closed","template":"","meta":{"inline_featured_image":false,"footnotes":""},"class_list":["post-7885","page","type-page","status-publish","hentry"],"yoast_head":"<!-- This site is optimized with the Yoast SEO plugin v18.9 - https:\/\/yoast.com\/wordpress\/plugins\/seo\/ -->\n<title>Schaumalac Energy MIX Plus - Austria Praemix<\/title>\n<meta name=\"robots\" content=\"index, follow, max-snippet:-1, max-image-preview:large, max-video-preview:-1\" \/>\n<link rel=\"canonical\" href=\"https:\/\/ap.com.al\/?page_id=7885\" \/>\n<meta property=\"og:locale\" content=\"en_US\" \/>\n<meta property=\"og:type\" content=\"article\" \/>\n<meta property=\"og:title\" content=\"Schaumalac Energy MIX Plus - Austria Praemix\" \/>\n<meta property=\"og:description\" content=\"Schaumalac Energy MIX Plus Produktet SCHAUMALAC jan\u00eb mbres\u00ebl\u00ebnse n\u00eb rritjen e gicave. Gicat pir\u00ebs kan\u00eb k\u00ebrkesa dhe nevoja t\u00eb ve\u00e7anta p\u00ebr sa i p\u00ebrket fillimit t\u00eb t\u00eb ushqyerit me ushqim t\u00eb fort\u00eb. Kompania SCHAUMANN n\u00eb saj\u00eb t\u00eb pun\u00ebs t\u00eb saj k\u00ebrkimore ka arritur q\u00eb t\u00eb zhvilloj\u00eb nj\u00eb starter special Schaumalac Energy MIX Plus, i cili [&hellip;]\" \/>\n<meta property=\"og:url\" content=\"https:\/\/ap.com.al\/?page_id=7885\" \/>\n<meta property=\"og:site_name\" content=\"Austria Praemix\" \/>\n<meta property=\"article:publisher\" content=\"https:\/\/www.facebook.com\/austriapraemiks\/\" \/>\n<meta property=\"article:modified_time\" content=\"2022-06-01T09:22:37+00:00\" \/>\n<meta property=\"og:image\" content=\"https:\/\/ap.com.al\/wp-content\/uploads\/2022\/03\/Asset-54-1.png\" \/>\n<meta name=\"twitter:card\" content=\"summary_large_image\" \/>\n<meta name=\"twitter:label1\" content=\"Est. reading time\" \/>\n\t<meta name=\"twitter:data1\" content=\"2 minutes\" \/>\n<script type=\"application\/ld+json\" class=\"yoast-schema-graph\">{\"@context\":\"https:\/\/schema.org\",\"@graph\":[{\"@type\":\"Organization\",\"@id\":\"https:\/\/ap.com.al\/#organization\",\"name\":\"Austria Preamix\",\"url\":\"https:\/\/ap.com.al\/\",\"sameAs\":[\"https:\/\/www.instagram.com\/austriapraemix\/\",\"https:\/\/www.facebook.com\/austriapraemiks\/\"],\"logo\":{\"@type\":\"ImageObject\",\"inLanguage\":\"en-US\",\"@id\":\"https:\/\/ap.com.al\/#\/schema\/logo\/image\/\",\"url\":\"https:\/\/ap.com.al\/wp-content\/uploads\/2022\/02\/AP-logo.png\",\"contentUrl\":\"https:\/\/ap.com.al\/wp-content\/uploads\/2022\/02\/AP-logo.png\",\"width\":3358,\"height\":1616,\"caption\":\"Austria Preamix\"},\"image\":{\"@id\":\"https:\/\/ap.com.al\/#\/schema\/logo\/image\/\"}},{\"@type\":\"WebSite\",\"@id\":\"https:\/\/ap.com.al\/#website\",\"url\":\"https:\/\/ap.com.al\/\",\"name\":\"Austria Praemix\",\"description\":\"\",\"publisher\":{\"@id\":\"https:\/\/ap.com.al\/#organization\"},\"potentialAction\":[{\"@type\":\"SearchAction\",\"target\":{\"@type\":\"EntryPoint\",\"urlTemplate\":\"https:\/\/ap.com.al\/?s={search_term_string}\"},\"query-input\":\"required name=search_term_string\"}],\"inLanguage\":\"en-US\"},{\"@type\":\"ImageObject\",\"inLanguage\":\"en-US\",\"@id\":\"https:\/\/ap.com.al\/?page_id=7885#primaryimage\",\"url\":\"https:\/\/ap.com.al\/wp-content\/uploads\/2022\/03\/Asset-54-1.png\",\"contentUrl\":\"https:\/\/ap.com.al\/wp-content\/uploads\/2022\/03\/Asset-54-1.png\",\"width\":355,\"height\":354},{\"@type\":\"WebPage\",\"@id\":\"https:\/\/ap.com.al\/?page_id=7885#webpage\",\"url\":\"https:\/\/ap.com.al\/?page_id=7885\",\"name\":\"Schaumalac Energy MIX Plus - Austria Praemix\",\"isPartOf\":{\"@id\":\"https:\/\/ap.com.al\/#website\"},\"primaryImageOfPage\":{\"@id\":\"https:\/\/ap.com.al\/?page_id=7885#primaryimage\"},\"datePublished\":\"2022-05-30T14:57:37+00:00\",\"dateModified\":\"2022-06-01T09:22:37+00:00\",\"breadcrumb\":{\"@id\":\"https:\/\/ap.com.al\/?page_id=7885#breadcrumb\"},\"inLanguage\":\"en-US\",\"potentialAction\":[{\"@type\":\"ReadAction\",\"target\":[\"https:\/\/ap.com.al\/?page_id=7885\"]}]},{\"@type\":\"BreadcrumbList\",\"@id\":\"https:\/\/ap.com.al\/?page_id=7885#breadcrumb\",\"itemListElement\":[{\"@type\":\"ListItem\",\"position\":1,\"name\":\"Home\",\"item\":\"https:\/\/ap.com.al\/\"},{\"@type\":\"ListItem\",\"position\":2,\"name\":\"Schaumalac Energy MIX Plus\"}]}]}<\/script>\n<!-- \/ Yoast SEO plugin. -->","yoast_head_json":{"title":"Schaumalac Energy MIX Plus - Austria Praemix","robots":{"index":"index","follow":"follow","max-snippet":"max-snippet:-1","max-image-preview":"max-image-preview:large","max-video-preview":"max-video-preview:-1"},"canonical":"https:\/\/ap.com.al\/?page_id=7885","og_locale":"en_US","og_type":"article","og_title":"Schaumalac Energy MIX Plus - Austria Praemix","og_description":"Schaumalac Energy MIX Plus Produktet SCHAUMALAC jan\u00eb mbres\u00ebl\u00ebnse n\u00eb rritjen e gicave. Gicat pir\u00ebs kan\u00eb k\u00ebrkesa dhe nevoja t\u00eb ve\u00e7anta p\u00ebr sa i p\u00ebrket fillimit t\u00eb t\u00eb ushqyerit me ushqim t\u00eb fort\u00eb. Kompania SCHAUMANN n\u00eb saj\u00eb t\u00eb pun\u00ebs t\u00eb saj k\u00ebrkimore ka arritur q\u00eb t\u00eb zhvilloj\u00eb nj\u00eb starter special Schaumalac Energy MIX Plus, i cili [&hellip;]","og_url":"https:\/\/ap.com.al\/?page_id=7885","og_site_name":"Austria Praemix","article_publisher":"https:\/\/www.facebook.com\/austriapraemiks\/","article_modified_time":"2022-06-01T09:22:37+00:00","og_image":[{"url":"https:\/\/ap.com.al\/wp-content\/uploads\/2022\/03\/Asset-54-1.png"}],"twitter_card":"summary_large_image","twitter_misc":{"Est. reading time":"2 minutes"},"schema":{"@context":"https:\/\/schema.org","@graph":[{"@type":"Organization","@id":"https:\/\/ap.com.al\/#organization","name":"Austria Preamix","url":"https:\/\/ap.com.al\/","sameAs":["https:\/\/www.instagram.com\/austriapraemix\/","https:\/\/www.facebook.com\/austriapraemiks\/"],"logo":{"@type":"ImageObject","inLanguage":"en-US","@id":"https:\/\/ap.com.al\/#\/schema\/logo\/image\/","url":"https:\/\/ap.com.al\/wp-content\/uploads\/2022\/02\/AP-logo.png","contentUrl":"https:\/\/ap.com.al\/wp-content\/uploads\/2022\/02\/AP-logo.png","width":3358,"height":1616,"caption":"Austria Preamix"},"image":{"@id":"https:\/\/ap.com.al\/#\/schema\/logo\/image\/"}},{"@type":"WebSite","@id":"https:\/\/ap.com.al\/#website","url":"https:\/\/ap.com.al\/","name":"Austria Praemix","description":"","publisher":{"@id":"https:\/\/ap.com.al\/#organization"},"potentialAction":[{"@type":"SearchAction","target":{"@type":"EntryPoint","urlTemplate":"https:\/\/ap.com.al\/?s={search_term_string}"},"query-input":"required name=search_term_string"}],"inLanguage":"en-US"},{"@type":"ImageObject","inLanguage":"en-US","@id":"https:\/\/ap.com.al\/?page_id=7885#primaryimage","url":"https:\/\/ap.com.al\/wp-content\/uploads\/2022\/03\/Asset-54-1.png","contentUrl":"https:\/\/ap.com.al\/wp-content\/uploads\/2022\/03\/Asset-54-1.png","width":355,"height":354},{"@type":"WebPage","@id":"https:\/\/ap.com.al\/?page_id=7885#webpage","url":"https:\/\/ap.com.al\/?page_id=7885","name":"Schaumalac Energy MIX Plus - Austria Praemix","isPartOf":{"@id":"https:\/\/ap.com.al\/#website"},"primaryImageOfPage":{"@id":"https:\/\/ap.com.al\/?page_id=7885#primaryimage"},"datePublished":"2022-05-30T14:57:37+00:00","dateModified":"2022-06-01T09:22:37+00:00","breadcrumb":{"@id":"https:\/\/ap.com.al\/?page_id=7885#breadcrumb"},"inLanguage":"en-US","potentialAction":[{"@type":"ReadAction","target":["https:\/\/ap.com.al\/?page_id=7885"]}]},{"@type":"BreadcrumbList","@id":"https:\/\/ap.com.al\/?page_id=7885#breadcrumb","itemListElement":[{"@type":"ListItem","position":1,"name":"Home","item":"https:\/\/ap.com.al\/"},{"@type":"ListItem","position":2,"name":"Schaumalac Energy MIX Plus"}]}]}},"_links":{"self":[{"href":"https:\/\/ap.com.al\/index.php?rest_route=\/wp\/v2\/pages\/7885","targetHints":{"allow":["GET"]}}],"collection":[{"href":"https:\/\/ap.com.al\/index.php?rest_route=\/wp\/v2\/pages"}],"about":[{"href":"https:\/\/ap.com.al\/index.php?rest_route=\/wp\/v2\/types\/page"}],"author":[{"embeddable":true,"href":"https:\/\/ap.com.al\/index.php?rest_route=\/wp\/v2\/users\/1"}],"replies":[{"embeddable":true,"href":"https:\/\/ap.com.al\/index.php?rest_route=%2Fwp%2Fv2%2Fcomments&post=7885"}],"version-history":[{"count":3,"href":"https:\/\/ap.com.al\/index.php?rest_route=\/wp\/v2\/pages\/7885\/revisions"}],"predecessor-version":[{"id":8114,"href":"https:\/\/ap.com.al\/index.php?rest_route=\/wp\/v2\/pages\/7885\/revisions\/8114"}],"wp:attachment":[{"href":"https:\/\/ap.com.al\/index.php?rest_route=%2Fwp%2Fv2%2Fmedia&parent=7885"}],"curies":[{"name":"wp","href":"https:\/\/api.w.org\/{rel}","templated":true}]}}