{"id":7980,"date":"2022-05-31T11:51:03","date_gmt":"2022-05-31T11:51:03","guid":{"rendered":"https:\/\/ap.com.al\/?page_id=7980"},"modified":"2022-05-31T12:23:07","modified_gmt":"2022-05-31T12:23:07","slug":"schaumann-ziegenprofi","status":"publish","type":"page","link":"https:\/\/ap.com.al\/?page_id=7980","title":{"rendered":"SCHAUMANN ZIEGENPROFI"},"content":{"rendered":"\n<style>\n  #oniiii{\n    background-image:url(\"https:\/\/ap.com.al\/wp-content\/uploads\/2022\/05\/Schafe.jpg\");\n    padding-bottom: 32%;\n    background-position:center center;\n    background-repeat: no-repeat;\n    background-size:cover;\n  }\n  <\/style>\n  <script src=\"https:\/\/code.jquery.com\/jquery-3.5.0.js\">\n<\/script>\n\n<div id=\"oniiii\"><\/div>\n \n<script>\n$( \"#oniiii\" ).insertBefore( \".container_wrap_first\" );\n<\/script>\n\n\n\n<div class=\"wp-block-columns\" id=\"containerr\">\n<div class=\"wp-block-column\">\n<div class=\"avia_textblock\" itemprop=\"text\"><h4 style=\"color:#005a8c;\n\"> SCHAUMANN ZIEGENPROFI<\/h4>\n<\/div>\n<\/div>\n<\/div>\n\n\n\n<div class=\"wp-block-columns\" id=\"containerr\">\n<div class=\"wp-block-column\">\n<div class=\"detail__certificates-item-icon\">\n<img decoding=\"async\" alt=\"Icon SCHAUMANN ZIEGENPROFI \" src=\"https:\/\/ap.com.al\/wp-content\/uploads\/2022\/03\/Asset-53-1.png\">\n<\/div>\n<\/div>\n<\/div>\n\n\n\n<div class=\"wp-block-columns\" id=\"containerr\">\n<div class=\"wp-block-column\">\n<div class=\"blue_marker_list\">\n<h4 style=\"padding-top: 20px;\">P\u00ebr rendimente maksimale tek dhit\u00eb n\u00eb laktacion \nPremiksi i kompanis\u00eb Schaumann SCHAUMANN ZIEGENPROFI dallohet p\u00ebr vetit\u00eb e tij t\u00eb m\u00ebposhtme:\n<\/h4>\n<ul style=\"list-style-type: square; \n\tpadding-left: 1em; margin:unset;\">\n<li>Shije optimale t\u00eb produktit <\/li>\n<li>Konsumi i lart\u00eb <\/li>\n<li>Stabilizon metabolizmin <\/li>\n<li>Premiks me p\u00ebrmbajtje bakri <\/li>\n<li>P\u00ebrmbajtje t\u00eb larte n\u00eb  vitamin\u00eb A, D3 dhe E<\/li>\n<li>Mineralizim t\u00eb koordinuar t\u00eb produktit <\/li>\n<li>I p\u00ebrshtatsh\u00ebm edhe p\u00ebr fermat<\/li>\n<\/ul>\n\n\n<\/div>\n\n\n\n<table>\n  <tr>\n    <th>SCHA<\/th>\n    <th>P\u00cbRZIERJA I<\/th>\n    <th>P\u00cbRZIERJA II BIO<\/th>\n    \n  <\/tr>\n  <tr>\n    <td>Elb , Grure, Tershere <\/td>\n    <td>37% <\/td>\n    <td>67% <\/td>\n  <\/tr>\n  <tr>\n    <td>Mis\u00ebr<\/td>\n    <td>30%<\/td>\n    <td>&#8211;<\/td>\n  <\/tr>\n  <tr>\n    <td>Soja 44% <\/td>\n    <td>15% <\/td>\n    <td>&#8211;<\/td>\n  <\/tr>\n  <tr>\n    <td>Bizele<\/td>\n    <td>&#8211;<\/td>\n    <td>15%<\/td>\n  <\/tr>\n  <tr>\n    <td>Bersi panzhari <\/td>\n    <td>15% <\/td>\n    <td>&#8211;<\/td>\n  <\/tr>\n  <tr>\n    <td>Hime<\/td>\n    <td>&#8211;<\/td>\n    <td>15% <\/td>\n   \n  <\/tr>\n   <tr>\n    <td>SCHAUMANN ZIEGENPROFI <\/td>\n    <td>3% <\/td>\n    <td>3% <\/td>\n    \n  <\/tr>\n  \n<\/table>\n<\/div>\n<\/div>\n","protected":false},"excerpt":{"rendered":"<p>SCHAUMANN ZIEGENPROFI P\u00ebr rendimente maksimale tek dhit\u00eb n\u00eb laktacion Premiksi i kompanis\u00eb Schaumann SCHAUMANN ZIEGENPROFI dallohet p\u00ebr vetit\u00eb e tij t\u00eb m\u00ebposhtme: Shije optimale t\u00eb produktit Konsumi i lart\u00eb Stabilizon metabolizmin Premiks me p\u00ebrmbajtje bakri P\u00ebrmbajtje t\u00eb larte n\u00eb vitamin\u00eb A, D3 dhe E Mineralizim t\u00eb koordinuar t\u00eb produktit I p\u00ebrshtatsh\u00ebm edhe p\u00ebr fermat SCHA [&hellip;]<\/p>\n","protected":false},"author":1,"featured_media":0,"parent":0,"menu_order":0,"comment_status":"closed","ping_status":"closed","template":"","meta":{"inline_featured_image":false,"footnotes":""},"class_list":["post-7980","page","type-page","status-publish","hentry"],"yoast_head":"<!-- This site is optimized with the Yoast SEO plugin v18.9 - https:\/\/yoast.com\/wordpress\/plugins\/seo\/ -->\n<title>SCHAUMANN ZIEGENPROFI - Austria Praemix<\/title>\n<meta name=\"robots\" content=\"index, follow, max-snippet:-1, max-image-preview:large, max-video-preview:-1\" \/>\n<link rel=\"canonical\" href=\"https:\/\/ap.com.al\/?page_id=7980\" \/>\n<meta property=\"og:locale\" content=\"en_US\" \/>\n<meta property=\"og:type\" content=\"article\" \/>\n<meta property=\"og:title\" content=\"SCHAUMANN ZIEGENPROFI - Austria Praemix\" \/>\n<meta property=\"og:description\" content=\"SCHAUMANN ZIEGENPROFI P\u00ebr rendimente maksimale tek dhit\u00eb n\u00eb laktacion Premiksi i kompanis\u00eb Schaumann SCHAUMANN ZIEGENPROFI dallohet p\u00ebr vetit\u00eb e tij t\u00eb m\u00ebposhtme: Shije optimale t\u00eb produktit Konsumi i lart\u00eb Stabilizon metabolizmin Premiks me p\u00ebrmbajtje bakri P\u00ebrmbajtje t\u00eb larte n\u00eb vitamin\u00eb A, D3 dhe E Mineralizim t\u00eb koordinuar t\u00eb produktit I p\u00ebrshtatsh\u00ebm edhe p\u00ebr fermat SCHA [&hellip;]\" \/>\n<meta property=\"og:url\" content=\"https:\/\/ap.com.al\/?page_id=7980\" \/>\n<meta property=\"og:site_name\" content=\"Austria Praemix\" \/>\n<meta property=\"article:publisher\" content=\"https:\/\/www.facebook.com\/austriapraemiks\/\" \/>\n<meta property=\"article:modified_time\" content=\"2022-05-31T12:23:07+00:00\" \/>\n<meta property=\"og:image\" content=\"https:\/\/ap.com.al\/wp-content\/uploads\/2022\/03\/Asset-53-1.png\" \/>\n<meta name=\"twitter:card\" content=\"summary_large_image\" \/>\n<meta name=\"twitter:label1\" content=\"Est. reading time\" \/>\n\t<meta name=\"twitter:data1\" content=\"1 minute\" \/>\n<script type=\"application\/ld+json\" class=\"yoast-schema-graph\">{\"@context\":\"https:\/\/schema.org\",\"@graph\":[{\"@type\":\"Organization\",\"@id\":\"https:\/\/ap.com.al\/#organization\",\"name\":\"Austria Preamix\",\"url\":\"https:\/\/ap.com.al\/\",\"sameAs\":[\"https:\/\/www.instagram.com\/austriapraemix\/\",\"https:\/\/www.facebook.com\/austriapraemiks\/\"],\"logo\":{\"@type\":\"ImageObject\",\"inLanguage\":\"en-US\",\"@id\":\"https:\/\/ap.com.al\/#\/schema\/logo\/image\/\",\"url\":\"https:\/\/ap.com.al\/wp-content\/uploads\/2022\/02\/AP-logo.png\",\"contentUrl\":\"https:\/\/ap.com.al\/wp-content\/uploads\/2022\/02\/AP-logo.png\",\"width\":3358,\"height\":1616,\"caption\":\"Austria Preamix\"},\"image\":{\"@id\":\"https:\/\/ap.com.al\/#\/schema\/logo\/image\/\"}},{\"@type\":\"WebSite\",\"@id\":\"https:\/\/ap.com.al\/#website\",\"url\":\"https:\/\/ap.com.al\/\",\"name\":\"Austria Praemix\",\"description\":\"\",\"publisher\":{\"@id\":\"https:\/\/ap.com.al\/#organization\"},\"potentialAction\":[{\"@type\":\"SearchAction\",\"target\":{\"@type\":\"EntryPoint\",\"urlTemplate\":\"https:\/\/ap.com.al\/?s={search_term_string}\"},\"query-input\":\"required name=search_term_string\"}],\"inLanguage\":\"en-US\"},{\"@type\":\"ImageObject\",\"inLanguage\":\"en-US\",\"@id\":\"https:\/\/ap.com.al\/?page_id=7980#primaryimage\",\"url\":\"https:\/\/ap.com.al\/wp-content\/uploads\/2022\/03\/Asset-53-1.png\",\"contentUrl\":\"https:\/\/ap.com.al\/wp-content\/uploads\/2022\/03\/Asset-53-1.png\",\"width\":355,\"height\":354},{\"@type\":\"WebPage\",\"@id\":\"https:\/\/ap.com.al\/?page_id=7980#webpage\",\"url\":\"https:\/\/ap.com.al\/?page_id=7980\",\"name\":\"SCHAUMANN ZIEGENPROFI - Austria Praemix\",\"isPartOf\":{\"@id\":\"https:\/\/ap.com.al\/#website\"},\"primaryImageOfPage\":{\"@id\":\"https:\/\/ap.com.al\/?page_id=7980#primaryimage\"},\"datePublished\":\"2022-05-31T11:51:03+00:00\",\"dateModified\":\"2022-05-31T12:23:07+00:00\",\"breadcrumb\":{\"@id\":\"https:\/\/ap.com.al\/?page_id=7980#breadcrumb\"},\"inLanguage\":\"en-US\",\"potentialAction\":[{\"@type\":\"ReadAction\",\"target\":[\"https:\/\/ap.com.al\/?page_id=7980\"]}]},{\"@type\":\"BreadcrumbList\",\"@id\":\"https:\/\/ap.com.al\/?page_id=7980#breadcrumb\",\"itemListElement\":[{\"@type\":\"ListItem\",\"position\":1,\"name\":\"Home\",\"item\":\"https:\/\/ap.com.al\/\"},{\"@type\":\"ListItem\",\"position\":2,\"name\":\"SCHAUMANN ZIEGENPROFI\"}]}]}<\/script>\n<!-- \/ Yoast SEO plugin. -->","yoast_head_json":{"title":"SCHAUMANN ZIEGENPROFI - Austria Praemix","robots":{"index":"index","follow":"follow","max-snippet":"max-snippet:-1","max-image-preview":"max-image-preview:large","max-video-preview":"max-video-preview:-1"},"canonical":"https:\/\/ap.com.al\/?page_id=7980","og_locale":"en_US","og_type":"article","og_title":"SCHAUMANN ZIEGENPROFI - Austria Praemix","og_description":"SCHAUMANN ZIEGENPROFI P\u00ebr rendimente maksimale tek dhit\u00eb n\u00eb laktacion Premiksi i kompanis\u00eb Schaumann SCHAUMANN ZIEGENPROFI dallohet p\u00ebr vetit\u00eb e tij t\u00eb m\u00ebposhtme: Shije optimale t\u00eb produktit Konsumi i lart\u00eb Stabilizon metabolizmin Premiks me p\u00ebrmbajtje bakri P\u00ebrmbajtje t\u00eb larte n\u00eb vitamin\u00eb A, D3 dhe E Mineralizim t\u00eb koordinuar t\u00eb produktit I p\u00ebrshtatsh\u00ebm edhe p\u00ebr fermat SCHA [&hellip;]","og_url":"https:\/\/ap.com.al\/?page_id=7980","og_site_name":"Austria Praemix","article_publisher":"https:\/\/www.facebook.com\/austriapraemiks\/","article_modified_time":"2022-05-31T12:23:07+00:00","og_image":[{"url":"https:\/\/ap.com.al\/wp-content\/uploads\/2022\/03\/Asset-53-1.png"}],"twitter_card":"summary_large_image","twitter_misc":{"Est. reading time":"1 minute"},"schema":{"@context":"https:\/\/schema.org","@graph":[{"@type":"Organization","@id":"https:\/\/ap.com.al\/#organization","name":"Austria Preamix","url":"https:\/\/ap.com.al\/","sameAs":["https:\/\/www.instagram.com\/austriapraemix\/","https:\/\/www.facebook.com\/austriapraemiks\/"],"logo":{"@type":"ImageObject","inLanguage":"en-US","@id":"https:\/\/ap.com.al\/#\/schema\/logo\/image\/","url":"https:\/\/ap.com.al\/wp-content\/uploads\/2022\/02\/AP-logo.png","contentUrl":"https:\/\/ap.com.al\/wp-content\/uploads\/2022\/02\/AP-logo.png","width":3358,"height":1616,"caption":"Austria Preamix"},"image":{"@id":"https:\/\/ap.com.al\/#\/schema\/logo\/image\/"}},{"@type":"WebSite","@id":"https:\/\/ap.com.al\/#website","url":"https:\/\/ap.com.al\/","name":"Austria Praemix","description":"","publisher":{"@id":"https:\/\/ap.com.al\/#organization"},"potentialAction":[{"@type":"SearchAction","target":{"@type":"EntryPoint","urlTemplate":"https:\/\/ap.com.al\/?s={search_term_string}"},"query-input":"required name=search_term_string"}],"inLanguage":"en-US"},{"@type":"ImageObject","inLanguage":"en-US","@id":"https:\/\/ap.com.al\/?page_id=7980#primaryimage","url":"https:\/\/ap.com.al\/wp-content\/uploads\/2022\/03\/Asset-53-1.png","contentUrl":"https:\/\/ap.com.al\/wp-content\/uploads\/2022\/03\/Asset-53-1.png","width":355,"height":354},{"@type":"WebPage","@id":"https:\/\/ap.com.al\/?page_id=7980#webpage","url":"https:\/\/ap.com.al\/?page_id=7980","name":"SCHAUMANN ZIEGENPROFI - Austria Praemix","isPartOf":{"@id":"https:\/\/ap.com.al\/#website"},"primaryImageOfPage":{"@id":"https:\/\/ap.com.al\/?page_id=7980#primaryimage"},"datePublished":"2022-05-31T11:51:03+00:00","dateModified":"2022-05-31T12:23:07+00:00","breadcrumb":{"@id":"https:\/\/ap.com.al\/?page_id=7980#breadcrumb"},"inLanguage":"en-US","potentialAction":[{"@type":"ReadAction","target":["https:\/\/ap.com.al\/?page_id=7980"]}]},{"@type":"BreadcrumbList","@id":"https:\/\/ap.com.al\/?page_id=7980#breadcrumb","itemListElement":[{"@type":"ListItem","position":1,"name":"Home","item":"https:\/\/ap.com.al\/"},{"@type":"ListItem","position":2,"name":"SCHAUMANN ZIEGENPROFI"}]}]}},"_links":{"self":[{"href":"https:\/\/ap.com.al\/index.php?rest_route=\/wp\/v2\/pages\/7980","targetHints":{"allow":["GET"]}}],"collection":[{"href":"https:\/\/ap.com.al\/index.php?rest_route=\/wp\/v2\/pages"}],"about":[{"href":"https:\/\/ap.com.al\/index.php?rest_route=\/wp\/v2\/types\/page"}],"author":[{"embeddable":true,"href":"https:\/\/ap.com.al\/index.php?rest_route=\/wp\/v2\/users\/1"}],"replies":[{"embeddable":true,"href":"https:\/\/ap.com.al\/index.php?rest_route=%2Fwp%2Fv2%2Fcomments&post=7980"}],"version-history":[{"count":4,"href":"https:\/\/ap.com.al\/index.php?rest_route=\/wp\/v2\/pages\/7980\/revisions"}],"predecessor-version":[{"id":7989,"href":"https:\/\/ap.com.al\/index.php?rest_route=\/wp\/v2\/pages\/7980\/revisions\/7989"}],"wp:attachment":[{"href":"https:\/\/ap.com.al\/index.php?rest_route=%2Fwp%2Fv2%2Fmedia&parent=7980"}],"curies":[{"name":"wp","href":"https:\/\/api.w.org\/{rel}","templated":true}]}}