{"id":7997,"date":"2022-05-31T13:08:58","date_gmt":"2022-05-31T13:08:58","guid":{"rendered":"https:\/\/ap.com.al\/?page_id=7997"},"modified":"2022-05-31T13:08:59","modified_gmt":"2022-05-31T13:08:59","slug":"millaphos-pro","status":"publish","type":"page","link":"https:\/\/ap.com.al\/?page_id=7997","title":{"rendered":"MILLAPHOS PRO"},"content":{"rendered":"\n<style>\n  #oniiii{\n    background-image:url(\"https:\/\/ap.com.al\/wp-content\/uploads\/2022\/05\/Schafe.jpg\");\n    padding-bottom: 32%;\n    background-position:center center;\n    background-repeat: no-repeat;\n    background-size:cover;\n  }\n  <\/style>\n  <script src=\"https:\/\/code.jquery.com\/jquery-3.5.0.js\">\n<\/script>\n\n<div id=\"oniiii\"><\/div>\n \n<script>\n$( \"#oniiii\" ).insertBefore( \".container_wrap_first\" );\n<\/script>\n\n\n\n<div class=\"wp-block-columns\" id=\"containerr\">\n<div class=\"wp-block-column\">\n<div class=\"avia_textblock\" itemprop=\"text\"><h4 style=\"color:#005a8c;\n\"> MILLAPHOS PRO <\/h4>\n<\/div>\n<\/div>\n<\/div>\n\n\n\n<div class=\"wp-block-columns\" id=\"containerr\">\n<div class=\"wp-block-column\">\n<div class=\"detail__certificates-item-icon\">\n<img decoding=\"async\" alt=\" MILLAPHOS PRO \" src=\"https:\/\/ap.com.al\/wp-content\/uploads\/2022\/03\/Asset-50-1.png\">\n<\/div>\n<\/div>\n<\/div>\n\n\n\n<div class=\"wp-block-columns\" id=\"containerr\">\n<div class=\"wp-block-column\">\n<div class=\"list\">\n<div class=\"blue_marker_list\">\n<h4 style=\"padding-top: 20px;\">Premikse p\u00ebr dele n\u00eb laktacion<\/h4>\n<p style=\"margin-top: unset;\">P\u00ebrmbajta n\u00eb komponent\u00eb:<\/p>\n<\/div>\n<table>\n  <tr>\n    <td>Kalcium<\/td>\n    <td>18,0 %<\/td>\n   \n  <\/tr>\n  <tr>\n    <td>Fosfor<\/td>\n    <td>5.5 %<\/td>\n    \n  <\/tr>\n  <tr>\n    <td>Natrium<\/td>\n    <td>6,0 %<\/td>\n   \n  <\/tr>\n  <tr>\n    <td>Magnez<\/td>\n    <td>3,0 %<\/td>\n    \n  <\/tr>\n  <tr>\n    <td>HCl Hi i patretsh\u00ebm<\/td>\n    <td>11,3 %<\/td>\n    \n  <\/tr>\n\n<\/table>\n<\/div>\n\n\n\n<div class=\"list\">\n<div class=\"blue_marker_list\">\n<h4 style=\"padding-top: 20px;\">L\u00ebnd\u00ebt shtes\u00eb p\u00ebr Kg:<\/h4>\n<p style=\"margin-top: unset;\">Vitamina dhe provitamina<\/p>\n<\/div>\n<table>\n  <tr>\n    <td>Vitamin A<\/td>\n    <td>500.000 i.E.<\/td>\n   \n  <\/tr>\n  <tr>\n    <td>Vitamin D3<\/td>\n    <td>50.000 i.E.<\/td>\n    \n  <\/tr>\n  <tr>\n    <td>Vitamin E<\/td>\n    <td>1.000 mg<\/td>\n   \n  <\/tr>\n  \n<\/table>\n<\/div>\n\n\n\n<div class=\"blue_marker_list\">\n\n<h4 style=\"padding: 20px 0;\">Mikroelemente<\/h4>\n<\/div>\n\n\n\n<table>\n  <tr>\n    <td>Hekur (Hekur-(II)-Sulfat, Monohidrat)<\/td>\n    <td>1.200 mg<\/td>\n   \n  <\/tr>\n  <tr>\n    <td>Jod (Jodat Kalciumi, Pa Uj\u00eb)<\/td>\n    <td>40 mg<\/td>\n    \n  <\/tr>\n  <tr>\n    <td>Kobalt (Kobalt-(II)-Karbonat, i mbrojtur)<\/td>\n    <td>20 mg<\/td>\n   \n  <\/tr>\n  <tr>\n    <td>Mangan (Mangan-(II)-Sulfat, Monohidrat)<\/td>\n    <td>4.000 mg<\/td>\n    \n  <\/tr>\n  <tr>\n    <td>Selen (Selenite Natriumi)<\/td>\n    <td>20 mg<\/td>\n    \n  <\/tr>\n<tr>\n    <td>Zink (Oksid Zinku) <\/td>\n    <td>4.000 mg<\/td>\n    \n  <\/tr>\n<tr>\n    <td style=\"font-weight: bold;\">ENZIMA<\/td>\n    <td><\/td>\n    \n  <\/tr>\n<tr>\n    <td>6-Fitaze <\/td>\n    <td>66.670 FTU<\/td>\n    \n  <\/tr>\n<\/table>\n\n\n\n<div class=\"blue_marker_list\">\n<h4 style=\"padding-top: 20px;\"> P\u00ebrb\u00ebrja:<\/h4>\n<ul style=\"list-style-type: square; \n\tpadding-left: 1em;\">\n<li>Karbonat kalciumi<\/li>\n<li>Fosfat monokalciumi<\/li>\n<li>Klorid natriumi<\/li>\n<li>Panxhar i presuar<\/li>\n<li>Oksid magnezi<\/li>\n<li>Vaj bimor (origjin\u00eb luledielli i rafinuar).<\/li>\n<li>P\u00ebrmban nj\u00eb p\u00ebrzierje t\u00eb kompletuar nga Schaumann me vitamina dhe mikroelemente.<\/li>\n\n\n<\/ul>\n<\/div>\n\n\n\n<div class=\"blue_marker_list\">\n<h4 style=\"padding-top: 20px;\"> P\u00ebrdorimi:<\/h4>\n<ul style=\"list-style-type: square; \n\tpadding-left: 1em;\">\n<li>P\u00ebrqindja e lart\u00eb e vitamin\u00ebs A, D3 dhe mikroelementeve b\u00ebn q\u00eb produkti mund t\u00eb p\u00ebrdoret vet\u00ebm p\u00ebr delet e qumeshtit deri n\u00eb 45 gr p\u00ebr kafsh\u00eb t\u00eb imta t\u00eb racionit ditor.<\/li>\n\n\n<\/ul>\n<\/div>\n<\/div>\n<\/div>\n","protected":false},"excerpt":{"rendered":"<p>MILLAPHOS PRO Premikse p\u00ebr dele n\u00eb laktacion P\u00ebrmbajta n\u00eb komponent\u00eb: Kalcium 18,0 % Fosfor 5.5 % Natrium 6,0 % Magnez 3,0 % HCl Hi i patretsh\u00ebm 11,3 % L\u00ebnd\u00ebt shtes\u00eb p\u00ebr Kg: Vitamina dhe provitamina Vitamin A 500.000 i.E. Vitamin D3 50.000 i.E. Vitamin E 1.000 mg Mikroelemente Hekur (Hekur-(II)-Sulfat, Monohidrat) 1.200 mg Jod (Jodat [&hellip;]<\/p>\n","protected":false},"author":1,"featured_media":0,"parent":0,"menu_order":0,"comment_status":"closed","ping_status":"closed","template":"","meta":{"inline_featured_image":false,"footnotes":""},"class_list":["post-7997","page","type-page","status-publish","hentry"],"yoast_head":"<!-- This site is optimized with the Yoast SEO plugin v18.9 - https:\/\/yoast.com\/wordpress\/plugins\/seo\/ -->\n<title>MILLAPHOS PRO - Austria Praemix<\/title>\n<meta name=\"robots\" content=\"index, follow, max-snippet:-1, max-image-preview:large, max-video-preview:-1\" \/>\n<link rel=\"canonical\" href=\"https:\/\/ap.com.al\/?page_id=7997\" \/>\n<meta property=\"og:locale\" content=\"en_US\" \/>\n<meta property=\"og:type\" content=\"article\" \/>\n<meta property=\"og:title\" content=\"MILLAPHOS PRO - Austria Praemix\" \/>\n<meta property=\"og:description\" content=\"MILLAPHOS PRO Premikse p\u00ebr dele n\u00eb laktacion P\u00ebrmbajta n\u00eb komponent\u00eb: Kalcium 18,0 % Fosfor 5.5 % Natrium 6,0 % Magnez 3,0 % HCl Hi i patretsh\u00ebm 11,3 % L\u00ebnd\u00ebt shtes\u00eb p\u00ebr Kg: Vitamina dhe provitamina Vitamin A 500.000 i.E. Vitamin D3 50.000 i.E. Vitamin E 1.000 mg Mikroelemente Hekur (Hekur-(II)-Sulfat, Monohidrat) 1.200 mg Jod (Jodat [&hellip;]\" \/>\n<meta property=\"og:url\" content=\"https:\/\/ap.com.al\/?page_id=7997\" \/>\n<meta property=\"og:site_name\" content=\"Austria Praemix\" \/>\n<meta property=\"article:publisher\" content=\"https:\/\/www.facebook.com\/austriapraemiks\/\" \/>\n<meta property=\"article:modified_time\" content=\"2022-05-31T13:08:59+00:00\" \/>\n<meta property=\"og:image\" content=\"https:\/\/ap.com.al\/wp-content\/uploads\/2022\/03\/Asset-50-1.png\" \/>\n<meta name=\"twitter:card\" content=\"summary_large_image\" \/>\n<meta name=\"twitter:label1\" content=\"Est. reading time\" \/>\n\t<meta name=\"twitter:data1\" content=\"1 minute\" \/>\n<script type=\"application\/ld+json\" class=\"yoast-schema-graph\">{\"@context\":\"https:\/\/schema.org\",\"@graph\":[{\"@type\":\"Organization\",\"@id\":\"https:\/\/ap.com.al\/#organization\",\"name\":\"Austria Preamix\",\"url\":\"https:\/\/ap.com.al\/\",\"sameAs\":[\"https:\/\/www.instagram.com\/austriapraemix\/\",\"https:\/\/www.facebook.com\/austriapraemiks\/\"],\"logo\":{\"@type\":\"ImageObject\",\"inLanguage\":\"en-US\",\"@id\":\"https:\/\/ap.com.al\/#\/schema\/logo\/image\/\",\"url\":\"https:\/\/ap.com.al\/wp-content\/uploads\/2022\/02\/AP-logo.png\",\"contentUrl\":\"https:\/\/ap.com.al\/wp-content\/uploads\/2022\/02\/AP-logo.png\",\"width\":3358,\"height\":1616,\"caption\":\"Austria Preamix\"},\"image\":{\"@id\":\"https:\/\/ap.com.al\/#\/schema\/logo\/image\/\"}},{\"@type\":\"WebSite\",\"@id\":\"https:\/\/ap.com.al\/#website\",\"url\":\"https:\/\/ap.com.al\/\",\"name\":\"Austria Praemix\",\"description\":\"\",\"publisher\":{\"@id\":\"https:\/\/ap.com.al\/#organization\"},\"potentialAction\":[{\"@type\":\"SearchAction\",\"target\":{\"@type\":\"EntryPoint\",\"urlTemplate\":\"https:\/\/ap.com.al\/?s={search_term_string}\"},\"query-input\":\"required name=search_term_string\"}],\"inLanguage\":\"en-US\"},{\"@type\":\"ImageObject\",\"inLanguage\":\"en-US\",\"@id\":\"https:\/\/ap.com.al\/?page_id=7997#primaryimage\",\"url\":\"https:\/\/ap.com.al\/wp-content\/uploads\/2022\/03\/Asset-50-1.png\",\"contentUrl\":\"https:\/\/ap.com.al\/wp-content\/uploads\/2022\/03\/Asset-50-1.png\",\"width\":355,\"height\":354},{\"@type\":\"WebPage\",\"@id\":\"https:\/\/ap.com.al\/?page_id=7997#webpage\",\"url\":\"https:\/\/ap.com.al\/?page_id=7997\",\"name\":\"MILLAPHOS PRO - Austria Praemix\",\"isPartOf\":{\"@id\":\"https:\/\/ap.com.al\/#website\"},\"primaryImageOfPage\":{\"@id\":\"https:\/\/ap.com.al\/?page_id=7997#primaryimage\"},\"datePublished\":\"2022-05-31T13:08:58+00:00\",\"dateModified\":\"2022-05-31T13:08:59+00:00\",\"breadcrumb\":{\"@id\":\"https:\/\/ap.com.al\/?page_id=7997#breadcrumb\"},\"inLanguage\":\"en-US\",\"potentialAction\":[{\"@type\":\"ReadAction\",\"target\":[\"https:\/\/ap.com.al\/?page_id=7997\"]}]},{\"@type\":\"BreadcrumbList\",\"@id\":\"https:\/\/ap.com.al\/?page_id=7997#breadcrumb\",\"itemListElement\":[{\"@type\":\"ListItem\",\"position\":1,\"name\":\"Home\",\"item\":\"https:\/\/ap.com.al\/\"},{\"@type\":\"ListItem\",\"position\":2,\"name\":\"MILLAPHOS PRO\"}]}]}<\/script>\n<!-- \/ Yoast SEO plugin. -->","yoast_head_json":{"title":"MILLAPHOS PRO - Austria Praemix","robots":{"index":"index","follow":"follow","max-snippet":"max-snippet:-1","max-image-preview":"max-image-preview:large","max-video-preview":"max-video-preview:-1"},"canonical":"https:\/\/ap.com.al\/?page_id=7997","og_locale":"en_US","og_type":"article","og_title":"MILLAPHOS PRO - Austria Praemix","og_description":"MILLAPHOS PRO Premikse p\u00ebr dele n\u00eb laktacion P\u00ebrmbajta n\u00eb komponent\u00eb: Kalcium 18,0 % Fosfor 5.5 % Natrium 6,0 % Magnez 3,0 % HCl Hi i patretsh\u00ebm 11,3 % L\u00ebnd\u00ebt shtes\u00eb p\u00ebr Kg: Vitamina dhe provitamina Vitamin A 500.000 i.E. Vitamin D3 50.000 i.E. Vitamin E 1.000 mg Mikroelemente Hekur (Hekur-(II)-Sulfat, Monohidrat) 1.200 mg Jod (Jodat [&hellip;]","og_url":"https:\/\/ap.com.al\/?page_id=7997","og_site_name":"Austria Praemix","article_publisher":"https:\/\/www.facebook.com\/austriapraemiks\/","article_modified_time":"2022-05-31T13:08:59+00:00","og_image":[{"url":"https:\/\/ap.com.al\/wp-content\/uploads\/2022\/03\/Asset-50-1.png"}],"twitter_card":"summary_large_image","twitter_misc":{"Est. reading time":"1 minute"},"schema":{"@context":"https:\/\/schema.org","@graph":[{"@type":"Organization","@id":"https:\/\/ap.com.al\/#organization","name":"Austria Preamix","url":"https:\/\/ap.com.al\/","sameAs":["https:\/\/www.instagram.com\/austriapraemix\/","https:\/\/www.facebook.com\/austriapraemiks\/"],"logo":{"@type":"ImageObject","inLanguage":"en-US","@id":"https:\/\/ap.com.al\/#\/schema\/logo\/image\/","url":"https:\/\/ap.com.al\/wp-content\/uploads\/2022\/02\/AP-logo.png","contentUrl":"https:\/\/ap.com.al\/wp-content\/uploads\/2022\/02\/AP-logo.png","width":3358,"height":1616,"caption":"Austria Preamix"},"image":{"@id":"https:\/\/ap.com.al\/#\/schema\/logo\/image\/"}},{"@type":"WebSite","@id":"https:\/\/ap.com.al\/#website","url":"https:\/\/ap.com.al\/","name":"Austria Praemix","description":"","publisher":{"@id":"https:\/\/ap.com.al\/#organization"},"potentialAction":[{"@type":"SearchAction","target":{"@type":"EntryPoint","urlTemplate":"https:\/\/ap.com.al\/?s={search_term_string}"},"query-input":"required name=search_term_string"}],"inLanguage":"en-US"},{"@type":"ImageObject","inLanguage":"en-US","@id":"https:\/\/ap.com.al\/?page_id=7997#primaryimage","url":"https:\/\/ap.com.al\/wp-content\/uploads\/2022\/03\/Asset-50-1.png","contentUrl":"https:\/\/ap.com.al\/wp-content\/uploads\/2022\/03\/Asset-50-1.png","width":355,"height":354},{"@type":"WebPage","@id":"https:\/\/ap.com.al\/?page_id=7997#webpage","url":"https:\/\/ap.com.al\/?page_id=7997","name":"MILLAPHOS PRO - Austria Praemix","isPartOf":{"@id":"https:\/\/ap.com.al\/#website"},"primaryImageOfPage":{"@id":"https:\/\/ap.com.al\/?page_id=7997#primaryimage"},"datePublished":"2022-05-31T13:08:58+00:00","dateModified":"2022-05-31T13:08:59+00:00","breadcrumb":{"@id":"https:\/\/ap.com.al\/?page_id=7997#breadcrumb"},"inLanguage":"en-US","potentialAction":[{"@type":"ReadAction","target":["https:\/\/ap.com.al\/?page_id=7997"]}]},{"@type":"BreadcrumbList","@id":"https:\/\/ap.com.al\/?page_id=7997#breadcrumb","itemListElement":[{"@type":"ListItem","position":1,"name":"Home","item":"https:\/\/ap.com.al\/"},{"@type":"ListItem","position":2,"name":"MILLAPHOS PRO"}]}]}},"_links":{"self":[{"href":"https:\/\/ap.com.al\/index.php?rest_route=\/wp\/v2\/pages\/7997","targetHints":{"allow":["GET"]}}],"collection":[{"href":"https:\/\/ap.com.al\/index.php?rest_route=\/wp\/v2\/pages"}],"about":[{"href":"https:\/\/ap.com.al\/index.php?rest_route=\/wp\/v2\/types\/page"}],"author":[{"embeddable":true,"href":"https:\/\/ap.com.al\/index.php?rest_route=\/wp\/v2\/users\/1"}],"replies":[{"embeddable":true,"href":"https:\/\/ap.com.al\/index.php?rest_route=%2Fwp%2Fv2%2Fcomments&post=7997"}],"version-history":[{"count":2,"href":"https:\/\/ap.com.al\/index.php?rest_route=\/wp\/v2\/pages\/7997\/revisions"}],"predecessor-version":[{"id":8521,"href":"https:\/\/ap.com.al\/index.php?rest_route=\/wp\/v2\/pages\/7997\/revisions\/8521"}],"wp:attachment":[{"href":"https:\/\/ap.com.al\/index.php?rest_route=%2Fwp%2Fv2%2Fmedia&parent=7997"}],"curies":[{"name":"wp","href":"https:\/\/api.w.org\/{rel}","templated":true}]}}