{"id":8010,"date":"2022-05-31T14:25:57","date_gmt":"2022-05-31T14:25:57","guid":{"rendered":"https:\/\/ap.com.al\/?page_id=8010"},"modified":"2022-05-31T15:18:05","modified_gmt":"2022-05-31T15:18:05","slug":"ovital-br-cv","status":"publish","type":"page","link":"https:\/\/ap.com.al\/?page_id=8010","title":{"rendered":"OVITAL BR CV"},"content":{"rendered":"\n<style>\n  #oniiii{\n    background-image:url(\"https:\/\/ap.com.al\/wp-content\/uploads\/2022\/05\/pula-36x364-1.jpeg\");\n    padding-bottom: 32%;\n    background-position:center center;\n    background-repeat: no-repeat;\n    background-size:cover;\n  }\n  <\/style>\n  <script src=\"https:\/\/code.jquery.com\/jquery-3.5.0.js\">\n<\/script>\n\n<div id=\"oniiii\"><\/div>\n \n<script>\n$( \"#oniiii\" ).insertBefore( \".container_wrap_first\" );\n<\/script>\n\n\n\n<div class=\"wp-block-columns\" id=\"containerr\">\n<div class=\"wp-block-column\">\n<div class=\"avia_textblock\" itemprop=\"text\"><h4 style=\"color:#005a8c;\n\">OVITAL BR CV <\/h4>\n<\/div>\n<\/div>\n<\/div>\n\n\n\n<div class=\"wp-block-columns\" id=\"containerr\">\n<div class=\"wp-block-column\">\n<div class=\"detail__certificates-item-icon\">\n<img decoding=\"async\" alt=\"OVITAL BR CV \" src=\"https:\/\/ap.com.al\/wp-content\/uploads\/2022\/05\/pic_gefluegel.png\">\n<\/div>\n<\/div>\n<\/div>\n\n\n\n<div class=\"wp-block-columns\" id=\"containerr\">\n<div class=\"wp-block-column\">\n<div class=\"blue_marker_list\">\n\n<h4 style=\"padding: 20px 0;\">Majm\u00ebrimi i Broilerit pa probleme\u2013\u00ebsht\u00eb e mundur? <\/h4>\n<p style=\"margin:unset;\">\u00c7do rrit\u00ebs shpendi  p\u00ebr majm\u00ebri e ka t\u00eb qart\u00eb q\u00eb eksperienca, p\u00ebrkujdesja dhe puna e palodhur jan\u00eb t\u00eb domsdoshme p\u00ebr t\u00eb patur nj\u00eb fitim n\u00eb majm\u00ebrin\u00eb e shpendit. Sukseset n\u00eb pun\u00eb k\u00ebrkojn\u00eb nj\u00eb pun\u00eb t\u00eb palodhur n\u00eb t\u00eb ardhmen, dhe rezultatet e mira ndikojn\u00eb n\u00eb sfida t\u00eb reja.\n<\/p>\n<\/div>\n\n\n\n<div class=\"blue_marker_list\">\n<h4 style=\"padding-top: 20px;\"> Ovital BR CV p\u00ebrmban:<\/h4>\n<ul style=\"list-style-type: square; \n\tpadding-left: 1em;\">\n<li>Mikroelement\u00eb dhe p\u00ebrzierje vitaminike dhe aminoacide p\u00ebr faz\u00ebn fillestare p\u00ebr rendiment t\u00eb garantuar \u2013 nj\u00eb superushqim leht\u00ebsisht i tretsh\u00ebm. Ushqehet n\u00eb 2 jav\u00ebt e parat t\u00eb jet\u00ebs s\u00eb shpendit. Plot\u00ebson totalisht nevojat e nj\u00eb shpendi n\u00eb majm\u00ebri n\u00ebp\u00ebrmjet p\u00ebrb\u00ebr\u00ebsve t\u00eb saj jetik.<\/li>\n<li>Produkti jon\u00eb Ovital BR CV z\u00eb nj\u00eb pozicion udh\u00ebheq\u00ebs n\u00eb qarqet profesionale. Ai p\u00ebrb\u00ebhet nga komponent\u00eb t\u00eb p\u00ebrzgjedhur me kujdes me disponushm\u00ebri t\u00eb lart\u00eb dhe t\u00eb shijsh\u00ebm.<\/li>\n<li>Duke p\u00ebrdorur kombinime t\u00eb p\u00ebrsosura dhe substanca aktive me vlera ushqimore t\u00eb larta arrihet t\u00eb krijohet nj\u00eb tretshm\u00ebri e lart\u00eb e garantuar.<\/li>\n\n\n<\/ul>\n<p>\u00cbsht\u00eb mir\u00eb t\u00eb dini q\u00eb ka nj\u00eb partner p\u00ebr ju i cili \u00ebsht\u00eb i besuesh\u00ebm me njohuri t\u00eb sh\u00ebndosha n\u00eb k\u00ebt\u00eb sektor dhe me nj\u00eb p\u00ebrvoj\u00eb t\u00eb gjat\u00eb disavje\u00e7are n\u00eb sektorin e t\u00eb ushqyerit t\u00eb shpendit i cila na mb\u00ebshtet me k\u00ebshillat e tyre efektive.<\/p>\n<\/div>\n<\/div>\n<\/div>\n","protected":false},"excerpt":{"rendered":"<p>OVITAL BR CV Majm\u00ebrimi i Broilerit pa probleme\u2013\u00ebsht\u00eb e mundur? \u00c7do rrit\u00ebs shpendi p\u00ebr majm\u00ebri e ka t\u00eb qart\u00eb q\u00eb eksperienca, p\u00ebrkujdesja dhe puna e palodhur jan\u00eb t\u00eb domsdoshme p\u00ebr t\u00eb patur nj\u00eb fitim n\u00eb majm\u00ebrin\u00eb e shpendit. Sukseset n\u00eb pun\u00eb k\u00ebrkojn\u00eb nj\u00eb pun\u00eb t\u00eb palodhur n\u00eb t\u00eb ardhmen, dhe rezultatet e mira ndikojn\u00eb n\u00eb [&hellip;]<\/p>\n","protected":false},"author":1,"featured_media":0,"parent":0,"menu_order":0,"comment_status":"closed","ping_status":"closed","template":"","meta":{"inline_featured_image":false,"footnotes":""},"class_list":["post-8010","page","type-page","status-publish","hentry"],"yoast_head":"<!-- This site is optimized with the Yoast SEO plugin v18.9 - https:\/\/yoast.com\/wordpress\/plugins\/seo\/ -->\n<title>OVITAL BR CV - Austria Praemix<\/title>\n<meta name=\"robots\" content=\"index, follow, max-snippet:-1, max-image-preview:large, max-video-preview:-1\" \/>\n<link rel=\"canonical\" href=\"https:\/\/ap.com.al\/?page_id=8010\" \/>\n<meta property=\"og:locale\" content=\"en_US\" \/>\n<meta property=\"og:type\" content=\"article\" \/>\n<meta property=\"og:title\" content=\"OVITAL BR CV - Austria Praemix\" \/>\n<meta property=\"og:description\" content=\"OVITAL BR CV Majm\u00ebrimi i Broilerit pa probleme\u2013\u00ebsht\u00eb e mundur? \u00c7do rrit\u00ebs shpendi p\u00ebr majm\u00ebri e ka t\u00eb qart\u00eb q\u00eb eksperienca, p\u00ebrkujdesja dhe puna e palodhur jan\u00eb t\u00eb domsdoshme p\u00ebr t\u00eb patur nj\u00eb fitim n\u00eb majm\u00ebrin\u00eb e shpendit. Sukseset n\u00eb pun\u00eb k\u00ebrkojn\u00eb nj\u00eb pun\u00eb t\u00eb palodhur n\u00eb t\u00eb ardhmen, dhe rezultatet e mira ndikojn\u00eb n\u00eb [&hellip;]\" \/>\n<meta property=\"og:url\" content=\"https:\/\/ap.com.al\/?page_id=8010\" \/>\n<meta property=\"og:site_name\" content=\"Austria Praemix\" \/>\n<meta property=\"article:publisher\" content=\"https:\/\/www.facebook.com\/austriapraemiks\/\" \/>\n<meta property=\"article:modified_time\" content=\"2022-05-31T15:18:05+00:00\" \/>\n<meta property=\"og:image\" content=\"https:\/\/ap.com.al\/wp-content\/uploads\/2022\/05\/pic_gefluegel.png\" \/>\n<meta name=\"twitter:card\" content=\"summary_large_image\" \/>\n<meta name=\"twitter:label1\" content=\"Est. reading time\" \/>\n\t<meta name=\"twitter:data1\" content=\"2 minutes\" \/>\n<script type=\"application\/ld+json\" class=\"yoast-schema-graph\">{\"@context\":\"https:\/\/schema.org\",\"@graph\":[{\"@type\":\"Organization\",\"@id\":\"https:\/\/ap.com.al\/#organization\",\"name\":\"Austria Preamix\",\"url\":\"https:\/\/ap.com.al\/\",\"sameAs\":[\"https:\/\/www.instagram.com\/austriapraemix\/\",\"https:\/\/www.facebook.com\/austriapraemiks\/\"],\"logo\":{\"@type\":\"ImageObject\",\"inLanguage\":\"en-US\",\"@id\":\"https:\/\/ap.com.al\/#\/schema\/logo\/image\/\",\"url\":\"https:\/\/ap.com.al\/wp-content\/uploads\/2022\/02\/AP-logo.png\",\"contentUrl\":\"https:\/\/ap.com.al\/wp-content\/uploads\/2022\/02\/AP-logo.png\",\"width\":3358,\"height\":1616,\"caption\":\"Austria Preamix\"},\"image\":{\"@id\":\"https:\/\/ap.com.al\/#\/schema\/logo\/image\/\"}},{\"@type\":\"WebSite\",\"@id\":\"https:\/\/ap.com.al\/#website\",\"url\":\"https:\/\/ap.com.al\/\",\"name\":\"Austria Praemix\",\"description\":\"\",\"publisher\":{\"@id\":\"https:\/\/ap.com.al\/#organization\"},\"potentialAction\":[{\"@type\":\"SearchAction\",\"target\":{\"@type\":\"EntryPoint\",\"urlTemplate\":\"https:\/\/ap.com.al\/?s={search_term_string}\"},\"query-input\":\"required name=search_term_string\"}],\"inLanguage\":\"en-US\"},{\"@type\":\"ImageObject\",\"inLanguage\":\"en-US\",\"@id\":\"https:\/\/ap.com.al\/?page_id=8010#primaryimage\",\"url\":\"https:\/\/ap.com.al\/wp-content\/uploads\/2022\/05\/pic_gefluegel.png\",\"contentUrl\":\"https:\/\/ap.com.al\/wp-content\/uploads\/2022\/05\/pic_gefluegel.png\",\"width\":354,\"height\":353},{\"@type\":\"WebPage\",\"@id\":\"https:\/\/ap.com.al\/?page_id=8010#webpage\",\"url\":\"https:\/\/ap.com.al\/?page_id=8010\",\"name\":\"OVITAL BR CV - Austria Praemix\",\"isPartOf\":{\"@id\":\"https:\/\/ap.com.al\/#website\"},\"primaryImageOfPage\":{\"@id\":\"https:\/\/ap.com.al\/?page_id=8010#primaryimage\"},\"datePublished\":\"2022-05-31T14:25:57+00:00\",\"dateModified\":\"2022-05-31T15:18:05+00:00\",\"breadcrumb\":{\"@id\":\"https:\/\/ap.com.al\/?page_id=8010#breadcrumb\"},\"inLanguage\":\"en-US\",\"potentialAction\":[{\"@type\":\"ReadAction\",\"target\":[\"https:\/\/ap.com.al\/?page_id=8010\"]}]},{\"@type\":\"BreadcrumbList\",\"@id\":\"https:\/\/ap.com.al\/?page_id=8010#breadcrumb\",\"itemListElement\":[{\"@type\":\"ListItem\",\"position\":1,\"name\":\"Home\",\"item\":\"https:\/\/ap.com.al\/\"},{\"@type\":\"ListItem\",\"position\":2,\"name\":\"OVITAL BR CV\"}]}]}<\/script>\n<!-- \/ Yoast SEO plugin. -->","yoast_head_json":{"title":"OVITAL BR CV - Austria Praemix","robots":{"index":"index","follow":"follow","max-snippet":"max-snippet:-1","max-image-preview":"max-image-preview:large","max-video-preview":"max-video-preview:-1"},"canonical":"https:\/\/ap.com.al\/?page_id=8010","og_locale":"en_US","og_type":"article","og_title":"OVITAL BR CV - Austria Praemix","og_description":"OVITAL BR CV Majm\u00ebrimi i Broilerit pa probleme\u2013\u00ebsht\u00eb e mundur? \u00c7do rrit\u00ebs shpendi p\u00ebr majm\u00ebri e ka t\u00eb qart\u00eb q\u00eb eksperienca, p\u00ebrkujdesja dhe puna e palodhur jan\u00eb t\u00eb domsdoshme p\u00ebr t\u00eb patur nj\u00eb fitim n\u00eb majm\u00ebrin\u00eb e shpendit. Sukseset n\u00eb pun\u00eb k\u00ebrkojn\u00eb nj\u00eb pun\u00eb t\u00eb palodhur n\u00eb t\u00eb ardhmen, dhe rezultatet e mira ndikojn\u00eb n\u00eb [&hellip;]","og_url":"https:\/\/ap.com.al\/?page_id=8010","og_site_name":"Austria Praemix","article_publisher":"https:\/\/www.facebook.com\/austriapraemiks\/","article_modified_time":"2022-05-31T15:18:05+00:00","og_image":[{"url":"https:\/\/ap.com.al\/wp-content\/uploads\/2022\/05\/pic_gefluegel.png"}],"twitter_card":"summary_large_image","twitter_misc":{"Est. reading time":"2 minutes"},"schema":{"@context":"https:\/\/schema.org","@graph":[{"@type":"Organization","@id":"https:\/\/ap.com.al\/#organization","name":"Austria Preamix","url":"https:\/\/ap.com.al\/","sameAs":["https:\/\/www.instagram.com\/austriapraemix\/","https:\/\/www.facebook.com\/austriapraemiks\/"],"logo":{"@type":"ImageObject","inLanguage":"en-US","@id":"https:\/\/ap.com.al\/#\/schema\/logo\/image\/","url":"https:\/\/ap.com.al\/wp-content\/uploads\/2022\/02\/AP-logo.png","contentUrl":"https:\/\/ap.com.al\/wp-content\/uploads\/2022\/02\/AP-logo.png","width":3358,"height":1616,"caption":"Austria Preamix"},"image":{"@id":"https:\/\/ap.com.al\/#\/schema\/logo\/image\/"}},{"@type":"WebSite","@id":"https:\/\/ap.com.al\/#website","url":"https:\/\/ap.com.al\/","name":"Austria Praemix","description":"","publisher":{"@id":"https:\/\/ap.com.al\/#organization"},"potentialAction":[{"@type":"SearchAction","target":{"@type":"EntryPoint","urlTemplate":"https:\/\/ap.com.al\/?s={search_term_string}"},"query-input":"required name=search_term_string"}],"inLanguage":"en-US"},{"@type":"ImageObject","inLanguage":"en-US","@id":"https:\/\/ap.com.al\/?page_id=8010#primaryimage","url":"https:\/\/ap.com.al\/wp-content\/uploads\/2022\/05\/pic_gefluegel.png","contentUrl":"https:\/\/ap.com.al\/wp-content\/uploads\/2022\/05\/pic_gefluegel.png","width":354,"height":353},{"@type":"WebPage","@id":"https:\/\/ap.com.al\/?page_id=8010#webpage","url":"https:\/\/ap.com.al\/?page_id=8010","name":"OVITAL BR CV - Austria Praemix","isPartOf":{"@id":"https:\/\/ap.com.al\/#website"},"primaryImageOfPage":{"@id":"https:\/\/ap.com.al\/?page_id=8010#primaryimage"},"datePublished":"2022-05-31T14:25:57+00:00","dateModified":"2022-05-31T15:18:05+00:00","breadcrumb":{"@id":"https:\/\/ap.com.al\/?page_id=8010#breadcrumb"},"inLanguage":"en-US","potentialAction":[{"@type":"ReadAction","target":["https:\/\/ap.com.al\/?page_id=8010"]}]},{"@type":"BreadcrumbList","@id":"https:\/\/ap.com.al\/?page_id=8010#breadcrumb","itemListElement":[{"@type":"ListItem","position":1,"name":"Home","item":"https:\/\/ap.com.al\/"},{"@type":"ListItem","position":2,"name":"OVITAL BR CV"}]}]}},"_links":{"self":[{"href":"https:\/\/ap.com.al\/index.php?rest_route=\/wp\/v2\/pages\/8010","targetHints":{"allow":["GET"]}}],"collection":[{"href":"https:\/\/ap.com.al\/index.php?rest_route=\/wp\/v2\/pages"}],"about":[{"href":"https:\/\/ap.com.al\/index.php?rest_route=\/wp\/v2\/types\/page"}],"author":[{"embeddable":true,"href":"https:\/\/ap.com.al\/index.php?rest_route=\/wp\/v2\/users\/1"}],"replies":[{"embeddable":true,"href":"https:\/\/ap.com.al\/index.php?rest_route=%2Fwp%2Fv2%2Fcomments&post=8010"}],"version-history":[{"count":2,"href":"https:\/\/ap.com.al\/index.php?rest_route=\/wp\/v2\/pages\/8010\/revisions"}],"predecessor-version":[{"id":8035,"href":"https:\/\/ap.com.al\/index.php?rest_route=\/wp\/v2\/pages\/8010\/revisions\/8035"}],"wp:attachment":[{"href":"https:\/\/ap.com.al\/index.php?rest_route=%2Fwp%2Fv2%2Fmedia&parent=8010"}],"curies":[{"name":"wp","href":"https:\/\/api.w.org\/{rel}","templated":true}]}}