{"id":8134,"date":"2022-06-01T12:17:13","date_gmt":"2022-06-01T12:17:13","guid":{"rendered":"https:\/\/ap.com.al\/?page_id=8134"},"modified":"2022-06-01T12:17:13","modified_gmt":"2022-06-01T12:17:13","slug":"schaumacid-drink","status":"publish","type":"page","link":"https:\/\/ap.com.al\/?page_id=8134","title":{"rendered":"SCHAUMACID DRINK"},"content":{"rendered":"\n<style>\n  #oniiii{\n    background-image:url(\"https:\/\/ap.com.al\/wp-content\/uploads\/2022\/04\/pesturesandmeadows-scaled.jpg\");\n    padding-bottom: 32%;\n    background-position:center bottom;\n    background-repeat: no-repeat;\n    background-size:cover;\n  }\n  <\/style>\n  <script src=\"https:\/\/code.jquery.com\/jquery-3.5.0.js\">\n<\/script>\n\n<div id=\"oniiii\"><\/div>\n \n<script>\n$( \"#oniiii\" ).insertBefore( \".container_wrap_first\" );\n<\/script>\n\n\n\n<div class=\"wp-block-columns\" id=\"containerr\">\n<div class=\"wp-block-column\">\n<div class=\"avia_textblock\" itemprop=\"text\"><h4 style=\"color:#005a8c;\n\">SCHAUMACID DRINK <\/h4>\n<\/div>\n<\/div>\n<\/div>\n\n\n\n<div class=\"wp-block-columns\" id=\"containerr\">\n<div class=\"wp-block-column\">\n<div class=\"detail__certificates-item-icon\">\n<img decoding=\"async\" alt=\"SCHAUMACID DRINK \" src=\"https:\/\/ap.com.al\/wp-content\/uploads\/2022\/05\/oeko.png\">\n<\/div>\n<\/div>\n<\/div>\n\n\n\n<div class=\"wp-block-columns\" id=\"containerr\">\n<div class=\"wp-block-column\">\n<div class=\"blue_marker_list\">\n\n<h4 style=\"padding: 20px 0;\">Higjen\u00eb efektive e ujit t\u00eb pijsh\u00ebm<\/h4>\n<p style=\"margin:unset\">N\u00eb sistemin tret\u00ebs t\u00eb kafsh\u00ebve nga natyra jan\u00eb t\u00eb pranishme lloje t\u00eb ndryshme e bakterieve. Tek nj\u00eb kafsh\u00eb e sh\u00ebndetshme ka nj\u00eb ekuilib\u00ebr midis bakterieve, k\u00ebshtu q\u00eb numri i bakterieve patogjen\u00eb \u00ebsht\u00eb i kufizuar. N\u00ebse  ky  ekuilib\u00ebr  prishet si p.sh  nga  faktori stres, at\u00ebher\u00eb  mund t\u00eb shkaktohet nj\u00eb diarre infektive. Pasoja \u00ebsht\u00eb p\u00ebrkeq\u00ebsimi i rezultateve t\u00eb prodhimit.\n<\/p>\n<p style=\" font-style: italic;\">P\u00ebrdorimi i SCHAUMACID DRINK  kontribuon n\u00eb stabilizimin e ekuilibrit t\u00eb flor\u00ebs bakteriale n\u00eb traktin e sistemit tret\u00ebs<\/p>\n\n\n<\/div>\n\n\n\n<div class=\"blue_marker_list\">\n\n<h4 style=\"padding: 20px 0;\">Karakteristikat:<\/h4>\n<ul style=\"list-style-type: square; \n\tpadding-left: 1em;\">\n<li>Kombinim  i  acideve  unike  t\u00eb  ndrysh\u00ebm me spekt\u00ebr t\u00eb gjer\u00eb.<\/li>\n<li>Mb\u00ebshtetja bakterieve pozitive n\u00eb zorr\u00eb mund\u00ebson shtesa peshe m\u00eb t\u00eb larta ditore dhe nj\u00eb konvertim ushqimi m\u00eb efikas.<\/li>\n<li>P\u00ebrmes  nj\u00eb  vlere  t\u00eb  ul\u00ebt  t\u00eb  pH  \u00ebsht\u00eb reduktuar rritja e  bakterieve negative si\u00e7 \u00ebsht\u00eb E. Coli.<\/li>\n<li>Nj\u00eb r\u00ebnie edhe m\u00eb e shpejt\u00eb e pH ndihmon n\u00eb p\u00ebrmir\u00ebsimin e higjen\u00ebs s\u00eb ujit.<\/li>\n<li>Nj\u00eb aplikim m\u00eb i sigurt dhe m\u00eb i shpejt\u00eb p\u00ebr shkak t\u00eb shkall\u00ebs s\u00eb ul\u00ebt t\u00eb avullimit dhe mospranis\u00eb s\u00eb korrosivitetit.<\/li>\n\n<\/ul>\n<\/div>\n\n\n\n<div class=\"blue_marker_list\">\n\n<h4 style=\"padding: 20px 0;\">P\u00ebrdorimi:<\/h4>\n<ul style=\"list-style-type: square; \n\tpadding-left: 1em;\">\n<li>Mund t\u00eb p\u00ebrdoret tek derrat dhe tek shpend\u00ebt<\/li>\n<li>Shpend\u00ebt: 0,05-0,2%<\/li>\n<li>Gicat: 0,2-0,4%<\/li>\n<li>Derra n\u00eb faz\u00ebn e majm\u00ebris\u00eb dhe dosa: 0,2%<\/li>\n<li>N\u00eb situata stresi: deri n\u00eb 0,4%<\/li>\n\n<\/ul>\n<\/div>\n\n\n\n<div class=\"blue_marker_list\">\n\n<h4 style=\"padding: 20px 0;\">Informacione t\u00eb m\u00ebtejshme:<\/h4>\n<ul style=\"list-style-type: square; \n\tpadding-left: 1em;\">\n<li>SCHAUMACID DRINK mund t\u00eb p\u00ebrdoret n\u00eb m\u00ebnyr\u00eb t\u00eb vazhdueshme ose  n\u00eb intervale kohore prej 6 or\u00ebsh n\u00eb dit\u00eb. N\u00ebse p\u00ebrdoren medikamente ose vaksina ndaloni p\u00ebrdorimin e SCHAUMAACID DRINK n\u00eb uj\u00eb.<\/li>\n\n<\/ul>\n<\/div>\n<\/div>\n<\/div>\n","protected":false},"excerpt":{"rendered":"<p>SCHAUMACID DRINK Higjen\u00eb efektive e ujit t\u00eb pijsh\u00ebm N\u00eb sistemin tret\u00ebs t\u00eb kafsh\u00ebve nga natyra jan\u00eb t\u00eb pranishme lloje t\u00eb ndryshme e bakterieve. Tek nj\u00eb kafsh\u00eb e sh\u00ebndetshme ka nj\u00eb ekuilib\u00ebr midis bakterieve, k\u00ebshtu q\u00eb numri i bakterieve patogjen\u00eb \u00ebsht\u00eb i kufizuar. N\u00ebse ky ekuilib\u00ebr prishet si p.sh nga faktori stres, at\u00ebher\u00eb mund t\u00eb shkaktohet [&hellip;]<\/p>\n","protected":false},"author":1,"featured_media":0,"parent":0,"menu_order":0,"comment_status":"closed","ping_status":"closed","template":"","meta":{"inline_featured_image":false,"footnotes":""},"class_list":["post-8134","page","type-page","status-publish","hentry"],"yoast_head":"<!-- This site is optimized with the Yoast SEO plugin v18.9 - https:\/\/yoast.com\/wordpress\/plugins\/seo\/ -->\n<title>SCHAUMACID DRINK - Austria Praemix<\/title>\n<meta name=\"robots\" content=\"index, follow, max-snippet:-1, max-image-preview:large, max-video-preview:-1\" \/>\n<link rel=\"canonical\" href=\"https:\/\/ap.com.al\/?page_id=8134\" \/>\n<meta property=\"og:locale\" content=\"en_US\" \/>\n<meta property=\"og:type\" content=\"article\" \/>\n<meta property=\"og:title\" content=\"SCHAUMACID DRINK - Austria Praemix\" \/>\n<meta property=\"og:description\" content=\"SCHAUMACID DRINK Higjen\u00eb efektive e ujit t\u00eb pijsh\u00ebm N\u00eb sistemin tret\u00ebs t\u00eb kafsh\u00ebve nga natyra jan\u00eb t\u00eb pranishme lloje t\u00eb ndryshme e bakterieve. Tek nj\u00eb kafsh\u00eb e sh\u00ebndetshme ka nj\u00eb ekuilib\u00ebr midis bakterieve, k\u00ebshtu q\u00eb numri i bakterieve patogjen\u00eb \u00ebsht\u00eb i kufizuar. N\u00ebse ky ekuilib\u00ebr prishet si p.sh nga faktori stres, at\u00ebher\u00eb mund t\u00eb shkaktohet [&hellip;]\" \/>\n<meta property=\"og:url\" content=\"https:\/\/ap.com.al\/?page_id=8134\" \/>\n<meta property=\"og:site_name\" content=\"Austria Praemix\" \/>\n<meta property=\"article:publisher\" content=\"https:\/\/www.facebook.com\/austriapraemiks\/\" \/>\n<meta property=\"og:image\" content=\"https:\/\/ap.com.al\/wp-content\/uploads\/2022\/05\/oeko.png\" \/>\n<meta name=\"twitter:card\" content=\"summary_large_image\" \/>\n<meta name=\"twitter:label1\" content=\"Est. reading time\" \/>\n\t<meta name=\"twitter:data1\" content=\"2 minutes\" \/>\n<script type=\"application\/ld+json\" class=\"yoast-schema-graph\">{\"@context\":\"https:\/\/schema.org\",\"@graph\":[{\"@type\":\"Organization\",\"@id\":\"https:\/\/ap.com.al\/#organization\",\"name\":\"Austria Preamix\",\"url\":\"https:\/\/ap.com.al\/\",\"sameAs\":[\"https:\/\/www.instagram.com\/austriapraemix\/\",\"https:\/\/www.facebook.com\/austriapraemiks\/\"],\"logo\":{\"@type\":\"ImageObject\",\"inLanguage\":\"en-US\",\"@id\":\"https:\/\/ap.com.al\/#\/schema\/logo\/image\/\",\"url\":\"https:\/\/ap.com.al\/wp-content\/uploads\/2022\/02\/AP-logo.png\",\"contentUrl\":\"https:\/\/ap.com.al\/wp-content\/uploads\/2022\/02\/AP-logo.png\",\"width\":3358,\"height\":1616,\"caption\":\"Austria Preamix\"},\"image\":{\"@id\":\"https:\/\/ap.com.al\/#\/schema\/logo\/image\/\"}},{\"@type\":\"WebSite\",\"@id\":\"https:\/\/ap.com.al\/#website\",\"url\":\"https:\/\/ap.com.al\/\",\"name\":\"Austria Praemix\",\"description\":\"\",\"publisher\":{\"@id\":\"https:\/\/ap.com.al\/#organization\"},\"potentialAction\":[{\"@type\":\"SearchAction\",\"target\":{\"@type\":\"EntryPoint\",\"urlTemplate\":\"https:\/\/ap.com.al\/?s={search_term_string}\"},\"query-input\":\"required name=search_term_string\"}],\"inLanguage\":\"en-US\"},{\"@type\":\"ImageObject\",\"inLanguage\":\"en-US\",\"@id\":\"https:\/\/ap.com.al\/?page_id=8134#primaryimage\",\"url\":\"https:\/\/ap.com.al\/wp-content\/uploads\/2022\/05\/oeko.png\",\"contentUrl\":\"https:\/\/ap.com.al\/wp-content\/uploads\/2022\/05\/oeko.png\",\"width\":351,\"height\":351},{\"@type\":\"WebPage\",\"@id\":\"https:\/\/ap.com.al\/?page_id=8134#webpage\",\"url\":\"https:\/\/ap.com.al\/?page_id=8134\",\"name\":\"SCHAUMACID DRINK - Austria Praemix\",\"isPartOf\":{\"@id\":\"https:\/\/ap.com.al\/#website\"},\"primaryImageOfPage\":{\"@id\":\"https:\/\/ap.com.al\/?page_id=8134#primaryimage\"},\"datePublished\":\"2022-06-01T12:17:13+00:00\",\"dateModified\":\"2022-06-01T12:17:13+00:00\",\"breadcrumb\":{\"@id\":\"https:\/\/ap.com.al\/?page_id=8134#breadcrumb\"},\"inLanguage\":\"en-US\",\"potentialAction\":[{\"@type\":\"ReadAction\",\"target\":[\"https:\/\/ap.com.al\/?page_id=8134\"]}]},{\"@type\":\"BreadcrumbList\",\"@id\":\"https:\/\/ap.com.al\/?page_id=8134#breadcrumb\",\"itemListElement\":[{\"@type\":\"ListItem\",\"position\":1,\"name\":\"Home\",\"item\":\"https:\/\/ap.com.al\/\"},{\"@type\":\"ListItem\",\"position\":2,\"name\":\"SCHAUMACID DRINK\"}]}]}<\/script>\n<!-- \/ Yoast SEO plugin. -->","yoast_head_json":{"title":"SCHAUMACID DRINK - Austria Praemix","robots":{"index":"index","follow":"follow","max-snippet":"max-snippet:-1","max-image-preview":"max-image-preview:large","max-video-preview":"max-video-preview:-1"},"canonical":"https:\/\/ap.com.al\/?page_id=8134","og_locale":"en_US","og_type":"article","og_title":"SCHAUMACID DRINK - Austria Praemix","og_description":"SCHAUMACID DRINK Higjen\u00eb efektive e ujit t\u00eb pijsh\u00ebm N\u00eb sistemin tret\u00ebs t\u00eb kafsh\u00ebve nga natyra jan\u00eb t\u00eb pranishme lloje t\u00eb ndryshme e bakterieve. Tek nj\u00eb kafsh\u00eb e sh\u00ebndetshme ka nj\u00eb ekuilib\u00ebr midis bakterieve, k\u00ebshtu q\u00eb numri i bakterieve patogjen\u00eb \u00ebsht\u00eb i kufizuar. N\u00ebse ky ekuilib\u00ebr prishet si p.sh nga faktori stres, at\u00ebher\u00eb mund t\u00eb shkaktohet [&hellip;]","og_url":"https:\/\/ap.com.al\/?page_id=8134","og_site_name":"Austria Praemix","article_publisher":"https:\/\/www.facebook.com\/austriapraemiks\/","og_image":[{"url":"https:\/\/ap.com.al\/wp-content\/uploads\/2022\/05\/oeko.png"}],"twitter_card":"summary_large_image","twitter_misc":{"Est. reading time":"2 minutes"},"schema":{"@context":"https:\/\/schema.org","@graph":[{"@type":"Organization","@id":"https:\/\/ap.com.al\/#organization","name":"Austria Preamix","url":"https:\/\/ap.com.al\/","sameAs":["https:\/\/www.instagram.com\/austriapraemix\/","https:\/\/www.facebook.com\/austriapraemiks\/"],"logo":{"@type":"ImageObject","inLanguage":"en-US","@id":"https:\/\/ap.com.al\/#\/schema\/logo\/image\/","url":"https:\/\/ap.com.al\/wp-content\/uploads\/2022\/02\/AP-logo.png","contentUrl":"https:\/\/ap.com.al\/wp-content\/uploads\/2022\/02\/AP-logo.png","width":3358,"height":1616,"caption":"Austria Preamix"},"image":{"@id":"https:\/\/ap.com.al\/#\/schema\/logo\/image\/"}},{"@type":"WebSite","@id":"https:\/\/ap.com.al\/#website","url":"https:\/\/ap.com.al\/","name":"Austria Praemix","description":"","publisher":{"@id":"https:\/\/ap.com.al\/#organization"},"potentialAction":[{"@type":"SearchAction","target":{"@type":"EntryPoint","urlTemplate":"https:\/\/ap.com.al\/?s={search_term_string}"},"query-input":"required name=search_term_string"}],"inLanguage":"en-US"},{"@type":"ImageObject","inLanguage":"en-US","@id":"https:\/\/ap.com.al\/?page_id=8134#primaryimage","url":"https:\/\/ap.com.al\/wp-content\/uploads\/2022\/05\/oeko.png","contentUrl":"https:\/\/ap.com.al\/wp-content\/uploads\/2022\/05\/oeko.png","width":351,"height":351},{"@type":"WebPage","@id":"https:\/\/ap.com.al\/?page_id=8134#webpage","url":"https:\/\/ap.com.al\/?page_id=8134","name":"SCHAUMACID DRINK - Austria Praemix","isPartOf":{"@id":"https:\/\/ap.com.al\/#website"},"primaryImageOfPage":{"@id":"https:\/\/ap.com.al\/?page_id=8134#primaryimage"},"datePublished":"2022-06-01T12:17:13+00:00","dateModified":"2022-06-01T12:17:13+00:00","breadcrumb":{"@id":"https:\/\/ap.com.al\/?page_id=8134#breadcrumb"},"inLanguage":"en-US","potentialAction":[{"@type":"ReadAction","target":["https:\/\/ap.com.al\/?page_id=8134"]}]},{"@type":"BreadcrumbList","@id":"https:\/\/ap.com.al\/?page_id=8134#breadcrumb","itemListElement":[{"@type":"ListItem","position":1,"name":"Home","item":"https:\/\/ap.com.al\/"},{"@type":"ListItem","position":2,"name":"SCHAUMACID DRINK"}]}]}},"_links":{"self":[{"href":"https:\/\/ap.com.al\/index.php?rest_route=\/wp\/v2\/pages\/8134","targetHints":{"allow":["GET"]}}],"collection":[{"href":"https:\/\/ap.com.al\/index.php?rest_route=\/wp\/v2\/pages"}],"about":[{"href":"https:\/\/ap.com.al\/index.php?rest_route=\/wp\/v2\/types\/page"}],"author":[{"embeddable":true,"href":"https:\/\/ap.com.al\/index.php?rest_route=\/wp\/v2\/users\/1"}],"replies":[{"embeddable":true,"href":"https:\/\/ap.com.al\/index.php?rest_route=%2Fwp%2Fv2%2Fcomments&post=8134"}],"version-history":[{"count":1,"href":"https:\/\/ap.com.al\/index.php?rest_route=\/wp\/v2\/pages\/8134\/revisions"}],"predecessor-version":[{"id":8135,"href":"https:\/\/ap.com.al\/index.php?rest_route=\/wp\/v2\/pages\/8134\/revisions\/8135"}],"wp:attachment":[{"href":"https:\/\/ap.com.al\/index.php?rest_route=%2Fwp%2Fv2%2Fmedia&parent=8134"}],"curies":[{"name":"wp","href":"https:\/\/api.w.org\/{rel}","templated":true}]}}