{"id":8200,"date":"2022-06-02T09:26:11","date_gmt":"2022-06-02T09:26:11","guid":{"rendered":"https:\/\/ap.com.al\/?page_id=8200"},"modified":"2022-06-02T09:26:29","modified_gmt":"2022-06-02T09:26:29","slug":"coxiril-0-2-mikrogranulat","status":"publish","type":"page","link":"https:\/\/ap.com.al\/?page_id=8200","title":{"rendered":"COXIRIL 0.2% MIKROGRANULAT"},"content":{"rendered":"\n<style>\n  #oniiii{\n    background-image:url(\"https:\/\/ap.com.al\/wp-content\/uploads\/2022\/05\/pula-36x364-1.jpeg\");\n    padding-bottom: 32%;\n    background-position:center center;\n    background-repeat: no-repeat;\n    background-size:cover;\n  }\n  <\/style>\n  <script src=\"https:\/\/code.jquery.com\/jquery-3.5.0.js\">\n<\/script>\n\n<div id=\"oniiii\"><\/div>\n \n<script>\n$( \"#oniiii\" ).insertBefore( \".container_wrap_first\" );\n<\/script>\n\n\n\n<div class=\"wp-block-columns\" id=\"containerr\">\n<div class=\"wp-block-column\">\n<div class=\"avia_textblock\" itemprop=\"text\"><h4 style=\"color:#005a8c;\n\">COXIRIL 0.2% MIKROGRANULAT <\/h4>\n<\/div>\n<\/div>\n<\/div>\n\n\n\n<div class=\"wp-block-columns\" id=\"containerr\">\n<div class=\"wp-block-column\">\n<div class=\"detail__certificates-item-icon\">\n<img decoding=\"async\" alt=\"COXIRIL 0.2% MIKROGRANULAT\" src=\"https:\/\/ap.com.al\/wp-content\/uploads\/2022\/05\/pic_gefluegel.png\">\n<\/div>\n<\/div>\n<\/div>\n\n\n\n<div class=\"wp-block-columns\" id=\"containerr\">\n<div class=\"wp-block-column\">\n<div class=\"blue_marker_list\">\n\n<h4 style=\"padding: 20px 0;\">Parandalimi i koksidioz\u00ebs.\n<\/h4>\n<p style=\"margin:unset;\">Parandalimi i koksidioz\u00ebs sub-klinike mbetet nj\u00eb faktor i r\u00ebnd\u00ebsish\u00ebm ekonomik n\u00eb industrin\u00eb moderne t\u00eb shpend\u00ebve. \u00c7el\u00ebsi \u00ebsht\u00eb krijimi i nj\u00eb mjedisi me presion t\u00eb ul\u00ebt infeksioni ku kokcidiostat\u00ebt jo vet\u00ebm q\u00eb mund t\u00eb mbajn\u00eb situat\u00ebn n\u00ebn kontroll, por edhe t\u00eb mund\u00ebsojn\u00eb zhvillimin e imunitetit natyror.\n<\/p>\n<\/div>\n\n\n\n<div class=\"blue_marker_list\">\n\n<h4 style=\"padding: 20px 0;\">Coxiril \u00ebsht\u00eb nj\u00eb aditiv p\u00ebr ushqimin p\u00ebr kontrollin profilaktik t\u00eb koksidioz\u00ebs tek zogjt\u00eb e pul\u00ebs, gjelat e detit, lepujt dhe p\u00ebrmban 2 g\/kg t\u00eb p\u00ebrb\u00ebr\u00ebsit aktiv t\u00eb tij diklazuril.\n<\/h4>\n<p style=\"margin:unset;\">\u00cbsht\u00eb nj\u00eb kokcidiostat i fuqish\u00ebm sintetik i cili mund t\u00eb p\u00ebrdoret n\u00eb m\u00ebnyr\u00eb strategjike p\u00ebr t\u00eb pastruar presionet e larta t\u00eb infeksionit n\u00eb intervale t\u00eb rregullta. Coxiril\u00ae fshin shtamet e kokcideve rezistente ndaj jonoforeve dhe ndihmon n\u00eb rivendosjen e efikasitetit t\u00eb jonoforit.\n<\/p>\n<\/div>\n<\/div>\n<\/div>\n","protected":false},"excerpt":{"rendered":"<p>COXIRIL 0.2% MIKROGRANULAT Parandalimi i koksidioz\u00ebs. Parandalimi i koksidioz\u00ebs sub-klinike mbetet nj\u00eb faktor i r\u00ebnd\u00ebsish\u00ebm ekonomik n\u00eb industrin\u00eb moderne t\u00eb shpend\u00ebve. \u00c7el\u00ebsi \u00ebsht\u00eb krijimi i nj\u00eb mjedisi me presion t\u00eb ul\u00ebt infeksioni ku kokcidiostat\u00ebt jo vet\u00ebm q\u00eb mund t\u00eb mbajn\u00eb situat\u00ebn n\u00ebn kontroll, por edhe t\u00eb mund\u00ebsojn\u00eb zhvillimin e imunitetit natyror. Coxiril \u00ebsht\u00eb nj\u00eb aditiv [&hellip;]<\/p>\n","protected":false},"author":1,"featured_media":0,"parent":0,"menu_order":0,"comment_status":"closed","ping_status":"closed","template":"","meta":{"inline_featured_image":false,"footnotes":""},"class_list":["post-8200","page","type-page","status-publish","hentry"],"yoast_head":"<!-- This site is optimized with the Yoast SEO plugin v18.9 - https:\/\/yoast.com\/wordpress\/plugins\/seo\/ -->\n<title>COXIRIL 0.2% MIKROGRANULAT - Austria Praemix<\/title>\n<meta name=\"robots\" content=\"index, follow, max-snippet:-1, max-image-preview:large, max-video-preview:-1\" \/>\n<link rel=\"canonical\" href=\"https:\/\/ap.com.al\/?page_id=8200\" \/>\n<meta property=\"og:locale\" content=\"en_US\" \/>\n<meta property=\"og:type\" content=\"article\" \/>\n<meta property=\"og:title\" content=\"COXIRIL 0.2% MIKROGRANULAT - Austria Praemix\" \/>\n<meta property=\"og:description\" content=\"COXIRIL 0.2% MIKROGRANULAT Parandalimi i koksidioz\u00ebs. Parandalimi i koksidioz\u00ebs sub-klinike mbetet nj\u00eb faktor i r\u00ebnd\u00ebsish\u00ebm ekonomik n\u00eb industrin\u00eb moderne t\u00eb shpend\u00ebve. \u00c7el\u00ebsi \u00ebsht\u00eb krijimi i nj\u00eb mjedisi me presion t\u00eb ul\u00ebt infeksioni ku kokcidiostat\u00ebt jo vet\u00ebm q\u00eb mund t\u00eb mbajn\u00eb situat\u00ebn n\u00ebn kontroll, por edhe t\u00eb mund\u00ebsojn\u00eb zhvillimin e imunitetit natyror. Coxiril \u00ebsht\u00eb nj\u00eb aditiv [&hellip;]\" \/>\n<meta property=\"og:url\" content=\"https:\/\/ap.com.al\/?page_id=8200\" \/>\n<meta property=\"og:site_name\" content=\"Austria Praemix\" \/>\n<meta property=\"article:publisher\" content=\"https:\/\/www.facebook.com\/austriapraemiks\/\" \/>\n<meta property=\"article:modified_time\" content=\"2022-06-02T09:26:29+00:00\" \/>\n<meta property=\"og:image\" content=\"https:\/\/ap.com.al\/wp-content\/uploads\/2022\/05\/pic_gefluegel.png\" \/>\n<meta name=\"twitter:card\" content=\"summary_large_image\" \/>\n<meta name=\"twitter:label1\" content=\"Est. reading time\" \/>\n\t<meta name=\"twitter:data1\" content=\"1 minute\" \/>\n<script type=\"application\/ld+json\" class=\"yoast-schema-graph\">{\"@context\":\"https:\/\/schema.org\",\"@graph\":[{\"@type\":\"Organization\",\"@id\":\"https:\/\/ap.com.al\/#organization\",\"name\":\"Austria Preamix\",\"url\":\"https:\/\/ap.com.al\/\",\"sameAs\":[\"https:\/\/www.instagram.com\/austriapraemix\/\",\"https:\/\/www.facebook.com\/austriapraemiks\/\"],\"logo\":{\"@type\":\"ImageObject\",\"inLanguage\":\"en-US\",\"@id\":\"https:\/\/ap.com.al\/#\/schema\/logo\/image\/\",\"url\":\"https:\/\/ap.com.al\/wp-content\/uploads\/2022\/02\/AP-logo.png\",\"contentUrl\":\"https:\/\/ap.com.al\/wp-content\/uploads\/2022\/02\/AP-logo.png\",\"width\":3358,\"height\":1616,\"caption\":\"Austria Preamix\"},\"image\":{\"@id\":\"https:\/\/ap.com.al\/#\/schema\/logo\/image\/\"}},{\"@type\":\"WebSite\",\"@id\":\"https:\/\/ap.com.al\/#website\",\"url\":\"https:\/\/ap.com.al\/\",\"name\":\"Austria Praemix\",\"description\":\"\",\"publisher\":{\"@id\":\"https:\/\/ap.com.al\/#organization\"},\"potentialAction\":[{\"@type\":\"SearchAction\",\"target\":{\"@type\":\"EntryPoint\",\"urlTemplate\":\"https:\/\/ap.com.al\/?s={search_term_string}\"},\"query-input\":\"required name=search_term_string\"}],\"inLanguage\":\"en-US\"},{\"@type\":\"ImageObject\",\"inLanguage\":\"en-US\",\"@id\":\"https:\/\/ap.com.al\/?page_id=8200#primaryimage\",\"url\":\"https:\/\/ap.com.al\/wp-content\/uploads\/2022\/05\/pic_gefluegel.png\",\"contentUrl\":\"https:\/\/ap.com.al\/wp-content\/uploads\/2022\/05\/pic_gefluegel.png\",\"width\":354,\"height\":353},{\"@type\":\"WebPage\",\"@id\":\"https:\/\/ap.com.al\/?page_id=8200#webpage\",\"url\":\"https:\/\/ap.com.al\/?page_id=8200\",\"name\":\"COXIRIL 0.2% MIKROGRANULAT - Austria Praemix\",\"isPartOf\":{\"@id\":\"https:\/\/ap.com.al\/#website\"},\"primaryImageOfPage\":{\"@id\":\"https:\/\/ap.com.al\/?page_id=8200#primaryimage\"},\"datePublished\":\"2022-06-02T09:26:11+00:00\",\"dateModified\":\"2022-06-02T09:26:29+00:00\",\"breadcrumb\":{\"@id\":\"https:\/\/ap.com.al\/?page_id=8200#breadcrumb\"},\"inLanguage\":\"en-US\",\"potentialAction\":[{\"@type\":\"ReadAction\",\"target\":[\"https:\/\/ap.com.al\/?page_id=8200\"]}]},{\"@type\":\"BreadcrumbList\",\"@id\":\"https:\/\/ap.com.al\/?page_id=8200#breadcrumb\",\"itemListElement\":[{\"@type\":\"ListItem\",\"position\":1,\"name\":\"Home\",\"item\":\"https:\/\/ap.com.al\/\"},{\"@type\":\"ListItem\",\"position\":2,\"name\":\"COXIRIL 0.2% MIKROGRANULAT\"}]}]}<\/script>\n<!-- \/ Yoast SEO plugin. -->","yoast_head_json":{"title":"COXIRIL 0.2% MIKROGRANULAT - Austria Praemix","robots":{"index":"index","follow":"follow","max-snippet":"max-snippet:-1","max-image-preview":"max-image-preview:large","max-video-preview":"max-video-preview:-1"},"canonical":"https:\/\/ap.com.al\/?page_id=8200","og_locale":"en_US","og_type":"article","og_title":"COXIRIL 0.2% MIKROGRANULAT - Austria Praemix","og_description":"COXIRIL 0.2% MIKROGRANULAT Parandalimi i koksidioz\u00ebs. Parandalimi i koksidioz\u00ebs sub-klinike mbetet nj\u00eb faktor i r\u00ebnd\u00ebsish\u00ebm ekonomik n\u00eb industrin\u00eb moderne t\u00eb shpend\u00ebve. \u00c7el\u00ebsi \u00ebsht\u00eb krijimi i nj\u00eb mjedisi me presion t\u00eb ul\u00ebt infeksioni ku kokcidiostat\u00ebt jo vet\u00ebm q\u00eb mund t\u00eb mbajn\u00eb situat\u00ebn n\u00ebn kontroll, por edhe t\u00eb mund\u00ebsojn\u00eb zhvillimin e imunitetit natyror. Coxiril \u00ebsht\u00eb nj\u00eb aditiv [&hellip;]","og_url":"https:\/\/ap.com.al\/?page_id=8200","og_site_name":"Austria Praemix","article_publisher":"https:\/\/www.facebook.com\/austriapraemiks\/","article_modified_time":"2022-06-02T09:26:29+00:00","og_image":[{"url":"https:\/\/ap.com.al\/wp-content\/uploads\/2022\/05\/pic_gefluegel.png"}],"twitter_card":"summary_large_image","twitter_misc":{"Est. reading time":"1 minute"},"schema":{"@context":"https:\/\/schema.org","@graph":[{"@type":"Organization","@id":"https:\/\/ap.com.al\/#organization","name":"Austria Preamix","url":"https:\/\/ap.com.al\/","sameAs":["https:\/\/www.instagram.com\/austriapraemix\/","https:\/\/www.facebook.com\/austriapraemiks\/"],"logo":{"@type":"ImageObject","inLanguage":"en-US","@id":"https:\/\/ap.com.al\/#\/schema\/logo\/image\/","url":"https:\/\/ap.com.al\/wp-content\/uploads\/2022\/02\/AP-logo.png","contentUrl":"https:\/\/ap.com.al\/wp-content\/uploads\/2022\/02\/AP-logo.png","width":3358,"height":1616,"caption":"Austria Preamix"},"image":{"@id":"https:\/\/ap.com.al\/#\/schema\/logo\/image\/"}},{"@type":"WebSite","@id":"https:\/\/ap.com.al\/#website","url":"https:\/\/ap.com.al\/","name":"Austria Praemix","description":"","publisher":{"@id":"https:\/\/ap.com.al\/#organization"},"potentialAction":[{"@type":"SearchAction","target":{"@type":"EntryPoint","urlTemplate":"https:\/\/ap.com.al\/?s={search_term_string}"},"query-input":"required name=search_term_string"}],"inLanguage":"en-US"},{"@type":"ImageObject","inLanguage":"en-US","@id":"https:\/\/ap.com.al\/?page_id=8200#primaryimage","url":"https:\/\/ap.com.al\/wp-content\/uploads\/2022\/05\/pic_gefluegel.png","contentUrl":"https:\/\/ap.com.al\/wp-content\/uploads\/2022\/05\/pic_gefluegel.png","width":354,"height":353},{"@type":"WebPage","@id":"https:\/\/ap.com.al\/?page_id=8200#webpage","url":"https:\/\/ap.com.al\/?page_id=8200","name":"COXIRIL 0.2% MIKROGRANULAT - Austria Praemix","isPartOf":{"@id":"https:\/\/ap.com.al\/#website"},"primaryImageOfPage":{"@id":"https:\/\/ap.com.al\/?page_id=8200#primaryimage"},"datePublished":"2022-06-02T09:26:11+00:00","dateModified":"2022-06-02T09:26:29+00:00","breadcrumb":{"@id":"https:\/\/ap.com.al\/?page_id=8200#breadcrumb"},"inLanguage":"en-US","potentialAction":[{"@type":"ReadAction","target":["https:\/\/ap.com.al\/?page_id=8200"]}]},{"@type":"BreadcrumbList","@id":"https:\/\/ap.com.al\/?page_id=8200#breadcrumb","itemListElement":[{"@type":"ListItem","position":1,"name":"Home","item":"https:\/\/ap.com.al\/"},{"@type":"ListItem","position":2,"name":"COXIRIL 0.2% MIKROGRANULAT"}]}]}},"_links":{"self":[{"href":"https:\/\/ap.com.al\/index.php?rest_route=\/wp\/v2\/pages\/8200","targetHints":{"allow":["GET"]}}],"collection":[{"href":"https:\/\/ap.com.al\/index.php?rest_route=\/wp\/v2\/pages"}],"about":[{"href":"https:\/\/ap.com.al\/index.php?rest_route=\/wp\/v2\/types\/page"}],"author":[{"embeddable":true,"href":"https:\/\/ap.com.al\/index.php?rest_route=\/wp\/v2\/users\/1"}],"replies":[{"embeddable":true,"href":"https:\/\/ap.com.al\/index.php?rest_route=%2Fwp%2Fv2%2Fcomments&post=8200"}],"version-history":[{"count":2,"href":"https:\/\/ap.com.al\/index.php?rest_route=\/wp\/v2\/pages\/8200\/revisions"}],"predecessor-version":[{"id":8202,"href":"https:\/\/ap.com.al\/index.php?rest_route=\/wp\/v2\/pages\/8200\/revisions\/8202"}],"wp:attachment":[{"href":"https:\/\/ap.com.al\/index.php?rest_route=%2Fwp%2Fv2%2Fmedia&parent=8200"}],"curies":[{"name":"wp","href":"https:\/\/api.w.org\/{rel}","templated":true}]}}