{"id":8862,"date":"2025-03-17T09:45:52","date_gmt":"2025-03-17T09:45:52","guid":{"rendered":"https:\/\/ap.com.al\/?page_id=8862"},"modified":"2025-03-17T09:45:53","modified_gmt":"2025-03-17T09:45:53","slug":"gut-hulsenberg-yearly-report-2024","status":"publish","type":"page","link":"https:\/\/ap.com.al\/?page_id=8862","title":{"rendered":"Gut H\u00fclsenberg Yearly report 2024"},"content":{"rendered":"\n<style>\n  #oniiii{\n    background-image:url(\"https:\/\/ap.com.al\/wp-content\/uploads\/2022\/01\/Kuehe.jpg\");\n    padding-bottom: 32%;\n    background-position:center center;\n    background-repeat: no-repeat;\n    background-size:cover;\n  }\n  <\/style>\n  <script src=\"https:\/\/code.jquery.com\/jquery-3.5.0.js\">\n<\/script>\n\n<div id=\"oniiii\"><\/div>\n \n<script>\n$( \"#oniiii\" ).insertBefore( \".container_wrap_first\" );\n<\/script>\n\n\n\n<div class=\"wp-block-columns\" id=\"containerr\">\n<div class=\"wp-block-column\">\n<div class=\"avia_textblock\" itemprop=\"text\"><h4 style=\"color:#005a8c;\n\">Gut H\u00fclsenberg Yearly report 2024<\/h4>\n<\/div>\n<\/div>\n<\/div>\n\n\n\n<div class=\"wp-block-columns\" id=\"containerr\">\n<div class=\"wp-block-column\">\n<div class=\"detail__certificates-item-icon\">\n<img decoding=\"async\" alt=\"Icon RINDAMAST UNI\" src=\"https:\/\/ap.com.al\/wp-content\/uploads\/2022\/03\/Asset-51-1.png\">\n<\/div>\n<\/div>\n<\/div>\n\n\n\n<div class=\"wp-block-columns\" id=\"containerr\">\n<div class=\"wp-block-column\">\n<div class=\"blue_marker_list\">\n<br>Dear Ladies and Gentlemen,\n<h4 style=\"padding-top: 20px;\">2024 goes down in history  of Gut H\u00fclsenberg!<\/h4> \n<p align=\"justify\">Never before has herd performance and lifetime yield been so high and never before have so many cows reached the magical 100,000 kg lifetime performance mark. This would not have been possible without first class herd management, including the proven SCHAUMANN mineral feeds with RINDAMIN BP, SCHAUMANN ENERGY PRO, RUMIVITAL I, RINDAVITAL VARIO HEPA and others. <\/p>\n<p align=\"justify\">An important reason for these phenomenal performances is the excellent roughage quality of the 2023 harvest. Outstanding silage qualities with a roughage content of 60 % were fed to the dairy cows throughout the year. These silages, supported by various BONSILAGE products, enable top performance. <\/p>\n<p align=\"justify\">A great jump in milk yield was achieved with almost 13,700 kg milk and 1007 F+P kg. This is something to be proud of! Milk solids have been improved: fat 3.97 % and protein 3.38 %. These improvements are due to several factors, such as genetics, more frequent feed presentation and more stable rumen fermentation. At the same time, great importance is attached to sustainability and high herd health. The average somatic cell count for the year is 118,000. <\/p>\n<p align=\"justify\">The lifetime performance, an important parameter for efficiency and economy, is 25 kg milk\/lifetime. This puts Gut H\u00fclsenberg back in first place in Schleswig-Holstein and it will also reach the top list in Germany. <\/p>\n<p align=\"justify\">H\u00fclsenberg&#8217;s performance is impressive and shows what is possible with good management, efficient organization, SCHAUMANN mineral feed and products such as BONSILAGE, GREENSTAR and BONCROP.<\/p> \n<\/div>\n<\/div>\n<\/div>\n\n\n\n<figure class=\"wp-block-image size-full\"><img loading=\"lazy\" decoding=\"async\" width=\"151\" height=\"151\" src=\"https:\/\/ap.com.al\/wp-content\/uploads\/2022\/05\/Asset-53.png\" alt=\"\" class=\"wp-image-7030\" srcset=\"https:\/\/ap.com.al\/wp-content\/uploads\/2022\/05\/Asset-53.png 151w, https:\/\/ap.com.al\/wp-content\/uploads\/2022\/05\/Asset-53-80x80.png 80w, https:\/\/ap.com.al\/wp-content\/uploads\/2022\/05\/Asset-53-36x36.png 36w, https:\/\/ap.com.al\/wp-content\/uploads\/2022\/05\/Asset-53-120x120.png 120w\" sizes=\"auto, (max-width: 151px) 100vw, 151px\" \/><\/figure>\n","protected":false},"excerpt":{"rendered":"<p>Gut H\u00fclsenberg Yearly report 2024 Dear Ladies and Gentlemen, 2024 goes down in history of Gut H\u00fclsenberg! Never before has herd performance and lifetime yield been so high and never before have so many cows reached the magical 100,000 kg lifetime performance mark. This would not have been possible without first class herd management, including [&hellip;]<\/p>\n","protected":false},"author":2,"featured_media":0,"parent":0,"menu_order":0,"comment_status":"closed","ping_status":"closed","template":"","meta":{"inline_featured_image":false,"footnotes":""},"class_list":["post-8862","page","type-page","status-publish","hentry"],"yoast_head":"<!-- This site is optimized with the Yoast SEO plugin v18.9 - https:\/\/yoast.com\/wordpress\/plugins\/seo\/ -->\n<title>Gut H\u00fclsenberg Yearly report 2024 - Austria Praemix<\/title>\n<meta name=\"robots\" content=\"index, follow, max-snippet:-1, max-image-preview:large, max-video-preview:-1\" \/>\n<link rel=\"canonical\" href=\"https:\/\/ap.com.al\/?page_id=8862\" \/>\n<meta property=\"og:locale\" content=\"en_US\" \/>\n<meta property=\"og:type\" content=\"article\" \/>\n<meta property=\"og:title\" content=\"Gut H\u00fclsenberg Yearly report 2024 - Austria Praemix\" \/>\n<meta property=\"og:description\" content=\"Gut H\u00fclsenberg Yearly report 2024 Dear Ladies and Gentlemen, 2024 goes down in history of Gut H\u00fclsenberg! Never before has herd performance and lifetime yield been so high and never before have so many cows reached the magical 100,000 kg lifetime performance mark. This would not have been possible without first class herd management, including [&hellip;]\" \/>\n<meta property=\"og:url\" content=\"https:\/\/ap.com.al\/?page_id=8862\" \/>\n<meta property=\"og:site_name\" content=\"Austria Praemix\" \/>\n<meta property=\"article:publisher\" content=\"https:\/\/www.facebook.com\/austriapraemiks\/\" \/>\n<meta property=\"article:modified_time\" content=\"2025-03-17T09:45:53+00:00\" \/>\n<meta property=\"og:image\" content=\"https:\/\/ap.com.al\/wp-content\/uploads\/2022\/03\/Asset-51-1.png\" \/>\n<meta name=\"twitter:card\" content=\"summary_large_image\" \/>\n<meta name=\"twitter:label1\" content=\"Est. reading time\" \/>\n\t<meta name=\"twitter:data1\" content=\"1 minute\" \/>\n<script type=\"application\/ld+json\" class=\"yoast-schema-graph\">{\"@context\":\"https:\/\/schema.org\",\"@graph\":[{\"@type\":\"Organization\",\"@id\":\"https:\/\/ap.com.al\/#organization\",\"name\":\"Austria Preamix\",\"url\":\"https:\/\/ap.com.al\/\",\"sameAs\":[\"https:\/\/www.instagram.com\/austriapraemix\/\",\"https:\/\/www.facebook.com\/austriapraemiks\/\"],\"logo\":{\"@type\":\"ImageObject\",\"inLanguage\":\"en-US\",\"@id\":\"https:\/\/ap.com.al\/#\/schema\/logo\/image\/\",\"url\":\"https:\/\/ap.com.al\/wp-content\/uploads\/2022\/02\/AP-logo.png\",\"contentUrl\":\"https:\/\/ap.com.al\/wp-content\/uploads\/2022\/02\/AP-logo.png\",\"width\":3358,\"height\":1616,\"caption\":\"Austria Preamix\"},\"image\":{\"@id\":\"https:\/\/ap.com.al\/#\/schema\/logo\/image\/\"}},{\"@type\":\"WebSite\",\"@id\":\"https:\/\/ap.com.al\/#website\",\"url\":\"https:\/\/ap.com.al\/\",\"name\":\"Austria Praemix\",\"description\":\"\",\"publisher\":{\"@id\":\"https:\/\/ap.com.al\/#organization\"},\"potentialAction\":[{\"@type\":\"SearchAction\",\"target\":{\"@type\":\"EntryPoint\",\"urlTemplate\":\"https:\/\/ap.com.al\/?s={search_term_string}\"},\"query-input\":\"required name=search_term_string\"}],\"inLanguage\":\"en-US\"},{\"@type\":\"ImageObject\",\"inLanguage\":\"en-US\",\"@id\":\"https:\/\/ap.com.al\/?page_id=8862#primaryimage\",\"url\":\"https:\/\/ap.com.al\/wp-content\/uploads\/2022\/03\/Asset-51-1.png\",\"contentUrl\":\"https:\/\/ap.com.al\/wp-content\/uploads\/2022\/03\/Asset-51-1.png\",\"width\":355,\"height\":354},{\"@type\":\"WebPage\",\"@id\":\"https:\/\/ap.com.al\/?page_id=8862#webpage\",\"url\":\"https:\/\/ap.com.al\/?page_id=8862\",\"name\":\"Gut H\u00fclsenberg Yearly report 2024 - Austria Praemix\",\"isPartOf\":{\"@id\":\"https:\/\/ap.com.al\/#website\"},\"primaryImageOfPage\":{\"@id\":\"https:\/\/ap.com.al\/?page_id=8862#primaryimage\"},\"datePublished\":\"2025-03-17T09:45:52+00:00\",\"dateModified\":\"2025-03-17T09:45:53+00:00\",\"breadcrumb\":{\"@id\":\"https:\/\/ap.com.al\/?page_id=8862#breadcrumb\"},\"inLanguage\":\"en-US\",\"potentialAction\":[{\"@type\":\"ReadAction\",\"target\":[\"https:\/\/ap.com.al\/?page_id=8862\"]}]},{\"@type\":\"BreadcrumbList\",\"@id\":\"https:\/\/ap.com.al\/?page_id=8862#breadcrumb\",\"itemListElement\":[{\"@type\":\"ListItem\",\"position\":1,\"name\":\"Home\",\"item\":\"https:\/\/ap.com.al\/\"},{\"@type\":\"ListItem\",\"position\":2,\"name\":\"Gut H\u00fclsenberg Yearly report 2024\"}]}]}<\/script>\n<!-- \/ Yoast SEO plugin. -->","yoast_head_json":{"title":"Gut H\u00fclsenberg Yearly report 2024 - Austria Praemix","robots":{"index":"index","follow":"follow","max-snippet":"max-snippet:-1","max-image-preview":"max-image-preview:large","max-video-preview":"max-video-preview:-1"},"canonical":"https:\/\/ap.com.al\/?page_id=8862","og_locale":"en_US","og_type":"article","og_title":"Gut H\u00fclsenberg Yearly report 2024 - Austria Praemix","og_description":"Gut H\u00fclsenberg Yearly report 2024 Dear Ladies and Gentlemen, 2024 goes down in history of Gut H\u00fclsenberg! Never before has herd performance and lifetime yield been so high and never before have so many cows reached the magical 100,000 kg lifetime performance mark. This would not have been possible without first class herd management, including [&hellip;]","og_url":"https:\/\/ap.com.al\/?page_id=8862","og_site_name":"Austria Praemix","article_publisher":"https:\/\/www.facebook.com\/austriapraemiks\/","article_modified_time":"2025-03-17T09:45:53+00:00","og_image":[{"url":"https:\/\/ap.com.al\/wp-content\/uploads\/2022\/03\/Asset-51-1.png"}],"twitter_card":"summary_large_image","twitter_misc":{"Est. reading time":"1 minute"},"schema":{"@context":"https:\/\/schema.org","@graph":[{"@type":"Organization","@id":"https:\/\/ap.com.al\/#organization","name":"Austria Preamix","url":"https:\/\/ap.com.al\/","sameAs":["https:\/\/www.instagram.com\/austriapraemix\/","https:\/\/www.facebook.com\/austriapraemiks\/"],"logo":{"@type":"ImageObject","inLanguage":"en-US","@id":"https:\/\/ap.com.al\/#\/schema\/logo\/image\/","url":"https:\/\/ap.com.al\/wp-content\/uploads\/2022\/02\/AP-logo.png","contentUrl":"https:\/\/ap.com.al\/wp-content\/uploads\/2022\/02\/AP-logo.png","width":3358,"height":1616,"caption":"Austria Preamix"},"image":{"@id":"https:\/\/ap.com.al\/#\/schema\/logo\/image\/"}},{"@type":"WebSite","@id":"https:\/\/ap.com.al\/#website","url":"https:\/\/ap.com.al\/","name":"Austria Praemix","description":"","publisher":{"@id":"https:\/\/ap.com.al\/#organization"},"potentialAction":[{"@type":"SearchAction","target":{"@type":"EntryPoint","urlTemplate":"https:\/\/ap.com.al\/?s={search_term_string}"},"query-input":"required name=search_term_string"}],"inLanguage":"en-US"},{"@type":"ImageObject","inLanguage":"en-US","@id":"https:\/\/ap.com.al\/?page_id=8862#primaryimage","url":"https:\/\/ap.com.al\/wp-content\/uploads\/2022\/03\/Asset-51-1.png","contentUrl":"https:\/\/ap.com.al\/wp-content\/uploads\/2022\/03\/Asset-51-1.png","width":355,"height":354},{"@type":"WebPage","@id":"https:\/\/ap.com.al\/?page_id=8862#webpage","url":"https:\/\/ap.com.al\/?page_id=8862","name":"Gut H\u00fclsenberg Yearly report 2024 - Austria Praemix","isPartOf":{"@id":"https:\/\/ap.com.al\/#website"},"primaryImageOfPage":{"@id":"https:\/\/ap.com.al\/?page_id=8862#primaryimage"},"datePublished":"2025-03-17T09:45:52+00:00","dateModified":"2025-03-17T09:45:53+00:00","breadcrumb":{"@id":"https:\/\/ap.com.al\/?page_id=8862#breadcrumb"},"inLanguage":"en-US","potentialAction":[{"@type":"ReadAction","target":["https:\/\/ap.com.al\/?page_id=8862"]}]},{"@type":"BreadcrumbList","@id":"https:\/\/ap.com.al\/?page_id=8862#breadcrumb","itemListElement":[{"@type":"ListItem","position":1,"name":"Home","item":"https:\/\/ap.com.al\/"},{"@type":"ListItem","position":2,"name":"Gut H\u00fclsenberg Yearly report 2024"}]}]}},"_links":{"self":[{"href":"https:\/\/ap.com.al\/index.php?rest_route=\/wp\/v2\/pages\/8862","targetHints":{"allow":["GET"]}}],"collection":[{"href":"https:\/\/ap.com.al\/index.php?rest_route=\/wp\/v2\/pages"}],"about":[{"href":"https:\/\/ap.com.al\/index.php?rest_route=\/wp\/v2\/types\/page"}],"author":[{"embeddable":true,"href":"https:\/\/ap.com.al\/index.php?rest_route=\/wp\/v2\/users\/2"}],"replies":[{"embeddable":true,"href":"https:\/\/ap.com.al\/index.php?rest_route=%2Fwp%2Fv2%2Fcomments&post=8862"}],"version-history":[{"count":2,"href":"https:\/\/ap.com.al\/index.php?rest_route=\/wp\/v2\/pages\/8862\/revisions"}],"predecessor-version":[{"id":8864,"href":"https:\/\/ap.com.al\/index.php?rest_route=\/wp\/v2\/pages\/8862\/revisions\/8864"}],"wp:attachment":[{"href":"https:\/\/ap.com.al\/index.php?rest_route=%2Fwp%2Fv2%2Fmedia&parent=8862"}],"curies":[{"name":"wp","href":"https:\/\/api.w.org\/{rel}","templated":true}]}}