{"id":8936,"date":"2025-04-14T12:01:12","date_gmt":"2025-04-14T12:01:12","guid":{"rendered":"https:\/\/ap.com.al\/?page_id=8936"},"modified":"2025-04-14T12:01:13","modified_gmt":"2025-04-14T12:01:13","slug":"ftese-panairi-2025","status":"publish","type":"page","link":"https:\/\/ap.com.al\/?page_id=8936","title":{"rendered":"Ftese Panairi 2025"},"content":{"rendered":"\n<div class=\"wp-block-columns\" id=\"containerr\">\n<div class=\"wp-block-column\" style=\"flex-basis:100%\">\n<div style=\"max-width: 800px; transform: translateX(-50%); position: relative; left: 50%; color: black;\"> \n<h1 style=\"padding-top: 80pt;text-indent: 0pt;text-align: center; font-size: 25px;\">Ftes\u00eb: Panairi \u201cDit\u00ebt e Bujq\u00ebsis\u00eb 2025\u201d<\/h1>\n<p style=\"text-indent: 0pt;line-height: 108%;text-align: justify;\">Austria Praemix ka k\u00ebnaq\u00ebsin\u00eb t\u2019ju ftoj\u00eb n\u00eb Panairin Nd\u00ebrkomb\u00ebtar t\u00eb Bujq\u00ebsis\u00eb n\u00eb Shqip\u00ebri \u201cDit\u00ebt e Bujq\u00ebsis\u00eb 2025\u201d, i cili do t\u00eb organizohet n\u00eb datat 23-25 Prill n\u00eb qytetin e Lushnj\u00ebs.<\/p>\n<p style=\"padding-top: 7pt; text-indent: 0pt;text-align: justify;\">K\u00ebt\u00eb vit Austria Praemix prezanton teknologjit\u00eb m\u00eb t\u00eb reja europiane n\u00eb blegtori: <\/p>\n<h1 style=\"padding-top: 0pt; text-indent: 0pt;text-align: left; font-size: 25px;\">1.\tKUR: E Enjte, 24.04.2025, ora 11:30-12:15,  KU: Event Zone<\/h1>\n<h1 style=\"padding-top: 0pt;text-indent: 0pt;text-align: justify; font-size: 23px;\">SmaXtec &#8211; Risi n\u00eb tregun europian n\u00eb menaxhimin e sh\u00ebndetit dhe prodhimtarin\u00eb e gjedhit<\/h1>\n<h1 style=\"padding-top: 30pt; text-indent: 0pt;text-align: left; font-size: 25px;\">2.\tKUR: E Enjte, 24.04.2025, ora 12:30-13:15, KU: Event Zone <\/h1>\n<h1 style=\"padding-top: 0pt;text-indent: 0pt;text-align: justify; font-size: 23px;\">Inovacionet e Schaumann nj\u00eb risi p\u00ebr tregun lokal:\n<br style=\"padding-top: 0pt;text-indent: 0pt;text-align: justify; font-size: 23px;\">a)\tBoncrop: Teknologji e avancuar p\u00ebr tok\u00eb bujq\u00ebsore t\u00eb sh\u00ebndetshme dhe rendimente maksimale\n<br style=\"padding-top: 0pt;text-indent: 0pt;text-align: justify; font-size: 23px;\">b)\tGreenstar: Fara t\u00eb kulturave foragjere me nivel t\u00eb lart\u00eb proteinik, garanci p\u00ebr rendimente t\u00eb larta qum\u00ebshti\n<br style=\"padding-top: 0pt;text-indent: 0pt;text-align: justify; font-size: 23px;\">c)\tMenaxhimi i fermave blegtorale n\u00ebp\u00ebrmjet analizave t\u00eb regullta t\u00eb ushqimeve foragjere <\/h1>\n\n\n\n<h1 style=\"padding-top: 9pt;text-indent: 0pt;line-height: 149%;text-align: center; font-size: 25px;\">Na vizitoni n\u00eb stend\u00ebn ton\u00eb nr. 71<\/h1>\n    \n    \n    <p style=\"text-indent: 0pt;text-align: center;\">Ju mir\u00ebpresim,<\/p>\n    <h3 style=\"padding-top: 1pt;text-indent: 0pt;text-align: center; color: #005b8c;\">Stafi i Austria Praemix<\/h3>\n\n<\/div>\n<\/div>\n<\/div>\n","protected":false},"excerpt":{"rendered":"<p>Ftes\u00eb: Panairi \u201cDit\u00ebt e Bujq\u00ebsis\u00eb 2025\u201d Austria Praemix ka k\u00ebnaq\u00ebsin\u00eb t\u2019ju ftoj\u00eb n\u00eb Panairin Nd\u00ebrkomb\u00ebtar t\u00eb Bujq\u00ebsis\u00eb n\u00eb Shqip\u00ebri \u201cDit\u00ebt e Bujq\u00ebsis\u00eb 2025\u201d, i cili do t\u00eb organizohet n\u00eb datat 23-25 Prill n\u00eb qytetin e Lushnj\u00ebs. K\u00ebt\u00eb vit Austria Praemix prezanton teknologjit\u00eb m\u00eb t\u00eb reja europiane n\u00eb blegtori: 1. KUR: E Enjte, 24.04.2025, ora 11:30-12:15, [&hellip;]<\/p>\n","protected":false},"author":2,"featured_media":0,"parent":0,"menu_order":0,"comment_status":"closed","ping_status":"closed","template":"","meta":{"inline_featured_image":false,"footnotes":""},"class_list":["post-8936","page","type-page","status-publish","hentry"],"yoast_head":"<!-- This site is optimized with the Yoast SEO plugin v18.9 - https:\/\/yoast.com\/wordpress\/plugins\/seo\/ -->\n<title>Ftese Panairi 2025 - Austria Praemix<\/title>\n<meta name=\"robots\" content=\"index, follow, max-snippet:-1, max-image-preview:large, max-video-preview:-1\" \/>\n<link rel=\"canonical\" href=\"https:\/\/ap.com.al\/?page_id=8936\" \/>\n<meta property=\"og:locale\" content=\"en_US\" \/>\n<meta property=\"og:type\" content=\"article\" \/>\n<meta property=\"og:title\" content=\"Ftese Panairi 2025 - Austria Praemix\" \/>\n<meta property=\"og:description\" content=\"Ftes\u00eb: Panairi \u201cDit\u00ebt e Bujq\u00ebsis\u00eb 2025\u201d Austria Praemix ka k\u00ebnaq\u00ebsin\u00eb t\u2019ju ftoj\u00eb n\u00eb Panairin Nd\u00ebrkomb\u00ebtar t\u00eb Bujq\u00ebsis\u00eb n\u00eb Shqip\u00ebri \u201cDit\u00ebt e Bujq\u00ebsis\u00eb 2025\u201d, i cili do t\u00eb organizohet n\u00eb datat 23-25 Prill n\u00eb qytetin e Lushnj\u00ebs. K\u00ebt\u00eb vit Austria Praemix prezanton teknologjit\u00eb m\u00eb t\u00eb reja europiane n\u00eb blegtori: 1. KUR: E Enjte, 24.04.2025, ora 11:30-12:15, [&hellip;]\" \/>\n<meta property=\"og:url\" content=\"https:\/\/ap.com.al\/?page_id=8936\" \/>\n<meta property=\"og:site_name\" content=\"Austria Praemix\" \/>\n<meta property=\"article:publisher\" content=\"https:\/\/www.facebook.com\/austriapraemiks\/\" \/>\n<meta property=\"article:modified_time\" content=\"2025-04-14T12:01:13+00:00\" \/>\n<meta name=\"twitter:card\" content=\"summary_large_image\" \/>\n<meta name=\"twitter:label1\" content=\"Est. reading time\" \/>\n\t<meta name=\"twitter:data1\" content=\"1 minute\" \/>\n<script type=\"application\/ld+json\" class=\"yoast-schema-graph\">{\"@context\":\"https:\/\/schema.org\",\"@graph\":[{\"@type\":\"Organization\",\"@id\":\"https:\/\/ap.com.al\/#organization\",\"name\":\"Austria Preamix\",\"url\":\"https:\/\/ap.com.al\/\",\"sameAs\":[\"https:\/\/www.instagram.com\/austriapraemix\/\",\"https:\/\/www.facebook.com\/austriapraemiks\/\"],\"logo\":{\"@type\":\"ImageObject\",\"inLanguage\":\"en-US\",\"@id\":\"https:\/\/ap.com.al\/#\/schema\/logo\/image\/\",\"url\":\"https:\/\/ap.com.al\/wp-content\/uploads\/2022\/02\/AP-logo.png\",\"contentUrl\":\"https:\/\/ap.com.al\/wp-content\/uploads\/2022\/02\/AP-logo.png\",\"width\":3358,\"height\":1616,\"caption\":\"Austria Preamix\"},\"image\":{\"@id\":\"https:\/\/ap.com.al\/#\/schema\/logo\/image\/\"}},{\"@type\":\"WebSite\",\"@id\":\"https:\/\/ap.com.al\/#website\",\"url\":\"https:\/\/ap.com.al\/\",\"name\":\"Austria Praemix\",\"description\":\"\",\"publisher\":{\"@id\":\"https:\/\/ap.com.al\/#organization\"},\"potentialAction\":[{\"@type\":\"SearchAction\",\"target\":{\"@type\":\"EntryPoint\",\"urlTemplate\":\"https:\/\/ap.com.al\/?s={search_term_string}\"},\"query-input\":\"required name=search_term_string\"}],\"inLanguage\":\"en-US\"},{\"@type\":\"WebPage\",\"@id\":\"https:\/\/ap.com.al\/?page_id=8936#webpage\",\"url\":\"https:\/\/ap.com.al\/?page_id=8936\",\"name\":\"Ftese Panairi 2025 - Austria Praemix\",\"isPartOf\":{\"@id\":\"https:\/\/ap.com.al\/#website\"},\"datePublished\":\"2025-04-14T12:01:12+00:00\",\"dateModified\":\"2025-04-14T12:01:13+00:00\",\"breadcrumb\":{\"@id\":\"https:\/\/ap.com.al\/?page_id=8936#breadcrumb\"},\"inLanguage\":\"en-US\",\"potentialAction\":[{\"@type\":\"ReadAction\",\"target\":[\"https:\/\/ap.com.al\/?page_id=8936\"]}]},{\"@type\":\"BreadcrumbList\",\"@id\":\"https:\/\/ap.com.al\/?page_id=8936#breadcrumb\",\"itemListElement\":[{\"@type\":\"ListItem\",\"position\":1,\"name\":\"Home\",\"item\":\"https:\/\/ap.com.al\/\"},{\"@type\":\"ListItem\",\"position\":2,\"name\":\"Ftese Panairi 2025\"}]}]}<\/script>\n<!-- \/ Yoast SEO plugin. -->","yoast_head_json":{"title":"Ftese Panairi 2025 - Austria Praemix","robots":{"index":"index","follow":"follow","max-snippet":"max-snippet:-1","max-image-preview":"max-image-preview:large","max-video-preview":"max-video-preview:-1"},"canonical":"https:\/\/ap.com.al\/?page_id=8936","og_locale":"en_US","og_type":"article","og_title":"Ftese Panairi 2025 - Austria Praemix","og_description":"Ftes\u00eb: Panairi \u201cDit\u00ebt e Bujq\u00ebsis\u00eb 2025\u201d Austria Praemix ka k\u00ebnaq\u00ebsin\u00eb t\u2019ju ftoj\u00eb n\u00eb Panairin Nd\u00ebrkomb\u00ebtar t\u00eb Bujq\u00ebsis\u00eb n\u00eb Shqip\u00ebri \u201cDit\u00ebt e Bujq\u00ebsis\u00eb 2025\u201d, i cili do t\u00eb organizohet n\u00eb datat 23-25 Prill n\u00eb qytetin e Lushnj\u00ebs. K\u00ebt\u00eb vit Austria Praemix prezanton teknologjit\u00eb m\u00eb t\u00eb reja europiane n\u00eb blegtori: 1. KUR: E Enjte, 24.04.2025, ora 11:30-12:15, [&hellip;]","og_url":"https:\/\/ap.com.al\/?page_id=8936","og_site_name":"Austria Praemix","article_publisher":"https:\/\/www.facebook.com\/austriapraemiks\/","article_modified_time":"2025-04-14T12:01:13+00:00","twitter_card":"summary_large_image","twitter_misc":{"Est. reading time":"1 minute"},"schema":{"@context":"https:\/\/schema.org","@graph":[{"@type":"Organization","@id":"https:\/\/ap.com.al\/#organization","name":"Austria Preamix","url":"https:\/\/ap.com.al\/","sameAs":["https:\/\/www.instagram.com\/austriapraemix\/","https:\/\/www.facebook.com\/austriapraemiks\/"],"logo":{"@type":"ImageObject","inLanguage":"en-US","@id":"https:\/\/ap.com.al\/#\/schema\/logo\/image\/","url":"https:\/\/ap.com.al\/wp-content\/uploads\/2022\/02\/AP-logo.png","contentUrl":"https:\/\/ap.com.al\/wp-content\/uploads\/2022\/02\/AP-logo.png","width":3358,"height":1616,"caption":"Austria Preamix"},"image":{"@id":"https:\/\/ap.com.al\/#\/schema\/logo\/image\/"}},{"@type":"WebSite","@id":"https:\/\/ap.com.al\/#website","url":"https:\/\/ap.com.al\/","name":"Austria Praemix","description":"","publisher":{"@id":"https:\/\/ap.com.al\/#organization"},"potentialAction":[{"@type":"SearchAction","target":{"@type":"EntryPoint","urlTemplate":"https:\/\/ap.com.al\/?s={search_term_string}"},"query-input":"required name=search_term_string"}],"inLanguage":"en-US"},{"@type":"WebPage","@id":"https:\/\/ap.com.al\/?page_id=8936#webpage","url":"https:\/\/ap.com.al\/?page_id=8936","name":"Ftese Panairi 2025 - Austria Praemix","isPartOf":{"@id":"https:\/\/ap.com.al\/#website"},"datePublished":"2025-04-14T12:01:12+00:00","dateModified":"2025-04-14T12:01:13+00:00","breadcrumb":{"@id":"https:\/\/ap.com.al\/?page_id=8936#breadcrumb"},"inLanguage":"en-US","potentialAction":[{"@type":"ReadAction","target":["https:\/\/ap.com.al\/?page_id=8936"]}]},{"@type":"BreadcrumbList","@id":"https:\/\/ap.com.al\/?page_id=8936#breadcrumb","itemListElement":[{"@type":"ListItem","position":1,"name":"Home","item":"https:\/\/ap.com.al\/"},{"@type":"ListItem","position":2,"name":"Ftese Panairi 2025"}]}]}},"_links":{"self":[{"href":"https:\/\/ap.com.al\/index.php?rest_route=\/wp\/v2\/pages\/8936","targetHints":{"allow":["GET"]}}],"collection":[{"href":"https:\/\/ap.com.al\/index.php?rest_route=\/wp\/v2\/pages"}],"about":[{"href":"https:\/\/ap.com.al\/index.php?rest_route=\/wp\/v2\/types\/page"}],"author":[{"embeddable":true,"href":"https:\/\/ap.com.al\/index.php?rest_route=\/wp\/v2\/users\/2"}],"replies":[{"embeddable":true,"href":"https:\/\/ap.com.al\/index.php?rest_route=%2Fwp%2Fv2%2Fcomments&post=8936"}],"version-history":[{"count":27,"href":"https:\/\/ap.com.al\/index.php?rest_route=\/wp\/v2\/pages\/8936\/revisions"}],"predecessor-version":[{"id":9007,"href":"https:\/\/ap.com.al\/index.php?rest_route=\/wp\/v2\/pages\/8936\/revisions\/9007"}],"wp:attachment":[{"href":"https:\/\/ap.com.al\/index.php?rest_route=%2Fwp%2Fv2%2Fmedia&parent=8936"}],"curies":[{"name":"wp","href":"https:\/\/api.w.org\/{rel}","templated":true}]}}