{"id":9101,"date":"2025-05-27T07:07:15","date_gmt":"2025-05-27T07:07:15","guid":{"rendered":"https:\/\/ap.com.al\/?page_id=9101"},"modified":"2025-05-27T07:07:15","modified_gmt":"2025-05-27T07:07:15","slug":"sweet-liquid","status":"publish","type":"page","link":"https:\/\/ap.com.al\/?page_id=9101","title":{"rendered":"SWEET LIQUID"},"content":{"rendered":"\n<style>\n  #oniiii{\n    background-image:url(\"https:\/\/ap.com.al\/wp-content\/uploads\/2022\/01\/Kuehe.jpg\");\n    padding-bottom: 32%;\n    background-position:center center;\n    background-repeat: no-repeat;\n    background-size:cover;\n  }\n  <\/style>\n  <script src=\"https:\/\/code.jquery.com\/jquery-3.5.0.js\">\n<\/script>\n\n<div id=\"oniiii\"><\/div>\n \n<script>\n$( \"#oniiii\" ).insertBefore( \".container_wrap_first\" );\n<\/script>\n\n\n\n<div class=\"wp-block-columns\" id=\"containerr\">\n<div class=\"wp-block-column\">\n<div class=\"avia_textblock\" itemprop=\"text\"><h4 style=\"color:#005a8c;\n\">SWEET LIQUID<\/h4>\n<\/div>\n<\/div>\n<\/div>\n\n\n\n<div class=\"wp-block-columns\" id=\"containerr\">\n<div class=\"wp-block-column\">\n<div class=\"detail__certificates-item-icon\">\n<img decoding=\"async\" alt=\"SCHAUMASIL TMR GL\" src=\"https:\/\/ap.com.al\/wp-content\/uploads\/2022\/03\/Asset-51-1.png\">\n<\/div>\n<\/div>\n<\/div>\n\n\n\n<div class=\"wp-block-columns\" id=\"containerr\">\n<div class=\"wp-block-column\">\n<div class=\"blue_list\">\n<h4>P\u00ebrforcues energjie i l\u00ebngsh\u00ebm p\u00ebr ta b\u00ebr\u00eb ushqimin m\u00eb t\u00eb shijsh\u00ebm dhe p\u00ebr t\u00eb rritur konsumin e tij<\/h4>\n<\/div>\n\n\n\n<div class=\"blue_marker_list\">\n<ul style=\"list-style-type: square; \n\tpadding-left: 1em;\">\n<li>Rrit konsumin e ushqimit<\/li>\n<li>P\u00ebrmir\u00ebson furnizimin me energji<\/li>\n<\/ul>\n\n<\/div>\n\n\n\n<div class=\"blue_marker_list\">\n<h4>P\u00ebrshkrimi:<\/h4>\n<ul style=\"list-style-type: square; \n\tpadding-left: 1em;\">\n<li>Glicerina dhe melasa me izomaltuloz\u00eb rrisin marrjen e ushqimit dhe p\u00ebrmir\u00ebsojn\u00eb n\u00eb t\u00eb nj\u00ebjt\u00ebn koh\u00eb furnizimin me energji.<\/li>\n<li>P\u00ebrb\u00ebr\u00ebsit me shije t\u00eb k\u00ebndshme dhe aromat e ve\u00e7anta sigurojn\u00eb nj\u00eb pranim t\u00eb lart\u00eb t\u00eb racionit ushqimor, duke ndikuar pozitivisht n\u00eb marrjen totale t\u00eb ushqimit.<\/li>\n<\/ul>\n<br>Avantazhi i madh i izomaltuloz\u00ebs n\u00eb form\u00ebn e melas\u00ebs (Sweet Liquid) \u00ebsht\u00eb se ajo shp\u00ebrb\u00ebhet shum\u00eb m\u00eb ngadal\u00eb dhe jo plot\u00ebsisht n\u00eb rumen p\u00ebr shkak t\u00eb lidhjes s\u00eb saj komplekse. Pjesa m\u00eb e madhe e saj shp\u00ebrb\u00ebhet plot\u00ebsisht vet\u00ebm n\u00eb zorr\u00eb. Si pasoj\u00eb, rreziku p\u00ebr acidoz\u00eb (acidifikim t\u00eb rumenit) ulet ndjesh\u00ebm dhe sheqeri (= energjia) lirohet n\u00eb m\u00ebnyr\u00eb t\u00eb vazhdueshme dhe t\u00eb q\u00ebndrueshme, si n\u00eb rumen, ashtu edhe n\u00eb zorr\u00eb, p\u00ebr nj\u00eb periudh\u00eb m\u00eb t\u00eb gjat\u00eb kohe. Kjo ndihmon n\u00eb ruajtjen e nj\u00eb niveli m\u00eb t\u00eb q\u00ebndruesh\u00ebm t\u00eb glukoz\u00ebs n\u00eb gjak.\n<\/div>\n<\/div>\n<\/div>\n","protected":false},"excerpt":{"rendered":"<p>SWEET LIQUID P\u00ebrforcues energjie i l\u00ebngsh\u00ebm p\u00ebr ta b\u00ebr\u00eb ushqimin m\u00eb t\u00eb shijsh\u00ebm dhe p\u00ebr t\u00eb rritur konsumin e tij Rrit konsumin e ushqimit P\u00ebrmir\u00ebson furnizimin me energji P\u00ebrshkrimi: Glicerina dhe melasa me izomaltuloz\u00eb rrisin marrjen e ushqimit dhe p\u00ebrmir\u00ebsojn\u00eb n\u00eb t\u00eb nj\u00ebjt\u00ebn koh\u00eb furnizimin me energji. P\u00ebrb\u00ebr\u00ebsit me shije t\u00eb k\u00ebndshme dhe aromat e [&hellip;]<\/p>\n","protected":false},"author":2,"featured_media":0,"parent":0,"menu_order":0,"comment_status":"closed","ping_status":"closed","template":"","meta":{"inline_featured_image":false,"footnotes":""},"class_list":["post-9101","page","type-page","status-publish","hentry"],"yoast_head":"<!-- This site is optimized with the Yoast SEO plugin v18.9 - https:\/\/yoast.com\/wordpress\/plugins\/seo\/ -->\n<title>SWEET LIQUID - Austria Praemix<\/title>\n<meta name=\"robots\" content=\"index, follow, max-snippet:-1, max-image-preview:large, max-video-preview:-1\" \/>\n<link rel=\"canonical\" href=\"https:\/\/ap.com.al\/?page_id=9101\" \/>\n<meta property=\"og:locale\" content=\"en_US\" \/>\n<meta property=\"og:type\" content=\"article\" \/>\n<meta property=\"og:title\" content=\"SWEET LIQUID - Austria Praemix\" \/>\n<meta property=\"og:description\" content=\"SWEET LIQUID P\u00ebrforcues energjie i l\u00ebngsh\u00ebm p\u00ebr ta b\u00ebr\u00eb ushqimin m\u00eb t\u00eb shijsh\u00ebm dhe p\u00ebr t\u00eb rritur konsumin e tij Rrit konsumin e ushqimit P\u00ebrmir\u00ebson furnizimin me energji P\u00ebrshkrimi: Glicerina dhe melasa me izomaltuloz\u00eb rrisin marrjen e ushqimit dhe p\u00ebrmir\u00ebsojn\u00eb n\u00eb t\u00eb nj\u00ebjt\u00ebn koh\u00eb furnizimin me energji. P\u00ebrb\u00ebr\u00ebsit me shije t\u00eb k\u00ebndshme dhe aromat e [&hellip;]\" \/>\n<meta property=\"og:url\" content=\"https:\/\/ap.com.al\/?page_id=9101\" \/>\n<meta property=\"og:site_name\" content=\"Austria Praemix\" \/>\n<meta property=\"article:publisher\" content=\"https:\/\/www.facebook.com\/austriapraemiks\/\" \/>\n<meta property=\"og:image\" content=\"https:\/\/ap.com.al\/wp-content\/uploads\/2022\/03\/Asset-51-1.png\" \/>\n<meta name=\"twitter:card\" content=\"summary_large_image\" \/>\n<meta name=\"twitter:label1\" content=\"Est. reading time\" \/>\n\t<meta name=\"twitter:data1\" content=\"1 minute\" \/>\n<script type=\"application\/ld+json\" class=\"yoast-schema-graph\">{\"@context\":\"https:\/\/schema.org\",\"@graph\":[{\"@type\":\"Organization\",\"@id\":\"https:\/\/ap.com.al\/#organization\",\"name\":\"Austria Preamix\",\"url\":\"https:\/\/ap.com.al\/\",\"sameAs\":[\"https:\/\/www.instagram.com\/austriapraemix\/\",\"https:\/\/www.facebook.com\/austriapraemiks\/\"],\"logo\":{\"@type\":\"ImageObject\",\"inLanguage\":\"en-US\",\"@id\":\"https:\/\/ap.com.al\/#\/schema\/logo\/image\/\",\"url\":\"https:\/\/ap.com.al\/wp-content\/uploads\/2022\/02\/AP-logo.png\",\"contentUrl\":\"https:\/\/ap.com.al\/wp-content\/uploads\/2022\/02\/AP-logo.png\",\"width\":3358,\"height\":1616,\"caption\":\"Austria Preamix\"},\"image\":{\"@id\":\"https:\/\/ap.com.al\/#\/schema\/logo\/image\/\"}},{\"@type\":\"WebSite\",\"@id\":\"https:\/\/ap.com.al\/#website\",\"url\":\"https:\/\/ap.com.al\/\",\"name\":\"Austria Praemix\",\"description\":\"\",\"publisher\":{\"@id\":\"https:\/\/ap.com.al\/#organization\"},\"potentialAction\":[{\"@type\":\"SearchAction\",\"target\":{\"@type\":\"EntryPoint\",\"urlTemplate\":\"https:\/\/ap.com.al\/?s={search_term_string}\"},\"query-input\":\"required name=search_term_string\"}],\"inLanguage\":\"en-US\"},{\"@type\":\"ImageObject\",\"inLanguage\":\"en-US\",\"@id\":\"https:\/\/ap.com.al\/?page_id=9101#primaryimage\",\"url\":\"https:\/\/ap.com.al\/wp-content\/uploads\/2022\/03\/Asset-51-1.png\",\"contentUrl\":\"https:\/\/ap.com.al\/wp-content\/uploads\/2022\/03\/Asset-51-1.png\",\"width\":355,\"height\":354},{\"@type\":\"WebPage\",\"@id\":\"https:\/\/ap.com.al\/?page_id=9101#webpage\",\"url\":\"https:\/\/ap.com.al\/?page_id=9101\",\"name\":\"SWEET LIQUID - Austria Praemix\",\"isPartOf\":{\"@id\":\"https:\/\/ap.com.al\/#website\"},\"primaryImageOfPage\":{\"@id\":\"https:\/\/ap.com.al\/?page_id=9101#primaryimage\"},\"datePublished\":\"2025-05-27T07:07:15+00:00\",\"dateModified\":\"2025-05-27T07:07:15+00:00\",\"breadcrumb\":{\"@id\":\"https:\/\/ap.com.al\/?page_id=9101#breadcrumb\"},\"inLanguage\":\"en-US\",\"potentialAction\":[{\"@type\":\"ReadAction\",\"target\":[\"https:\/\/ap.com.al\/?page_id=9101\"]}]},{\"@type\":\"BreadcrumbList\",\"@id\":\"https:\/\/ap.com.al\/?page_id=9101#breadcrumb\",\"itemListElement\":[{\"@type\":\"ListItem\",\"position\":1,\"name\":\"Home\",\"item\":\"https:\/\/ap.com.al\/\"},{\"@type\":\"ListItem\",\"position\":2,\"name\":\"SWEET LIQUID\"}]}]}<\/script>\n<!-- \/ Yoast SEO plugin. -->","yoast_head_json":{"title":"SWEET LIQUID - Austria Praemix","robots":{"index":"index","follow":"follow","max-snippet":"max-snippet:-1","max-image-preview":"max-image-preview:large","max-video-preview":"max-video-preview:-1"},"canonical":"https:\/\/ap.com.al\/?page_id=9101","og_locale":"en_US","og_type":"article","og_title":"SWEET LIQUID - Austria Praemix","og_description":"SWEET LIQUID P\u00ebrforcues energjie i l\u00ebngsh\u00ebm p\u00ebr ta b\u00ebr\u00eb ushqimin m\u00eb t\u00eb shijsh\u00ebm dhe p\u00ebr t\u00eb rritur konsumin e tij Rrit konsumin e ushqimit P\u00ebrmir\u00ebson furnizimin me energji P\u00ebrshkrimi: Glicerina dhe melasa me izomaltuloz\u00eb rrisin marrjen e ushqimit dhe p\u00ebrmir\u00ebsojn\u00eb n\u00eb t\u00eb nj\u00ebjt\u00ebn koh\u00eb furnizimin me energji. P\u00ebrb\u00ebr\u00ebsit me shije t\u00eb k\u00ebndshme dhe aromat e [&hellip;]","og_url":"https:\/\/ap.com.al\/?page_id=9101","og_site_name":"Austria Praemix","article_publisher":"https:\/\/www.facebook.com\/austriapraemiks\/","og_image":[{"url":"https:\/\/ap.com.al\/wp-content\/uploads\/2022\/03\/Asset-51-1.png"}],"twitter_card":"summary_large_image","twitter_misc":{"Est. reading time":"1 minute"},"schema":{"@context":"https:\/\/schema.org","@graph":[{"@type":"Organization","@id":"https:\/\/ap.com.al\/#organization","name":"Austria Preamix","url":"https:\/\/ap.com.al\/","sameAs":["https:\/\/www.instagram.com\/austriapraemix\/","https:\/\/www.facebook.com\/austriapraemiks\/"],"logo":{"@type":"ImageObject","inLanguage":"en-US","@id":"https:\/\/ap.com.al\/#\/schema\/logo\/image\/","url":"https:\/\/ap.com.al\/wp-content\/uploads\/2022\/02\/AP-logo.png","contentUrl":"https:\/\/ap.com.al\/wp-content\/uploads\/2022\/02\/AP-logo.png","width":3358,"height":1616,"caption":"Austria Preamix"},"image":{"@id":"https:\/\/ap.com.al\/#\/schema\/logo\/image\/"}},{"@type":"WebSite","@id":"https:\/\/ap.com.al\/#website","url":"https:\/\/ap.com.al\/","name":"Austria Praemix","description":"","publisher":{"@id":"https:\/\/ap.com.al\/#organization"},"potentialAction":[{"@type":"SearchAction","target":{"@type":"EntryPoint","urlTemplate":"https:\/\/ap.com.al\/?s={search_term_string}"},"query-input":"required name=search_term_string"}],"inLanguage":"en-US"},{"@type":"ImageObject","inLanguage":"en-US","@id":"https:\/\/ap.com.al\/?page_id=9101#primaryimage","url":"https:\/\/ap.com.al\/wp-content\/uploads\/2022\/03\/Asset-51-1.png","contentUrl":"https:\/\/ap.com.al\/wp-content\/uploads\/2022\/03\/Asset-51-1.png","width":355,"height":354},{"@type":"WebPage","@id":"https:\/\/ap.com.al\/?page_id=9101#webpage","url":"https:\/\/ap.com.al\/?page_id=9101","name":"SWEET LIQUID - Austria Praemix","isPartOf":{"@id":"https:\/\/ap.com.al\/#website"},"primaryImageOfPage":{"@id":"https:\/\/ap.com.al\/?page_id=9101#primaryimage"},"datePublished":"2025-05-27T07:07:15+00:00","dateModified":"2025-05-27T07:07:15+00:00","breadcrumb":{"@id":"https:\/\/ap.com.al\/?page_id=9101#breadcrumb"},"inLanguage":"en-US","potentialAction":[{"@type":"ReadAction","target":["https:\/\/ap.com.al\/?page_id=9101"]}]},{"@type":"BreadcrumbList","@id":"https:\/\/ap.com.al\/?page_id=9101#breadcrumb","itemListElement":[{"@type":"ListItem","position":1,"name":"Home","item":"https:\/\/ap.com.al\/"},{"@type":"ListItem","position":2,"name":"SWEET LIQUID"}]}]}},"_links":{"self":[{"href":"https:\/\/ap.com.al\/index.php?rest_route=\/wp\/v2\/pages\/9101","targetHints":{"allow":["GET"]}}],"collection":[{"href":"https:\/\/ap.com.al\/index.php?rest_route=\/wp\/v2\/pages"}],"about":[{"href":"https:\/\/ap.com.al\/index.php?rest_route=\/wp\/v2\/types\/page"}],"author":[{"embeddable":true,"href":"https:\/\/ap.com.al\/index.php?rest_route=\/wp\/v2\/users\/2"}],"replies":[{"embeddable":true,"href":"https:\/\/ap.com.al\/index.php?rest_route=%2Fwp%2Fv2%2Fcomments&post=9101"}],"version-history":[{"count":3,"href":"https:\/\/ap.com.al\/index.php?rest_route=\/wp\/v2\/pages\/9101\/revisions"}],"predecessor-version":[{"id":9104,"href":"https:\/\/ap.com.al\/index.php?rest_route=\/wp\/v2\/pages\/9101\/revisions\/9104"}],"wp:attachment":[{"href":"https:\/\/ap.com.al\/index.php?rest_route=%2Fwp%2Fv2%2Fmedia&parent=9101"}],"curies":[{"name":"wp","href":"https:\/\/api.w.org\/{rel}","templated":true}]}}