{"id":9180,"date":"2025-05-30T11:17:58","date_gmt":"2025-05-30T11:17:58","guid":{"rendered":"https:\/\/ap.com.al\/?page_id=9180"},"modified":"2025-05-30T13:24:02","modified_gmt":"2025-05-30T13:24:02","slug":"sekretet-e-rendimentit-te-larte-te-qumeshtit-praktika-nga-nje-ferme-e-suksesshme","status":"publish","type":"page","link":"https:\/\/ap.com.al\/?page_id=9180","title":{"rendered":"SEKRETET E RENDIMENTIT T\u00cb LART\u00cb T\u00cb QUM\u00cbSHTIT: PRAKTIKA NGA NJ\u00cb FERM\u00cb E SUKSESSHME"},"content":{"rendered":"\n<style>\n  #oniiii{\n    background-image:url(\"https:\/\/ap.com.al\/wp-content\/uploads\/2025\/05\/Artikull-14.png\");\n    padding-bottom: 32%;\n    background-position:center center;\n    background-repeat: no-repeat;\n    background-size:cover;\n  }\n  <\/style>\n  <script src=\"https:\/\/code.jquery.com\/jquery-3.5.0.js\">\n<\/script>\n\n<div id=\"oniiii\"><\/div>\n \n<script>\n$( \"#oniiii\" ).insertBefore( \".container_wrap_first\" );\n<\/script>\n\n\n\n<div class=\"wp-block-columns\" id=\"containerr\">\n<div class=\"wp-block-column\">\n<div class=\"avia_textblock\" itemprop=\"text\"><h4 style=\"color:#005a8c;\n\">SEKRETET E RENDIMENTIT T\u00cb LART\u00cb T\u00cb QUM\u00cbSHTIT: PRAKTIKA NGA NJ\u00cb FERM\u00cb E SUKSESSHME<\/h4>\n<p align=\"right\">\n   P\u00ebrpunuar nga Klevis Xhardja\n<\/p>\n<\/div>\n<\/div>\n<\/div>\n\n\n\n<div class=\"wp-block-columns\" id=\"containerr\">\n<div class=\"wp-block-column\">\n<div class=\"detail__certificates-item-icon\">\n<img decoding=\"async\" alt=\"Icon RINDAMAST UNI\" src=\"https:\/\/ap.com.al\/wp-content\/uploads\/2022\/03\/Asset-51-1.png\">\n<\/div>\n<\/div>\n<\/div>\n\n\n\n<div class=\"wp-block-columns\" id=\"containerr\">\n<div class=\"wp-block-column\">\n<div class=\"blue_marker_list\">\n<p align=\"justify\">Lop\u00ebt e sh\u00ebndetshme me rendiment t\u00eb lart\u00eb qum\u00ebshti jan\u00eb thelb\u00ebsore p\u00ebr nj\u00eb ferm\u00eb qum\u00ebshti fitimprur\u00ebse. Nj\u00eb ferm\u00eb n\u00eb Austri tregon se me angazhimin dhe menaxhimin e duhur, mund t\u00eb arrihen rendimente t\u00eb larta.<\/p>\n<\/div>\n\n\n\n<div class=\"wp-block-columns\">\n<div class=\"wp-block-column\">\n<figure class=\"wp-block-image size-full is-resized\"><img loading=\"lazy\" decoding=\"async\" width=\"551\" height=\"372\" src=\"https:\/\/ap.com.al\/wp-content\/uploads\/2025\/05\/image-25.png\" alt=\"\" class=\"wp-image-9181\" style=\"width:600px;height:auto\" srcset=\"https:\/\/ap.com.al\/wp-content\/uploads\/2025\/05\/image-25.png 551w, https:\/\/ap.com.al\/wp-content\/uploads\/2025\/05\/image-25-300x203.png 300w, https:\/\/ap.com.al\/wp-content\/uploads\/2025\/05\/image-25-450x304.png 450w\" sizes=\"auto, (max-width: 551px) 100vw, 551px\" \/><\/figure>\n<\/div>\n<\/div>\n\n\n\n<div class=\"blue_marker_list\">\n<h4 style=\"padding-top: 20px;\">Evolucioni i ferm\u00ebs: Nga Simmental n\u00eb Holstein<\/h4>\n<p align=\"justify\">N\u00eb vitin 1997, ferma filloi t\u00eb p\u00ebrdor\u00eb nj\u00eb mikser ushqimi (Mishelator) dhe kaloi nga lop\u00eb Simmental n\u00eb lop\u00eb Holstein, pasi k\u00ebto t\u00eb fundit sigurojn\u00eb rendiment m\u00eb t\u00eb lart\u00eb. Aktualisht, racioni ushqimor p\u00ebrmban 18.5% proteina dhe 6.9 MJ energji, duke mjaftuar p\u00ebr 30 litra qum\u00ebsht. P\u00ebr t\u00eb plot\u00ebsuar nevojat minerale, p\u00ebrdoret RINDAVIT EXTRA, nd\u00ebrsa me an\u00eb t\u00eb transponderit, lop\u00ebt me rendiment t\u00eb lart\u00eb marrin deri n\u00eb 4 kg ushqim t\u00eb koncentruar dhe RINDAVIT ASS-CO.<\/p>\n\n<h4 style=\"padding-top: 20px;\">Menaxhimi i m\u00ebshqerrave: rritje e shpejt\u00eb dhe e sh\u00ebndetshme<\/h4>\n<p align=\"justify\">Me p\u00ebrmir\u00ebsimin e menaxhimit, u investua n\u00eb rritjen e m\u00ebshqerrave. Ato ndahen nga qum\u00ebshti pas 6 jav\u00ebsh dhe nga 3 muajsh nuk ushqehen m\u00eb me san\u00eb. Mosha mesatare e pjelljes s\u00eb par\u00eb \u00ebsht\u00eb 24 muaj. Synohet q\u00eb kullota t\u00eb korret 5 her\u00eb n\u00eb vit dhe silazhi t\u00eb p\u00ebrgatitet me shtimin e Bonsilage p\u00ebr cil\u00ebsi m\u00eb t\u00eb mir\u00eb.<\/p>\n<h4 style=\"padding-top: 20px;\">R\u00ebnd\u00ebsia e pushimit p\u00ebr lop\u00ebt: m\u00eb shum\u00eb qum\u00ebsht, m\u00eb shum\u00eb fitim<\/h4>\n<p align=\"justify\">\u00c7do lop\u00eb me rendiment t\u00eb lart\u00eb ka nevoj\u00eb p\u00ebr pushim t\u00eb mjaftuesh\u00ebm. \u00c7do or\u00eb pushimi m\u00eb shum\u00eb se 7 or\u00eb n\u00eb dit\u00eb mund t\u00eb rris\u00eb prodhimin e qum\u00ebshtit me 1 kg. Lop\u00ebt harxhojn\u00eb rreth 2-3 or\u00eb n\u00eb dit\u00eb p\u00ebr t\u00eb ngr\u00ebn\u00eb, rip\u00ebrtypur, pir\u00eb uj\u00eb dhe pushuar. N\u00eb stallat e mbipopulluara, lop\u00ebt nuk kan\u00eb koh\u00eb t\u00eb mjaftueshme p\u00ebr t\u00eb ngr\u00ebn\u00eb dhe pushuar, gj\u00eb q\u00eb ndikon negativisht n\u00eb rendimentin e qum\u00ebshtit. P\u00ebrmir\u00ebsimet e vazhdueshme dhe zbatimi i praktikave t\u00eb reja jan\u00eb \u00e7el\u00ebsi i suksesit. Investimi n\u00eb m\u00ebshqerra, ushqyerja e optimizuar dhe cil\u00ebsia e foragjereve sjellin rritje t\u00eb rendimentit.\n<\/p>\n<\/div>\n<\/div>\n<\/div>\n\n\n\n<p><\/p>\n","protected":false},"excerpt":{"rendered":"<p>SEKRETET E RENDIMENTIT T\u00cb LART\u00cb T\u00cb QUM\u00cbSHTIT: PRAKTIKA NGA NJ\u00cb FERM\u00cb E SUKSESSHME P\u00ebrpunuar nga Klevis Xhardja Lop\u00ebt e sh\u00ebndetshme me rendiment t\u00eb lart\u00eb qum\u00ebshti jan\u00eb thelb\u00ebsore p\u00ebr nj\u00eb ferm\u00eb qum\u00ebshti fitimprur\u00ebse. Nj\u00eb ferm\u00eb n\u00eb Austri tregon se me angazhimin dhe menaxhimin e duhur, mund t\u00eb arrihen rendimente t\u00eb larta. Evolucioni i ferm\u00ebs: Nga Simmental [&hellip;]<\/p>\n","protected":false},"author":2,"featured_media":0,"parent":0,"menu_order":0,"comment_status":"closed","ping_status":"closed","template":"","meta":{"inline_featured_image":false,"footnotes":""},"class_list":["post-9180","page","type-page","status-publish","hentry"],"yoast_head":"<!-- This site is optimized with the Yoast SEO plugin v18.9 - https:\/\/yoast.com\/wordpress\/plugins\/seo\/ -->\n<title>SEKRETET E RENDIMENTIT T\u00cb LART\u00cb T\u00cb QUM\u00cbSHTIT: PRAKTIKA NGA NJ\u00cb FERM\u00cb E SUKSESSHME - Austria Praemix<\/title>\n<meta name=\"robots\" content=\"index, follow, max-snippet:-1, max-image-preview:large, max-video-preview:-1\" \/>\n<link rel=\"canonical\" href=\"https:\/\/ap.com.al\/?page_id=9180\" \/>\n<meta property=\"og:locale\" content=\"en_US\" \/>\n<meta property=\"og:type\" content=\"article\" \/>\n<meta property=\"og:title\" content=\"SEKRETET E RENDIMENTIT T\u00cb LART\u00cb T\u00cb QUM\u00cbSHTIT: PRAKTIKA NGA NJ\u00cb FERM\u00cb E SUKSESSHME - Austria Praemix\" \/>\n<meta property=\"og:description\" content=\"SEKRETET E RENDIMENTIT T\u00cb LART\u00cb T\u00cb QUM\u00cbSHTIT: PRAKTIKA NGA NJ\u00cb FERM\u00cb E SUKSESSHME P\u00ebrpunuar nga Klevis Xhardja Lop\u00ebt e sh\u00ebndetshme me rendiment t\u00eb lart\u00eb qum\u00ebshti jan\u00eb thelb\u00ebsore p\u00ebr nj\u00eb ferm\u00eb qum\u00ebshti fitimprur\u00ebse. Nj\u00eb ferm\u00eb n\u00eb Austri tregon se me angazhimin dhe menaxhimin e duhur, mund t\u00eb arrihen rendimente t\u00eb larta. Evolucioni i ferm\u00ebs: Nga Simmental [&hellip;]\" \/>\n<meta property=\"og:url\" content=\"https:\/\/ap.com.al\/?page_id=9180\" \/>\n<meta property=\"og:site_name\" content=\"Austria Praemix\" \/>\n<meta property=\"article:publisher\" content=\"https:\/\/www.facebook.com\/austriapraemiks\/\" \/>\n<meta property=\"article:modified_time\" content=\"2025-05-30T13:24:02+00:00\" \/>\n<meta property=\"og:image\" content=\"https:\/\/ap.com.al\/wp-content\/uploads\/2022\/03\/Asset-51-1.png\" \/>\n<meta name=\"twitter:card\" content=\"summary_large_image\" \/>\n<meta name=\"twitter:label1\" content=\"Est. reading time\" \/>\n\t<meta name=\"twitter:data1\" content=\"1 minute\" \/>\n<script type=\"application\/ld+json\" class=\"yoast-schema-graph\">{\"@context\":\"https:\/\/schema.org\",\"@graph\":[{\"@type\":\"Organization\",\"@id\":\"https:\/\/ap.com.al\/#organization\",\"name\":\"Austria Preamix\",\"url\":\"https:\/\/ap.com.al\/\",\"sameAs\":[\"https:\/\/www.instagram.com\/austriapraemix\/\",\"https:\/\/www.facebook.com\/austriapraemiks\/\"],\"logo\":{\"@type\":\"ImageObject\",\"inLanguage\":\"en-US\",\"@id\":\"https:\/\/ap.com.al\/#\/schema\/logo\/image\/\",\"url\":\"https:\/\/ap.com.al\/wp-content\/uploads\/2022\/02\/AP-logo.png\",\"contentUrl\":\"https:\/\/ap.com.al\/wp-content\/uploads\/2022\/02\/AP-logo.png\",\"width\":3358,\"height\":1616,\"caption\":\"Austria Preamix\"},\"image\":{\"@id\":\"https:\/\/ap.com.al\/#\/schema\/logo\/image\/\"}},{\"@type\":\"WebSite\",\"@id\":\"https:\/\/ap.com.al\/#website\",\"url\":\"https:\/\/ap.com.al\/\",\"name\":\"Austria Praemix\",\"description\":\"\",\"publisher\":{\"@id\":\"https:\/\/ap.com.al\/#organization\"},\"potentialAction\":[{\"@type\":\"SearchAction\",\"target\":{\"@type\":\"EntryPoint\",\"urlTemplate\":\"https:\/\/ap.com.al\/?s={search_term_string}\"},\"query-input\":\"required name=search_term_string\"}],\"inLanguage\":\"en-US\"},{\"@type\":\"ImageObject\",\"inLanguage\":\"en-US\",\"@id\":\"https:\/\/ap.com.al\/?page_id=9180#primaryimage\",\"url\":\"https:\/\/ap.com.al\/wp-content\/uploads\/2022\/03\/Asset-51-1.png\",\"contentUrl\":\"https:\/\/ap.com.al\/wp-content\/uploads\/2022\/03\/Asset-51-1.png\",\"width\":355,\"height\":354},{\"@type\":\"WebPage\",\"@id\":\"https:\/\/ap.com.al\/?page_id=9180#webpage\",\"url\":\"https:\/\/ap.com.al\/?page_id=9180\",\"name\":\"SEKRETET E RENDIMENTIT T\u00cb LART\u00cb T\u00cb QUM\u00cbSHTIT: PRAKTIKA NGA NJ\u00cb FERM\u00cb E SUKSESSHME - Austria Praemix\",\"isPartOf\":{\"@id\":\"https:\/\/ap.com.al\/#website\"},\"primaryImageOfPage\":{\"@id\":\"https:\/\/ap.com.al\/?page_id=9180#primaryimage\"},\"datePublished\":\"2025-05-30T11:17:58+00:00\",\"dateModified\":\"2025-05-30T13:24:02+00:00\",\"breadcrumb\":{\"@id\":\"https:\/\/ap.com.al\/?page_id=9180#breadcrumb\"},\"inLanguage\":\"en-US\",\"potentialAction\":[{\"@type\":\"ReadAction\",\"target\":[\"https:\/\/ap.com.al\/?page_id=9180\"]}]},{\"@type\":\"BreadcrumbList\",\"@id\":\"https:\/\/ap.com.al\/?page_id=9180#breadcrumb\",\"itemListElement\":[{\"@type\":\"ListItem\",\"position\":1,\"name\":\"Home\",\"item\":\"https:\/\/ap.com.al\/\"},{\"@type\":\"ListItem\",\"position\":2,\"name\":\"SEKRETET E RENDIMENTIT T\u00cb LART\u00cb T\u00cb QUM\u00cbSHTIT: PRAKTIKA NGA NJ\u00cb FERM\u00cb E SUKSESSHME\"}]}]}<\/script>\n<!-- \/ Yoast SEO plugin. -->","yoast_head_json":{"title":"SEKRETET E RENDIMENTIT T\u00cb LART\u00cb T\u00cb QUM\u00cbSHTIT: PRAKTIKA NGA NJ\u00cb FERM\u00cb E SUKSESSHME - Austria Praemix","robots":{"index":"index","follow":"follow","max-snippet":"max-snippet:-1","max-image-preview":"max-image-preview:large","max-video-preview":"max-video-preview:-1"},"canonical":"https:\/\/ap.com.al\/?page_id=9180","og_locale":"en_US","og_type":"article","og_title":"SEKRETET E RENDIMENTIT T\u00cb LART\u00cb T\u00cb QUM\u00cbSHTIT: PRAKTIKA NGA NJ\u00cb FERM\u00cb E SUKSESSHME - Austria Praemix","og_description":"SEKRETET E RENDIMENTIT T\u00cb LART\u00cb T\u00cb QUM\u00cbSHTIT: PRAKTIKA NGA NJ\u00cb FERM\u00cb E SUKSESSHME P\u00ebrpunuar nga Klevis Xhardja Lop\u00ebt e sh\u00ebndetshme me rendiment t\u00eb lart\u00eb qum\u00ebshti jan\u00eb thelb\u00ebsore p\u00ebr nj\u00eb ferm\u00eb qum\u00ebshti fitimprur\u00ebse. Nj\u00eb ferm\u00eb n\u00eb Austri tregon se me angazhimin dhe menaxhimin e duhur, mund t\u00eb arrihen rendimente t\u00eb larta. Evolucioni i ferm\u00ebs: Nga Simmental [&hellip;]","og_url":"https:\/\/ap.com.al\/?page_id=9180","og_site_name":"Austria Praemix","article_publisher":"https:\/\/www.facebook.com\/austriapraemiks\/","article_modified_time":"2025-05-30T13:24:02+00:00","og_image":[{"url":"https:\/\/ap.com.al\/wp-content\/uploads\/2022\/03\/Asset-51-1.png"}],"twitter_card":"summary_large_image","twitter_misc":{"Est. reading time":"1 minute"},"schema":{"@context":"https:\/\/schema.org","@graph":[{"@type":"Organization","@id":"https:\/\/ap.com.al\/#organization","name":"Austria Preamix","url":"https:\/\/ap.com.al\/","sameAs":["https:\/\/www.instagram.com\/austriapraemix\/","https:\/\/www.facebook.com\/austriapraemiks\/"],"logo":{"@type":"ImageObject","inLanguage":"en-US","@id":"https:\/\/ap.com.al\/#\/schema\/logo\/image\/","url":"https:\/\/ap.com.al\/wp-content\/uploads\/2022\/02\/AP-logo.png","contentUrl":"https:\/\/ap.com.al\/wp-content\/uploads\/2022\/02\/AP-logo.png","width":3358,"height":1616,"caption":"Austria Preamix"},"image":{"@id":"https:\/\/ap.com.al\/#\/schema\/logo\/image\/"}},{"@type":"WebSite","@id":"https:\/\/ap.com.al\/#website","url":"https:\/\/ap.com.al\/","name":"Austria Praemix","description":"","publisher":{"@id":"https:\/\/ap.com.al\/#organization"},"potentialAction":[{"@type":"SearchAction","target":{"@type":"EntryPoint","urlTemplate":"https:\/\/ap.com.al\/?s={search_term_string}"},"query-input":"required name=search_term_string"}],"inLanguage":"en-US"},{"@type":"ImageObject","inLanguage":"en-US","@id":"https:\/\/ap.com.al\/?page_id=9180#primaryimage","url":"https:\/\/ap.com.al\/wp-content\/uploads\/2022\/03\/Asset-51-1.png","contentUrl":"https:\/\/ap.com.al\/wp-content\/uploads\/2022\/03\/Asset-51-1.png","width":355,"height":354},{"@type":"WebPage","@id":"https:\/\/ap.com.al\/?page_id=9180#webpage","url":"https:\/\/ap.com.al\/?page_id=9180","name":"SEKRETET E RENDIMENTIT T\u00cb LART\u00cb T\u00cb QUM\u00cbSHTIT: PRAKTIKA NGA NJ\u00cb FERM\u00cb E SUKSESSHME - Austria Praemix","isPartOf":{"@id":"https:\/\/ap.com.al\/#website"},"primaryImageOfPage":{"@id":"https:\/\/ap.com.al\/?page_id=9180#primaryimage"},"datePublished":"2025-05-30T11:17:58+00:00","dateModified":"2025-05-30T13:24:02+00:00","breadcrumb":{"@id":"https:\/\/ap.com.al\/?page_id=9180#breadcrumb"},"inLanguage":"en-US","potentialAction":[{"@type":"ReadAction","target":["https:\/\/ap.com.al\/?page_id=9180"]}]},{"@type":"BreadcrumbList","@id":"https:\/\/ap.com.al\/?page_id=9180#breadcrumb","itemListElement":[{"@type":"ListItem","position":1,"name":"Home","item":"https:\/\/ap.com.al\/"},{"@type":"ListItem","position":2,"name":"SEKRETET E RENDIMENTIT T\u00cb LART\u00cb T\u00cb QUM\u00cbSHTIT: PRAKTIKA NGA NJ\u00cb FERM\u00cb E SUKSESSHME"}]}]}},"_links":{"self":[{"href":"https:\/\/ap.com.al\/index.php?rest_route=\/wp\/v2\/pages\/9180","targetHints":{"allow":["GET"]}}],"collection":[{"href":"https:\/\/ap.com.al\/index.php?rest_route=\/wp\/v2\/pages"}],"about":[{"href":"https:\/\/ap.com.al\/index.php?rest_route=\/wp\/v2\/types\/page"}],"author":[{"embeddable":true,"href":"https:\/\/ap.com.al\/index.php?rest_route=\/wp\/v2\/users\/2"}],"replies":[{"embeddable":true,"href":"https:\/\/ap.com.al\/index.php?rest_route=%2Fwp%2Fv2%2Fcomments&post=9180"}],"version-history":[{"count":3,"href":"https:\/\/ap.com.al\/index.php?rest_route=\/wp\/v2\/pages\/9180\/revisions"}],"predecessor-version":[{"id":9187,"href":"https:\/\/ap.com.al\/index.php?rest_route=\/wp\/v2\/pages\/9180\/revisions\/9187"}],"wp:attachment":[{"href":"https:\/\/ap.com.al\/index.php?rest_route=%2Fwp%2Fv2%2Fmedia&parent=9180"}],"curies":[{"name":"wp","href":"https:\/\/api.w.org\/{rel}","templated":true}]}}