{"id":9447,"date":"2025-07-11T12:46:50","date_gmt":"2025-07-11T12:46:50","guid":{"rendered":"https:\/\/ap.com.al\/?page_id=9447"},"modified":"2025-07-11T12:47:37","modified_gmt":"2025-07-11T12:47:37","slug":"keshilla-per-perdorimin-e-ventilatoreve-ne-stallat-e-lopeve","status":"publish","type":"page","link":"https:\/\/ap.com.al\/?page_id=9447","title":{"rendered":"K\u00cbSHILLA P\u00cbR P\u00cbRDORIMIN E VENTILATOR\u00cbVE N\u00cb STALLAT E LOP\u00cbVE"},"content":{"rendered":"\n<style>\n  #oniiii{\n    background-image:url(\"https:\/\/ap.com.al\/wp-content\/uploads\/2025\/07\/Artikull-26.png\");\n    padding-bottom: 32%;\n    background-position:center center;\n    background-repeat: no-repeat;\n    background-size:cover;\n  }\n  <\/style>\n  <script src=\"https:\/\/code.jquery.com\/jquery-3.5.0.js\">\n<\/script>\n\n<div id=\"oniiii\"><\/div>\n \n<script>\n$( \"#oniiii\" ).insertBefore( \".container_wrap_first\" );\n<\/script>\n\n\n\n<div class=\"wp-block-columns\" id=\"containerr\">\n<div class=\"wp-block-column\">\n<div class=\"avia_textblock\" itemprop=\"text\"><h4 style=\"color:#005a8c;\n\">K\u00cbSHILLA P\u00cbR P\u00cbRDORIMIN E VENTILATOR\u00cbVE N\u00cb STALLAT E LOP\u00cbVE<\/h4>\n<p align=\"right\">\n   P\u00ebrpunuar nga Kristian Maka<\/p>\n<\/div>\n<\/div>\n<\/div>\n\n\n\n<div class=\"wp-block-columns\" id=\"containerr\">\n<div class=\"wp-block-column\">\n<div class=\"detail__certificates-item-icon\">\n<img decoding=\"async\" alt=\"Icon RINDAMAST UNI\" src=\"https:\/\/ap.com.al\/wp-content\/uploads\/2022\/03\/Asset-51-1.png\">\n<\/div>\n<\/div>\n<\/div>\n\n\n\n<div class=\"wp-block-columns\" id=\"containerr\">\n<div class=\"wp-block-column\">\n<div class=\"blue_marker_list\">\n<p align=\"justify\">Sistemet e ftohjes dhe ventilimit nuk duhet t\u00eb mungojn\u00eb n\u00eb asnj\u00eb ferm\u00eb gjedhi, p\u00ebr shkak t\u00eb periudhave gjithnj\u00eb e m\u00eb t\u00eb gjata dhe m\u00eb intensive t\u00eb vap\u00ebs. Me instalimin e ventilator\u00ebve aksial\u00eb, b\u00ebhet e mundur p\u00ebrballimi me sa m\u00eb pak stres i temperaturave dhe lag\u00ebshtis\u00eb m\u00eb t\u00eb lart\u00eb n\u00eb stall\u00eb nga lop\u00ebt e qum\u00ebshtit. Si nj\u00eb p\u00ebrfitim shtes\u00eb i vlefsh\u00ebm, n\u00eb stall\u00eb reduktohet p\u00ebrqendrimi i gazrave t\u00eb d\u00ebmsh\u00ebm, si amoniaku. Me rritjen e prodhimit t\u00eb qum\u00ebshtit, rritet performanca metabolike dhe gjithashtu prodhimi i nxeht\u00ebsis\u00eb s\u00eb trupit n\u00eb lop\u00ebt e qum\u00ebshtit. Gama e temperatur\u00ebs n\u00eb t\u00eb cil\u00ebn lop\u00ebt e qum\u00ebshtit ndihen m\u00eb rehat \u00ebsht\u00eb midis -5 dhe +16\u00b0C. Lag\u00ebshtia relative gjithashtu ndikon n\u00eb rregullimin e temperatur\u00ebs s\u00eb trupit t\u00eb lop\u00ebve. Kur lag\u00ebshtia \u00ebsht\u00eb m\u00eb e lart\u00eb, lop\u00ebt e kan\u00eb m\u00eb t\u00eb v\u00ebshtir\u00eb t\u00eb ftohen duke djersitur, sepse ajri mund t\u00eb absorboj\u00eb m\u00eb pak avuj uji. Ventilimi duhet t\u00eb p\u00ebrdoret q\u00eb n\u00eb momentin q\u00eb temperature shkon rreth 20\u00b0C.\nQ\u00ebllimi kryesor i ventilator\u00ebve \u00ebsht\u00eb heqja e shtres\u00ebs s\u00eb ngroht\u00eb dhe t\u00eb lag\u00ebsht t\u00eb ajrit rreth trupit t\u00eb lop\u00ebve. P\u00ebr t\u00eb arritur k\u00ebt\u00eb, duhet t\u00eb arrihet nj\u00eb shpejt\u00ebsi prej t\u00eb pakt\u00ebn 2.5 m\/sek n\u00eb zon\u00ebn p\u00ebrreth kafsh\u00ebve. N\u00eb stall\u00eb rekomandohet ftohja e bokseve ku shtrihen lop\u00ebt, zona e ushqimit, zona e pritjes, zona e mjeljes, zonat ku q\u00ebndrojn\u00eb lop\u00ebt n\u00eb periudh\u00ebn e tharjes, lop\u00ebt mjel\u00ebse, t\u00eb s\u00ebmura etj. Prioritet duhet t\u00eb jet\u00eb ftohja me ventilator\u00eb e bokseve t\u00eb shtrirjes, sepse lop\u00ebt kalojn\u00eb aty 12 deri n\u00eb 14 or\u00eb t\u00eb shtrira \u00e7do dit\u00eb. N\u00eb var\u00ebsi t\u00eb kushteve teknike t\u00eb stall\u00ebs, ventilator\u00ebt mund t\u00eb instalohen p\u00ebr s\u00eb gjati dhe t\u00ebrthor.\nN\u00ebse \u00ebsht\u00eb e mundur, p\u00ebrpar\u00ebsi duhet t&#8217;i jepet instalimit n\u00eb nj\u00eb drejtim gjat\u00ebsor.<\/p>\n<h4>Instalimi n\u00eb drejtim gjat\u00ebsor<\/h4>\n<p align=\"justify\">Kur ventilator\u00ebt instalohen p\u00ebr s\u00eb gjati, ajri duhet t\u00eb thithet p\u00ebrgjat\u00eb drejtimit kryesor t\u00eb er\u00ebs ose nga pjesa e jashtme e stall\u00ebs ku ajri \u00ebsht\u00eb m\u00eb i fresk\u00ebt. P\u00ebr ta realizuar k\u00ebt\u00eb, ventilator\u00ebt e par\u00eb mund t\u00eb instalohen n\u00eb murin sip\u00ebr hyrjes s\u00eb stall\u00ebs ose n\u00eb nj\u00eb distanc\u00eb prej p\u00ebraf\u00ebrsisht 1,5 deri n\u00eb 2 m prej tij. N\u00eb k\u00ebt\u00eb m\u00ebnyr\u00eb, n\u00eb stall\u00eb mund t\u00eb futet ajri i fresk\u00ebt shtes\u00eb. Duhet t\u00eb ket\u00eb nj\u00eb hapje n\u00eb an\u00ebn e\nkund\u00ebrt t\u00eb stall\u00ebs p\u00ebrmes s\u00eb cil\u00ebs ajri mund t\u00eb qarkulloj\u00eb. Numri dhe pozicioni i sakt\u00eb i ventilator\u00ebve varet nga lloji i stall\u00ebs (stalla me nj\u00eb rresht, me shum\u00eb rreshta) dhe madh\u00ebsia e stall\u00ebs. Distanca e hedhjes s\u00eb ajrit, n\u00eb m\u00ebnyr\u00eb q\u00eb ajri nga ventilatori t\u00eb shkoj\u00eb deri te lopa, tregon distanc\u00ebn maksimale midis dy ventilator\u00ebve nj\u00ebri pas tjetrit. Si rregull p\u00ebr distanc\u00ebn mund t\u00eb p\u00ebrdoret formula, diametri i ventilatorit x 10. N\u00ebse bokset jan\u00eb vendosur n\u00eb rresht p\u00ebrball\u00eb nj\u00ebra-tjetr\u00ebs, mund t\u00eb p\u00ebrdoret nj\u00eb ventilator i ve\u00e7ant\u00eb p\u00ebr \u00e7do rresht boksesh.<\/p>\n<h4>Instalimi i ventilator\u00ebve n\u00eb drejtim t\u00ebrthor<\/h4>\n<p align=\"justify\">P\u00ebr ajrosje t\u00ebrthore, zakonisht \u00ebsht\u00eb nj\u00eb ide e mir\u00eb q\u00eb ventilator\u00ebt t\u00eb montohen mbi zon\u00ebn e ushqimit. Vendosja n\u00eb k\u00ebt\u00eb pozicion thith m\u00eb pak aj\u00ebr t\u00eb fresk\u00ebt, por nga ana tjet\u00ebr mund\u00ebson freskimin e m\u00eb shum\u00eb bokseve kur shtrihen lop\u00ebt. Kur ventilator\u00ebt instalohen n\u00eb murin e jasht\u00ebm, furnizimi me aj\u00ebr t\u00eb past\u00ebr \u00ebsht\u00eb m\u00eb i mir\u00eb, por p\u00ebrfitojn\u00eb m\u00eb pak bokse.\n<\/p>\n<h4>Pozicionimi dhe rregullimi<\/h4>\n<p align=\"justify\">Lart\u00ebsia e instalimit (skaji i posht\u00ebm) p\u00ebr ventilator\u00ebt pa gril\u00eb mbrojt\u00ebse duhet t\u00eb jet\u00eb 2,70 m mbi dyshemen\u00eb e q\u00ebndrueshme. N\u00ebse kjo nuk \u00ebsht\u00eb e mundur, duhet t\u00eb p\u00ebrdoren grila mbrojt\u00ebse, por k\u00ebto k\u00ebrkojn\u00eb m\u00eb shum\u00eb mund p\u00ebr pastrim. T\u00eb dh\u00ebnat e performanc\u00ebs dhe k\u00ebndi i zgjedhur i pjerr\u00ebsis\u00eb (15 deri n\u00eb 25\u00b0 C) jan\u00eb vendimtare p\u00ebr distanc\u00ebn deri ku shkon ajri q\u00eb qarkullon ventilatori. P\u00ebr t\u00eb parandaluar q\u00eb ventilator\u00ebt t\u00eb &#8220;l\u00ebkunden&#8221;, ata duhet t\u00eb fiksohen mir\u00eb.<\/p>\n<h4>Kontrolloni distanc\u00ebn dhe shpejt\u00ebsin\u00eb e l\u00ebvizjes s\u00eb ajrit<\/h4>\n<p align=\"justify\">Funksionaliteti mund t\u00eb kontrollohet pas instalimit duke p\u00ebrdorur fishek\u00eb tymi (makin\u00eb p\u00ebr mjegull) dhe nj\u00eb pajisje mat\u00ebse t\u00eb shpejt\u00ebsis\u00eb s\u00eb er\u00ebs. N\u00eb var\u00ebsi t\u00eb numrit, llojit t\u00eb ventilatorit dhe or\u00ebve vjetore t\u00eb pun\u00ebs, kostot e energjis\u00eb elektrike variojn\u00eb nga 12 deri n\u00eb 25 Euro p\u00ebr lop\u00eb n\u00eb vit. \u00c7mimi aktual i energjis\u00eb elektrike dhe p\u00ebrdorimi i mundsh\u00ebm i energjis\u00eb elektrike nga sistemet fotofoltaike (PV) ndikojn\u00eb n\u00eb kosto. Kostot e blerjes s\u00eb ventilator\u00ebve si dhe kostot e energjis\u00eb jan\u00eb joproporcionale n\u00ebse krahasohen me humbjet ekonomike t\u00eb shkaktuara nga &#8220;stresi i nxeht\u00ebsis\u00eb&#8221;, t\u00eb cilat jan\u00eb m\u00eb t\u00eb larta p\u00ebr fermer\u00ebt.<\/p>\n<\/div>\n<\/div>\n<\/div>\n\n\n\n<p><\/p>\n","protected":false},"excerpt":{"rendered":"<p>K\u00cbSHILLA P\u00cbR P\u00cbRDORIMIN E VENTILATOR\u00cbVE N\u00cb STALLAT E LOP\u00cbVE P\u00ebrpunuar nga Kristian Maka Sistemet e ftohjes dhe ventilimit nuk duhet t\u00eb mungojn\u00eb n\u00eb asnj\u00eb ferm\u00eb gjedhi, p\u00ebr shkak t\u00eb periudhave gjithnj\u00eb e m\u00eb t\u00eb gjata dhe m\u00eb intensive t\u00eb vap\u00ebs. Me instalimin e ventilator\u00ebve aksial\u00eb, b\u00ebhet e mundur p\u00ebrballimi me sa m\u00eb pak stres i [&hellip;]<\/p>\n","protected":false},"author":2,"featured_media":0,"parent":0,"menu_order":0,"comment_status":"closed","ping_status":"closed","template":"","meta":{"inline_featured_image":false,"footnotes":""},"class_list":["post-9447","page","type-page","status-publish","hentry"],"yoast_head":"<!-- This site is optimized with the Yoast SEO plugin v18.9 - https:\/\/yoast.com\/wordpress\/plugins\/seo\/ -->\n<title>K\u00cbSHILLA P\u00cbR P\u00cbRDORIMIN E VENTILATOR\u00cbVE N\u00cb STALLAT E LOP\u00cbVE - Austria Praemix<\/title>\n<meta name=\"robots\" content=\"index, follow, max-snippet:-1, max-image-preview:large, max-video-preview:-1\" \/>\n<link rel=\"canonical\" href=\"https:\/\/ap.com.al\/?page_id=9447\" \/>\n<meta property=\"og:locale\" content=\"en_US\" \/>\n<meta property=\"og:type\" content=\"article\" \/>\n<meta property=\"og:title\" content=\"K\u00cbSHILLA P\u00cbR P\u00cbRDORIMIN E VENTILATOR\u00cbVE N\u00cb STALLAT E LOP\u00cbVE - Austria Praemix\" \/>\n<meta property=\"og:description\" content=\"K\u00cbSHILLA P\u00cbR P\u00cbRDORIMIN E VENTILATOR\u00cbVE N\u00cb STALLAT E LOP\u00cbVE P\u00ebrpunuar nga Kristian Maka Sistemet e ftohjes dhe ventilimit nuk duhet t\u00eb mungojn\u00eb n\u00eb asnj\u00eb ferm\u00eb gjedhi, p\u00ebr shkak t\u00eb periudhave gjithnj\u00eb e m\u00eb t\u00eb gjata dhe m\u00eb intensive t\u00eb vap\u00ebs. Me instalimin e ventilator\u00ebve aksial\u00eb, b\u00ebhet e mundur p\u00ebrballimi me sa m\u00eb pak stres i [&hellip;]\" \/>\n<meta property=\"og:url\" content=\"https:\/\/ap.com.al\/?page_id=9447\" \/>\n<meta property=\"og:site_name\" content=\"Austria Praemix\" \/>\n<meta property=\"article:publisher\" content=\"https:\/\/www.facebook.com\/austriapraemiks\/\" \/>\n<meta property=\"article:modified_time\" content=\"2025-07-11T12:47:37+00:00\" \/>\n<meta property=\"og:image\" content=\"https:\/\/ap.com.al\/wp-content\/uploads\/2022\/03\/Asset-51-1.png\" \/>\n<meta name=\"twitter:card\" content=\"summary_large_image\" \/>\n<meta name=\"twitter:label1\" content=\"Est. reading time\" \/>\n\t<meta name=\"twitter:data1\" content=\"1 minute\" \/>\n<script type=\"application\/ld+json\" class=\"yoast-schema-graph\">{\"@context\":\"https:\/\/schema.org\",\"@graph\":[{\"@type\":\"Organization\",\"@id\":\"https:\/\/ap.com.al\/#organization\",\"name\":\"Austria Preamix\",\"url\":\"https:\/\/ap.com.al\/\",\"sameAs\":[\"https:\/\/www.instagram.com\/austriapraemix\/\",\"https:\/\/www.facebook.com\/austriapraemiks\/\"],\"logo\":{\"@type\":\"ImageObject\",\"inLanguage\":\"en-US\",\"@id\":\"https:\/\/ap.com.al\/#\/schema\/logo\/image\/\",\"url\":\"https:\/\/ap.com.al\/wp-content\/uploads\/2022\/02\/AP-logo.png\",\"contentUrl\":\"https:\/\/ap.com.al\/wp-content\/uploads\/2022\/02\/AP-logo.png\",\"width\":3358,\"height\":1616,\"caption\":\"Austria Preamix\"},\"image\":{\"@id\":\"https:\/\/ap.com.al\/#\/schema\/logo\/image\/\"}},{\"@type\":\"WebSite\",\"@id\":\"https:\/\/ap.com.al\/#website\",\"url\":\"https:\/\/ap.com.al\/\",\"name\":\"Austria Praemix\",\"description\":\"\",\"publisher\":{\"@id\":\"https:\/\/ap.com.al\/#organization\"},\"potentialAction\":[{\"@type\":\"SearchAction\",\"target\":{\"@type\":\"EntryPoint\",\"urlTemplate\":\"https:\/\/ap.com.al\/?s={search_term_string}\"},\"query-input\":\"required name=search_term_string\"}],\"inLanguage\":\"en-US\"},{\"@type\":\"ImageObject\",\"inLanguage\":\"en-US\",\"@id\":\"https:\/\/ap.com.al\/?page_id=9447#primaryimage\",\"url\":\"https:\/\/ap.com.al\/wp-content\/uploads\/2022\/03\/Asset-51-1.png\",\"contentUrl\":\"https:\/\/ap.com.al\/wp-content\/uploads\/2022\/03\/Asset-51-1.png\",\"width\":355,\"height\":354},{\"@type\":\"WebPage\",\"@id\":\"https:\/\/ap.com.al\/?page_id=9447#webpage\",\"url\":\"https:\/\/ap.com.al\/?page_id=9447\",\"name\":\"K\u00cbSHILLA P\u00cbR P\u00cbRDORIMIN E VENTILATOR\u00cbVE N\u00cb STALLAT E LOP\u00cbVE - Austria Praemix\",\"isPartOf\":{\"@id\":\"https:\/\/ap.com.al\/#website\"},\"primaryImageOfPage\":{\"@id\":\"https:\/\/ap.com.al\/?page_id=9447#primaryimage\"},\"datePublished\":\"2025-07-11T12:46:50+00:00\",\"dateModified\":\"2025-07-11T12:47:37+00:00\",\"breadcrumb\":{\"@id\":\"https:\/\/ap.com.al\/?page_id=9447#breadcrumb\"},\"inLanguage\":\"en-US\",\"potentialAction\":[{\"@type\":\"ReadAction\",\"target\":[\"https:\/\/ap.com.al\/?page_id=9447\"]}]},{\"@type\":\"BreadcrumbList\",\"@id\":\"https:\/\/ap.com.al\/?page_id=9447#breadcrumb\",\"itemListElement\":[{\"@type\":\"ListItem\",\"position\":1,\"name\":\"Home\",\"item\":\"https:\/\/ap.com.al\/\"},{\"@type\":\"ListItem\",\"position\":2,\"name\":\"K\u00cbSHILLA P\u00cbR P\u00cbRDORIMIN E VENTILATOR\u00cbVE N\u00cb STALLAT E LOP\u00cbVE\"}]}]}<\/script>\n<!-- \/ Yoast SEO plugin. -->","yoast_head_json":{"title":"K\u00cbSHILLA P\u00cbR P\u00cbRDORIMIN E VENTILATOR\u00cbVE N\u00cb STALLAT E LOP\u00cbVE - Austria Praemix","robots":{"index":"index","follow":"follow","max-snippet":"max-snippet:-1","max-image-preview":"max-image-preview:large","max-video-preview":"max-video-preview:-1"},"canonical":"https:\/\/ap.com.al\/?page_id=9447","og_locale":"en_US","og_type":"article","og_title":"K\u00cbSHILLA P\u00cbR P\u00cbRDORIMIN E VENTILATOR\u00cbVE N\u00cb STALLAT E LOP\u00cbVE - Austria Praemix","og_description":"K\u00cbSHILLA P\u00cbR P\u00cbRDORIMIN E VENTILATOR\u00cbVE N\u00cb STALLAT E LOP\u00cbVE P\u00ebrpunuar nga Kristian Maka Sistemet e ftohjes dhe ventilimit nuk duhet t\u00eb mungojn\u00eb n\u00eb asnj\u00eb ferm\u00eb gjedhi, p\u00ebr shkak t\u00eb periudhave gjithnj\u00eb e m\u00eb t\u00eb gjata dhe m\u00eb intensive t\u00eb vap\u00ebs. Me instalimin e ventilator\u00ebve aksial\u00eb, b\u00ebhet e mundur p\u00ebrballimi me sa m\u00eb pak stres i [&hellip;]","og_url":"https:\/\/ap.com.al\/?page_id=9447","og_site_name":"Austria Praemix","article_publisher":"https:\/\/www.facebook.com\/austriapraemiks\/","article_modified_time":"2025-07-11T12:47:37+00:00","og_image":[{"url":"https:\/\/ap.com.al\/wp-content\/uploads\/2022\/03\/Asset-51-1.png"}],"twitter_card":"summary_large_image","twitter_misc":{"Est. reading time":"1 minute"},"schema":{"@context":"https:\/\/schema.org","@graph":[{"@type":"Organization","@id":"https:\/\/ap.com.al\/#organization","name":"Austria Preamix","url":"https:\/\/ap.com.al\/","sameAs":["https:\/\/www.instagram.com\/austriapraemix\/","https:\/\/www.facebook.com\/austriapraemiks\/"],"logo":{"@type":"ImageObject","inLanguage":"en-US","@id":"https:\/\/ap.com.al\/#\/schema\/logo\/image\/","url":"https:\/\/ap.com.al\/wp-content\/uploads\/2022\/02\/AP-logo.png","contentUrl":"https:\/\/ap.com.al\/wp-content\/uploads\/2022\/02\/AP-logo.png","width":3358,"height":1616,"caption":"Austria Preamix"},"image":{"@id":"https:\/\/ap.com.al\/#\/schema\/logo\/image\/"}},{"@type":"WebSite","@id":"https:\/\/ap.com.al\/#website","url":"https:\/\/ap.com.al\/","name":"Austria Praemix","description":"","publisher":{"@id":"https:\/\/ap.com.al\/#organization"},"potentialAction":[{"@type":"SearchAction","target":{"@type":"EntryPoint","urlTemplate":"https:\/\/ap.com.al\/?s={search_term_string}"},"query-input":"required name=search_term_string"}],"inLanguage":"en-US"},{"@type":"ImageObject","inLanguage":"en-US","@id":"https:\/\/ap.com.al\/?page_id=9447#primaryimage","url":"https:\/\/ap.com.al\/wp-content\/uploads\/2022\/03\/Asset-51-1.png","contentUrl":"https:\/\/ap.com.al\/wp-content\/uploads\/2022\/03\/Asset-51-1.png","width":355,"height":354},{"@type":"WebPage","@id":"https:\/\/ap.com.al\/?page_id=9447#webpage","url":"https:\/\/ap.com.al\/?page_id=9447","name":"K\u00cbSHILLA P\u00cbR P\u00cbRDORIMIN E VENTILATOR\u00cbVE N\u00cb STALLAT E LOP\u00cbVE - Austria Praemix","isPartOf":{"@id":"https:\/\/ap.com.al\/#website"},"primaryImageOfPage":{"@id":"https:\/\/ap.com.al\/?page_id=9447#primaryimage"},"datePublished":"2025-07-11T12:46:50+00:00","dateModified":"2025-07-11T12:47:37+00:00","breadcrumb":{"@id":"https:\/\/ap.com.al\/?page_id=9447#breadcrumb"},"inLanguage":"en-US","potentialAction":[{"@type":"ReadAction","target":["https:\/\/ap.com.al\/?page_id=9447"]}]},{"@type":"BreadcrumbList","@id":"https:\/\/ap.com.al\/?page_id=9447#breadcrumb","itemListElement":[{"@type":"ListItem","position":1,"name":"Home","item":"https:\/\/ap.com.al\/"},{"@type":"ListItem","position":2,"name":"K\u00cbSHILLA P\u00cbR P\u00cbRDORIMIN E VENTILATOR\u00cbVE N\u00cb STALLAT E LOP\u00cbVE"}]}]}},"_links":{"self":[{"href":"https:\/\/ap.com.al\/index.php?rest_route=\/wp\/v2\/pages\/9447","targetHints":{"allow":["GET"]}}],"collection":[{"href":"https:\/\/ap.com.al\/index.php?rest_route=\/wp\/v2\/pages"}],"about":[{"href":"https:\/\/ap.com.al\/index.php?rest_route=\/wp\/v2\/types\/page"}],"author":[{"embeddable":true,"href":"https:\/\/ap.com.al\/index.php?rest_route=\/wp\/v2\/users\/2"}],"replies":[{"embeddable":true,"href":"https:\/\/ap.com.al\/index.php?rest_route=%2Fwp%2Fv2%2Fcomments&post=9447"}],"version-history":[{"count":6,"href":"https:\/\/ap.com.al\/index.php?rest_route=\/wp\/v2\/pages\/9447\/revisions"}],"predecessor-version":[{"id":9454,"href":"https:\/\/ap.com.al\/index.php?rest_route=\/wp\/v2\/pages\/9447\/revisions\/9454"}],"wp:attachment":[{"href":"https:\/\/ap.com.al\/index.php?rest_route=%2Fwp%2Fv2%2Fmedia&parent=9447"}],"curies":[{"name":"wp","href":"https:\/\/api.w.org\/{rel}","templated":true}]}}