{"id":9458,"date":"2025-07-16T10:16:16","date_gmt":"2025-07-16T10:16:16","guid":{"rendered":"https:\/\/ap.com.al\/?page_id=9458"},"modified":"2025-07-16T10:26:47","modified_gmt":"2025-07-16T10:26:47","slug":"parandalimi-i-mma-se-te-dosat","status":"publish","type":"page","link":"https:\/\/ap.com.al\/?page_id=9458","title":{"rendered":"Parandalimi i MMA-s\u00eb te dosat"},"content":{"rendered":"\n<p><\/p>\n\n\n\n<p><\/p>\n\n\n\n<style>\n  #oniiii{\n    background-image:url(\"https:\/\/ap.com.al\/wp-content\/uploads\/2025\/07\/White-Modern-Blank-Page-A4-Document.png\");\n    padding-bottom: 32%;\n    background-position:center left;\n    background-repeat: no-repeat;\n    background-size:cover;\n  }\n  <\/style>\n  <script src=\"https:\/\/code.jquery.com\/jquery-3.5.0.js\">\n<\/script>\n\n<div id=\"oniiii\"><\/div>\n \n<script>\n$( \"#oniiii\" ).insertBefore( \".container_wrap_first\" );\n<\/script>\n\n\n\n<div class=\"wp-block-columns\" id=\"containerr\">\n<div class=\"wp-block-column\">\n<div class=\"avia_textblock\" itemprop=\"text\"><h4 style=\"color:#005a8c;\n\">Parandalimi i MMA-s\u00eb te dosat<\/h4>\n<p align=\"right\">\n   P\u00ebrpunuar nga Klevis Xhardja\n<\/p>\n<\/div>\n<\/div>\n<\/div>\n\n\n\n<div class=\"wp-block-columns\" id=\"containerr\">\n<div class=\"wp-block-column\">\n<div class=\"detail__certificates-item-icon\">\n<img decoding=\"async\" alt=\"SCHAUMALAC M 70 \" src=\"https:\/\/ap.com.al\/wp-content\/uploads\/2022\/03\/Asset-54-1.png\">\n<\/div>\n<\/div>\n<\/div>\n\n\n\n<div class=\"wp-block-columns\" id=\"containerr\">\n<div class=\"wp-block-column\">\n<div class=\"blue_marker_list\">\n<p align=\"justify\" style=\"margin-bottom: 5;\">Dosat e prekura nga MMA nuk jan\u00eb n\u00eb gjendje t\u00eb ushqejn\u00eb gicat dhe k\u00ebrkojn\u00eb trajtim me antibiotik\u00eb. M\u00eb posht\u00eb paraqiten 12 pika ky\u00e7e p\u00ebr parandalimin e MMA-S\u00cb.<\/p>\n<\/div>\n\n\n\n<table style=\"width: 100%; border-collapse: collapse; font-family: Arial, sans-serif;\"><thead>\n  <tr style=\"background-color: #005a8c;\">\n    <th style=\"padding: 12px; text-align: left; border: 1px solid #ddd; color: white !important;\" colspan=\"2\">\n      12 MASA P\u00cbR PARANDALIMIN E MMA-S\u00cb\n    <\/th>\n  <\/tr>\n<\/thead>\n  <tbody>\n    <tr style=\"background-color: #ffffff;\"><td style=\"padding: 10px; border: 1px solid #ddd;\">1<\/td><td style=\"padding: 10px; border: 1px solid #ddd;\">Kujdes ndaj higjien\u00ebs s\u00eb ushqimit nga fusha deri n\u00eb trog<\/td><\/tr>\n    <tr style=\"background-color: #ffffff;\"><td style=\"padding: 10px; border: 1px solid #ddd;\">2<\/td><td style=\"padding: 10px; border: 1px solid #ddd;\">T\u00eb mos ndryshohet papritur p\u00ebrb\u00ebrja e ushqimit<\/td><\/tr>\n    <tr style=\"background-color: #ffffff;\"><td style=\"padding: 10px; border: 1px solid #ddd;\">3<\/td><td style=\"padding: 10px; border: 1px solid #ddd;\">T\u00eb reduktohet sasia e ushqimit 1\u20132 dit\u00eb para lindjes<\/td><\/tr>\n    <tr style=\"background-color: #ffffff;\"><td style=\"padding: 10px; border: 1px solid #ddd;\">4<\/td><td style=\"padding: 10px; border: 1px solid #ddd;\">T\u00eb p\u00ebrdoren fibra q\u00eb ndihmojn\u00eb tretjen<\/td><\/tr>\n    <tr style=\"background-color: #ffffff;\"><td style=\"padding: 10px; border: 1px solid #ddd;\">5<\/td><td style=\"padding: 10px; border: 1px solid #ddd;\">T\u00eb ulet pH-i i urin\u00ebs p\u00ebrmes aditiv\u00ebve<\/td><\/tr>\n    <tr style=\"background-color: #ffffff;\"><td style=\"padding: 10px; border: 1px solid #ddd;\">6<\/td><td style=\"padding: 10px; border: 1px solid #ddd;\">T\u00eb kontrollohet furnizimi dhe higjiena e ujit<\/td><\/tr>\n    <tr style=\"background-color: #ffffff;\"><td style=\"padding: 10px; border: 1px solid #ddd;\">7<\/td><td style=\"padding: 10px; border: 1px solid #ddd;\">Materniteti me sistem hyrje-dalje (all-in\/all-out)<\/td><\/tr>\n    <tr style=\"background-color: #ffffff;\"><td style=\"padding: 10px; border: 1px solid #ddd;\">8<\/td><td style=\"padding: 10px; border: 1px solid #ddd;\">T\u00eb lahen dosat para futjes n\u00eb maternitet<\/td><\/tr>\n    <tr style=\"background-color: #ffffff;\"><td style=\"padding: 10px; border: 1px solid #ddd;\">9<\/td><td style=\"padding: 10px; border: 1px solid #ddd;\">T\u00eb pastrohen jasht\u00ebqitjet \u00e7do dit\u00eb nga boksi<\/td><\/tr>\n    <tr style=\"background-color: #ffffff;\"><td style=\"padding: 10px; border: 1px solid #ddd;\">10<\/td><td style=\"padding: 10px; border: 1px solid #ddd;\">Ndihm\u00eb gjat\u00eb lindjes kur ka vonesa apo komplikime<\/td><\/tr>\n    <tr style=\"background-color: #ffffff;\"><td style=\"padding: 10px; border: 1px solid #ddd;\">11<\/td><td style=\"padding: 10px; border: 1px solid #ddd;\">T\u00eb matet temperatura trupore 12\u201324 or\u00eb pas lindjes<\/td><\/tr>\n    <tr style=\"background-color: #ffffff;\"><td style=\"padding: 10px; border: 1px solid #ddd;\">12<\/td><td style=\"padding: 10px; border: 1px solid #ddd;\">Trajtim i shpejt\u00eb i dosave t\u00eb prekura me antibiotik\u00eb<\/td><\/tr>\n  <\/tbody>\n<\/table>\n\n\n\n<div class=\"blue_marker_list\">\n<p align=\"justify\" style=\"margin-bottom: 0;\">Pas lindjes, disa dosa nuk han\u00eb, kan\u00eb temperatur\u00eb t\u00eb lart\u00eb dhe nuk prodhojn\u00eb mjaftuesh\u00ebm qum\u00ebsht. Nga vagina mund t\u00eb dal\u00eb sekrecion me qelb dhe gj\u00ebndrat e qum\u00ebshtit jan\u00eb t\u00eb skuqura e inflamuara. Kjo gjendje njihet si sindroma MMA \u2013 Mastit, Metrit dhe Agalaksi. Shkaktar\u00ebt jan\u00eb t\u00eb ndrysh\u00ebm: higjiena, ushqimi, stresi, infeksionet dhe menaxhimi i gabuar. P\u00ebrhapja varion nga ferma n\u00eb ferm\u00eb, mund t\u00eb luhatet nga 5% deri n\u00eb 20%, por n\u00eb raste ekstreme, mund t\u00eb preken deri n\u00eb 80% e dosave.\nPrekja nga MMA shpesh k\u00ebrkon trajtim me antibiotik\u00eb, por \u00ebsht\u00eb shum\u00eb m\u00eb mir\u00eb t\u00eb fokusohemi n\u00eb parandalim p\u00ebrmes ushqyerjes s\u00eb kujdesshme, higjien\u00ebs dhe menaxhimit t\u00eb mir\u00eb.<\/p>\n<h4 style=\"padding-top: 20px;\">Kujdesi ndaj cil\u00ebsis\u00eb s\u00eb ushqimit<\/h4>\n<p align=\"justify\" style=\"margin-bottom: 0;\">Q\u00ebllimi kryesor i t\u00eb ushqyerit synon t\u00eb parandaloj\u00eb ngadal\u00ebsimin e zorr\u00ebve dhe rrjedhimisht koonstipacionin. Dosa duhet t\u00eb mbrohet nga rreziku i infeksioneve t\u00eb traktit urinar. K\u00ebto masa ndihmojn\u00eb n\u00eb reduktimin e toksinave dhe baktereve q\u00eb shkaktojn\u00eb MMA. Patogjen\u00ebt mund t\u00eb kalojn\u00eb n\u00eb gjak p\u00ebrmes zorr\u00ebve apo ndotin gj\u00ebndrat e qum\u00ebshtit p\u00ebrmes jasht\u00ebqitjes. Prandaj, \u00ebsht\u00eb thelb\u00ebsore q\u00eb ushqimi t\u00eb jet\u00eb i sigurt, pa toksina dhe mikrobe.\n<\/p>\n<p align=\"justify\" style=\"margin-bottom: 0;\">Ngarkesa me toksina: Baz\u00eb p\u00ebr nj\u00eb ushqyerje t\u00eb sh\u00ebndetshme jan\u00eb l\u00ebnd\u00ebt e para higjienikisht t\u00eb sigurta. Kjo fillon me optimizimin e praktikave bujq\u00ebsore, me rotacion kulture dhe mbrojtje bimore p\u00ebr t\u00eb parandaluar mykotoksinat dhe ndotjen mikrobike. Pastrimi dhe ruajtja e korrjes si dhe higjiena n\u00eb depo dhe sistemet automatike t\u00eb ushqyerjes jan\u00eb thelb\u00ebsore. Optimizimi i m\u00ebtejsh\u00ebm i higjien\u00ebs s\u00eb magazinimit dhe silos, duke p\u00ebrfshir\u00eb sistemet automatike t\u00eb ushqyerjes, kontribuon n\u00eb ushqyerjen m\u00eb t\u00eb mir\u00eb t\u00eb mundshme dhe t\u00eb sh\u00ebndetshme.\n<\/p>\n<p align=\"justify\" style=\"margin-bottom: 0;\">Ndryshimi i komponent\u00ebve: Analiza e l\u00ebnd\u00ebve t\u00eb para \u00ebsht\u00eb e domosdoshme p\u00ebr t\u00eb p\u00ebrgatitur racione t\u00eb p\u00ebrshtatshme. L\u00ebnd\u00ebt e para n\u00eb ushqimin e dosave bar\u00ebse duhet t\u00eb p\u00ebrfshihen edhe n\u00eb ushqimin e laktacionit p\u00ebr t\u00eb mbajtur flor\u00ebn intestinale t\u00eb q\u00ebndrueshme gjat\u00eb lindjes. Ndryshimet e papritura mund t\u00eb \u00e7ojn\u00eb n\u00eb rritje t\u00eb baktereve t\u00eb d\u00ebmshme.\n<\/p>\n<p align=\"justify\" style=\"margin-bottom:0;\">Rregullimi i sasis\u00eb s\u00eb ushqimit: Regjimi ushqimor gjat\u00eb barsm\u00ebris\u00eb dhe para lindjes \u00ebsht\u00eb vendimtar. Dosa t\u00eb dhjamosura kan\u00eb lindje m\u00eb t\u00eb zgjatura dhe p\u00ebrkeq\u00ebsojn\u00eb gjendjen fizike. Prandaj, synoni t\u00eb arrini kondicion optimal n\u00eb fillim t\u00eb barsm\u00ebris\u00eb. 1\u20132 dit\u00eb para lindjes, sasia e ushqimit duhet t\u00eb reduktohet n\u00eb 2\u20133 kg\/dit\u00eb p\u00ebr t\u00eb leht\u00ebsuar tretjen. Pas lindjes, sasia duhet t\u00eb rritet gradualisht me ~0.5 kg n\u00eb dit\u00eb\n<\/p>\n<\/div>\n\n\n\n<div class=\"blue_marker_list\">\n<h4 style=\"padding-top: 20px;\">P\u00ebrshtatja e racionit ushqimor<\/h4>\n<p align=\"justify\" style=\"margin-bottom: 0;\">Fibrat: P\u00ebr t\u00eb nxitur funksionin e zorr\u00ebve dhe p\u00ebr t\u00eb parandaluar konstipacionin, p\u00ebrdorni fibra dietike. N\u00eb ushqimin e barsm\u00ebris\u00eb, p\u00ebrmbajtja e fibrave duhet t\u00eb jet\u00eb \u22656.5%, nd\u00ebrsa n\u00eb ushqimin e laktacionit t\u00eb pakt\u00ebn 5%. Fermentimi bakterial n\u00eb zorr\u00eb kontribuon n\u00eb formimin e acideve yndyrore t\u00eb lira, t\u00eb cilat mund t\u00eb parandalojn\u00eb p\u00ebrhapjen e baktereve t\u00eb pad\u00ebshiruara n\u00eb zorr\u00ebn e trash\u00eb. Tretja e fibrave gjithashtu siguron nj\u00eb \u00e7lirim m\u00eb t\u00eb vazhduesh\u00ebm t\u00eb energjis\u00eb, gj\u00eb q\u00eb \u00ebsht\u00eb ve\u00e7an\u00ebrisht e r\u00ebnd\u00ebsishme gjat\u00eb lindjes s\u00eb gjat\u00eb.\n<\/p>\n<p align=\"justify\" style=\"margin-bottom: 0;\">Aditiv\u00ebt: Vlerat e pH-it t\u00eb urin\u00ebs n\u00eb diapazonin acid jan\u00eb t\u00eb d\u00ebshirueshme, pasi ato parandalojn\u00eb shum\u00ebzimin e leht\u00eb t\u00eb mikrobeve. Kjo zvog\u00eblon rrezikun e infeksionit n\u00eb organet urinare dhe gjenitale. Nj\u00eb ekuilib\u00ebr i optimizuar i elektroliteve n\u00eb ushqimin p\u00ebrgatitor dhe\/ose t\u00eb laktacionit p\u00ebrmes shtimit t\u00eb l\u00ebnd\u00ebve t\u00eb para acidike dhe krip\u00ebrave mund t\u00eb ul\u00eb pH-in e urin\u00ebs. Marrja adekuate e kalciumit gjithashtu ndihmon n\u00eb parandalimin e infeksioneve t\u00eb traktit urinar. P\u00ebrdorimi i acideve organike dhe probiotik\u00ebve mund ta mbroj\u00eb m\u00eb tej ushqimin.\n<\/p>\n<p align=\"justify\" style=\"margin-bottom: 0;\">Furnizimi me uj\u00eb: Dosat duhet t\u00eb pin\u00eb uj\u00eb menj\u00ebher\u00eb pas lindjes. Jepuni uj\u00eb edhe n\u00eb trog n\u00ebse sistemi me nipla \u00ebsht\u00eb i ndrysh\u00ebm. (Shpejt\u00ebsia e rrjedh\u00ebs-1 deri n\u00eb 2 litra n\u00eb minut\u00eb) Pastroni dhe dezinfektoni tubat rregullisht \u2013 biofilmi i mbledhur n\u00eb to \u00ebsht\u00eb burim infeksioni.\n<\/p>\n\n<h4 style=\"padding-top: 20px;\">Lufta kund\u00ebr mikrobeve<\/h4>\n<p align=\"justify\" style=\"margin-bottom: 0;\">P\u00ebrdorimi i stall\u00ebs: Rekomandohet sistem hyrje-dalje p\u00ebr repartet e lindjes. Grupet e dosave dhe madh\u00ebsia e stalles duhet t\u00eb p\u00ebrshtaten p\u00ebr t\u00eb ruajtur uniformitetin. Midis \u00e7do p\u00ebrdorimi, bokset duhet t\u00eb pastrohen dhe dezinfektohen plot\u00ebsisht. K\u00ebshill\u00eb: Kontrolloni her\u00eb pas here efektivitetin e dezinfektuesit q\u00eb p\u00ebrdorni.\n<\/p>\n<p align=\"justify\" style=\"margin-bottom: 0;\">Larja e dosave: Dosat duhet t\u00eb futen n\u00eb repartin e lindjes rreth dit\u00ebs s\u00eb 110-t\u00eb t\u00eb shtatz\u00ebnis\u00eb. Para futjes n\u00eb repart, ato duhet t\u00eb lahet me detergjent p\u00ebr kafsh\u00eb, p\u00ebr t\u00eb hequr parazit\u00ebt e jasht\u00ebm, patogjen\u00ebt dhe papast\u00ebrtit\u00eb nga l\u00ebkura. Sip\u00ebrfaqet e fjetjes duhet t\u00eb jen\u00eb t\u00eb thata, sepse lag\u00ebshtia ndihmon n\u00eb ftohjen e shpejt\u00eb t\u00eb gj\u00ebndrave t\u00eb qum\u00ebshtit, \u00e7ka e favorizon zhvillimin e MMA. Rrymat e ajrit n\u00eb zon\u00ebn e fjetjes duhet t\u00eb shmangen.\n<\/p>\n<p align=\"justify\" style=\"margin-bottom: 0;\">Higjiena n\u00eb bokse: P\u00ebr t\u00eb mbajtur sip\u00ebrfaqet\/ zonat e shtrirjes dhe kafsh\u00ebt t\u00eb pastra dhe t\u00eb thata, mund t\u00eb p\u00ebrdoret nj\u00eb shtres\u00eb dezinfektuese me p\u00ebrb\u00ebrje alkaline, e p\u00ebrshtatshme p\u00ebr l\u00ebkur\u00ebn. Ky pluhur mund t\u00eb p\u00ebrdoret edhe p\u00ebr tharje t\u00eb gicave t\u00eb sapolindur. N\u00eb boks\u00ebt e zakonsh\u00ebm, dheu dhe jasht\u00ebqitjet pas dos\u00ebs duhet t\u00eb pastrohen \u00e7do dit\u00eb. P\u00ebrdorimi i klapave ose vrimave p\u00ebr jasht\u00ebqitje e b\u00ebn k\u00ebt\u00eb pun\u00eb m\u00eb t\u00eb leht\u00eb.\n<\/p>\n<p align=\"justify\" style=\"margin-bottom: 0;\">Ndihma gjat\u00eb lindjes: N\u00ebse lindja zgjat ose ka shum\u00eb gica t\u00eb ngordhur, rreziku p\u00ebr MMA rritet ndjesh\u00ebm. Ndihma gjat\u00eb lindjes duhet t\u00eb jepet jo m\u00eb von\u00eb se 40 minuta pas lindjes s\u00eb gicit t\u00eb fundit. Duhet t\u00eb respektohen masat paraprake higjienike. Mund t\u00eb administrohet nj\u00eb injeksion intramuskular me 10 IU oksitocin\u00eb pas veshit, p\u00ebr t\u00eb ndihmuar nxjerrjen e placent\u00ebs, e cila duhet t\u00eb p\u00ebrfundoj\u00eb brenda kat\u00ebr or\u00ebve nga lindja e fundit. Edhe n\u00eb rastet e shtatz\u00ebnive t\u00eb tejzgjatura, rritet rreziku i MMA-s\u00eb, prandaj pas dit\u00ebs s\u00eb 114 mund t\u00eb jet\u00eb e dobishme induksioni hormonal i lindjes.\n<\/p>\n<h4 style=\"padding-top: 20px;\">Trajtimi efektiv i MMA-s\u00eb<\/h4>\n<p align=\"justify\" style=\"margin-bottom: 0;\">Kontrolli i temperatur\u00ebs: Pas lindjes, duhet vler\u00ebsuar gjendja e p\u00ebrgjithshme, oreksi dhe sjellja e dos\u00ebs dhe gicave. Matja e temperatur\u00ebs duhet t\u00eb b\u00ebhet 12\u201324 or\u00eb pas lindjes dhe t\u00eb p\u00ebrs\u00ebritet p\u00ebr t\u00eb ndjekur ecurin\u00eb.Temperatura kritike p\u00ebr nd\u00ebrhyrje \u00ebsht\u00eb 39.5 \u00b0C. Rezultatet duhet t\u00eb dokumentohen n\u00eb kartel\u00ebn e dos\u00ebs ose n\u00eb murin e boksit.\n<\/p>\n<p align=\"justify\" style=\"margin-bottom: 0;\">P\u00ebrdorimi i antibiotik\u00ebve: Fillimisht mund t\u00eb provohet kontrolli i infeksionit me antiinflamator\u00eb, q\u00eb ndihmojn\u00eb n\u00eb uljen e temperatur\u00ebs dhe p\u00ebrmir\u00ebsimin e gjendjes. N\u00eb rastet e r\u00ebnda \u00ebsht\u00eb e domosdoshme p\u00ebrdorimi i antibiotik\u00ebve, gjithmon\u00eb n\u00eb bashk\u00ebpunim me veterinerin. Zgjedhja e preparatit \u00ebsht\u00eb vendimtare. P\u00ebr trajtim t\u00eb suksessh\u00ebm, rekomandohet testimi i rezistenc\u00ebs bakteriale p\u00ebrpara p\u00ebrdorimit t\u00eb antibiotikut. \n<\/p>\n<h4 style=\"padding-top: 20px;\">P\u00ebrmbledhje<\/h4>\n<p align=\"justify\" style=\"margin-bottom: 0;\">MMA mund t\u00eb d\u00ebmtoj\u00eb r\u00ebnd\u00eb rendimentin e dos\u00ebs, si dhe t\u00eb shkaktoj\u00eb d\u00ebme t\u00eb p\u00ebrhershme n\u00eb gj\u00ebndrat e qum\u00ebshtit. Duke qen\u00eb se MMA \u00ebsht\u00eb nj\u00eb s\u00ebmundje multifaktoriale, parandalimi k\u00ebrkon optimizimin e ushqyerjes, higjien\u00ebs dhe menaxhimit p\u00ebrreth lindjes. Nj\u00eb checklist me masat m\u00eb t\u00eb r\u00ebnd\u00ebsishme mund t\u00eb ndihmoj\u00eb shum\u00eb n\u00eb praktik\u00eb. Dosat e prekura duhet t\u00eb trajtohen shpejt, n\u00eb m\u00ebnyr\u00eb t\u00eb synuar dhe p\u00ebr nj\u00eb koh\u00eb t\u00eb mjaftueshme me antibiotik\u00eb, nd\u00ebrkoh\u00eb q\u00eb p\u00ebrdorimi i antiinflamator\u00ebve \u00ebsht\u00eb i rekomanduar n\u00eb konsultim me veterinerin.\n<\/p>\n<\/div>\n<\/div>\n<\/div>\n\n\n\n<p><\/p>\n","protected":false},"excerpt":{"rendered":"<p>Parandalimi i MMA-s\u00eb te dosat P\u00ebrpunuar nga Klevis Xhardja Dosat e prekura nga MMA nuk jan\u00eb n\u00eb gjendje t\u00eb ushqejn\u00eb gicat dhe k\u00ebrkojn\u00eb trajtim me antibiotik\u00eb. M\u00eb posht\u00eb paraqiten 12 pika ky\u00e7e p\u00ebr parandalimin e MMA-S\u00cb. 12 MASA P\u00cbR PARANDALIMIN E MMA-S\u00cb 1 Kujdes ndaj higjien\u00ebs s\u00eb ushqimit nga fusha deri n\u00eb trog 2 T\u00eb [&hellip;]<\/p>\n","protected":false},"author":2,"featured_media":0,"parent":0,"menu_order":0,"comment_status":"closed","ping_status":"closed","template":"","meta":{"inline_featured_image":false,"footnotes":""},"class_list":["post-9458","page","type-page","status-publish","hentry"],"yoast_head":"<!-- This site is optimized with the Yoast SEO plugin v18.9 - https:\/\/yoast.com\/wordpress\/plugins\/seo\/ -->\n<title>Parandalimi i MMA-s\u00eb te dosat - Austria Praemix<\/title>\n<meta name=\"robots\" content=\"index, follow, max-snippet:-1, max-image-preview:large, max-video-preview:-1\" \/>\n<link rel=\"canonical\" href=\"https:\/\/ap.com.al\/?page_id=9458\" \/>\n<meta property=\"og:locale\" content=\"en_US\" \/>\n<meta property=\"og:type\" content=\"article\" \/>\n<meta property=\"og:title\" content=\"Parandalimi i MMA-s\u00eb te dosat - Austria Praemix\" \/>\n<meta property=\"og:description\" content=\"Parandalimi i MMA-s\u00eb te dosat P\u00ebrpunuar nga Klevis Xhardja Dosat e prekura nga MMA nuk jan\u00eb n\u00eb gjendje t\u00eb ushqejn\u00eb gicat dhe k\u00ebrkojn\u00eb trajtim me antibiotik\u00eb. M\u00eb posht\u00eb paraqiten 12 pika ky\u00e7e p\u00ebr parandalimin e MMA-S\u00cb. 12 MASA P\u00cbR PARANDALIMIN E MMA-S\u00cb 1 Kujdes ndaj higjien\u00ebs s\u00eb ushqimit nga fusha deri n\u00eb trog 2 T\u00eb [&hellip;]\" \/>\n<meta property=\"og:url\" content=\"https:\/\/ap.com.al\/?page_id=9458\" \/>\n<meta property=\"og:site_name\" content=\"Austria Praemix\" \/>\n<meta property=\"article:publisher\" content=\"https:\/\/www.facebook.com\/austriapraemiks\/\" \/>\n<meta property=\"article:modified_time\" content=\"2025-07-16T10:26:47+00:00\" \/>\n<meta property=\"og:image\" content=\"https:\/\/ap.com.al\/wp-content\/uploads\/2022\/03\/Asset-54-1.png\" \/>\n<meta name=\"twitter:card\" content=\"summary_large_image\" \/>\n<meta name=\"twitter:label1\" content=\"Est. reading time\" \/>\n\t<meta name=\"twitter:data1\" content=\"1 minute\" \/>\n<script type=\"application\/ld+json\" class=\"yoast-schema-graph\">{\"@context\":\"https:\/\/schema.org\",\"@graph\":[{\"@type\":\"Organization\",\"@id\":\"https:\/\/ap.com.al\/#organization\",\"name\":\"Austria Preamix\",\"url\":\"https:\/\/ap.com.al\/\",\"sameAs\":[\"https:\/\/www.instagram.com\/austriapraemix\/\",\"https:\/\/www.facebook.com\/austriapraemiks\/\"],\"logo\":{\"@type\":\"ImageObject\",\"inLanguage\":\"en-US\",\"@id\":\"https:\/\/ap.com.al\/#\/schema\/logo\/image\/\",\"url\":\"https:\/\/ap.com.al\/wp-content\/uploads\/2022\/02\/AP-logo.png\",\"contentUrl\":\"https:\/\/ap.com.al\/wp-content\/uploads\/2022\/02\/AP-logo.png\",\"width\":3358,\"height\":1616,\"caption\":\"Austria Preamix\"},\"image\":{\"@id\":\"https:\/\/ap.com.al\/#\/schema\/logo\/image\/\"}},{\"@type\":\"WebSite\",\"@id\":\"https:\/\/ap.com.al\/#website\",\"url\":\"https:\/\/ap.com.al\/\",\"name\":\"Austria Praemix\",\"description\":\"\",\"publisher\":{\"@id\":\"https:\/\/ap.com.al\/#organization\"},\"potentialAction\":[{\"@type\":\"SearchAction\",\"target\":{\"@type\":\"EntryPoint\",\"urlTemplate\":\"https:\/\/ap.com.al\/?s={search_term_string}\"},\"query-input\":\"required name=search_term_string\"}],\"inLanguage\":\"en-US\"},{\"@type\":\"ImageObject\",\"inLanguage\":\"en-US\",\"@id\":\"https:\/\/ap.com.al\/?page_id=9458#primaryimage\",\"url\":\"https:\/\/ap.com.al\/wp-content\/uploads\/2022\/03\/Asset-54-1.png\",\"contentUrl\":\"https:\/\/ap.com.al\/wp-content\/uploads\/2022\/03\/Asset-54-1.png\",\"width\":355,\"height\":354},{\"@type\":\"WebPage\",\"@id\":\"https:\/\/ap.com.al\/?page_id=9458#webpage\",\"url\":\"https:\/\/ap.com.al\/?page_id=9458\",\"name\":\"Parandalimi i MMA-s\u00eb te dosat - Austria Praemix\",\"isPartOf\":{\"@id\":\"https:\/\/ap.com.al\/#website\"},\"primaryImageOfPage\":{\"@id\":\"https:\/\/ap.com.al\/?page_id=9458#primaryimage\"},\"datePublished\":\"2025-07-16T10:16:16+00:00\",\"dateModified\":\"2025-07-16T10:26:47+00:00\",\"breadcrumb\":{\"@id\":\"https:\/\/ap.com.al\/?page_id=9458#breadcrumb\"},\"inLanguage\":\"en-US\",\"potentialAction\":[{\"@type\":\"ReadAction\",\"target\":[\"https:\/\/ap.com.al\/?page_id=9458\"]}]},{\"@type\":\"BreadcrumbList\",\"@id\":\"https:\/\/ap.com.al\/?page_id=9458#breadcrumb\",\"itemListElement\":[{\"@type\":\"ListItem\",\"position\":1,\"name\":\"Home\",\"item\":\"https:\/\/ap.com.al\/\"},{\"@type\":\"ListItem\",\"position\":2,\"name\":\"Parandalimi i MMA-s\u00eb te dosat\"}]}]}<\/script>\n<!-- \/ Yoast SEO plugin. -->","yoast_head_json":{"title":"Parandalimi i MMA-s\u00eb te dosat - Austria Praemix","robots":{"index":"index","follow":"follow","max-snippet":"max-snippet:-1","max-image-preview":"max-image-preview:large","max-video-preview":"max-video-preview:-1"},"canonical":"https:\/\/ap.com.al\/?page_id=9458","og_locale":"en_US","og_type":"article","og_title":"Parandalimi i MMA-s\u00eb te dosat - Austria Praemix","og_description":"Parandalimi i MMA-s\u00eb te dosat P\u00ebrpunuar nga Klevis Xhardja Dosat e prekura nga MMA nuk jan\u00eb n\u00eb gjendje t\u00eb ushqejn\u00eb gicat dhe k\u00ebrkojn\u00eb trajtim me antibiotik\u00eb. M\u00eb posht\u00eb paraqiten 12 pika ky\u00e7e p\u00ebr parandalimin e MMA-S\u00cb. 12 MASA P\u00cbR PARANDALIMIN E MMA-S\u00cb 1 Kujdes ndaj higjien\u00ebs s\u00eb ushqimit nga fusha deri n\u00eb trog 2 T\u00eb [&hellip;]","og_url":"https:\/\/ap.com.al\/?page_id=9458","og_site_name":"Austria Praemix","article_publisher":"https:\/\/www.facebook.com\/austriapraemiks\/","article_modified_time":"2025-07-16T10:26:47+00:00","og_image":[{"url":"https:\/\/ap.com.al\/wp-content\/uploads\/2022\/03\/Asset-54-1.png"}],"twitter_card":"summary_large_image","twitter_misc":{"Est. reading time":"1 minute"},"schema":{"@context":"https:\/\/schema.org","@graph":[{"@type":"Organization","@id":"https:\/\/ap.com.al\/#organization","name":"Austria Preamix","url":"https:\/\/ap.com.al\/","sameAs":["https:\/\/www.instagram.com\/austriapraemix\/","https:\/\/www.facebook.com\/austriapraemiks\/"],"logo":{"@type":"ImageObject","inLanguage":"en-US","@id":"https:\/\/ap.com.al\/#\/schema\/logo\/image\/","url":"https:\/\/ap.com.al\/wp-content\/uploads\/2022\/02\/AP-logo.png","contentUrl":"https:\/\/ap.com.al\/wp-content\/uploads\/2022\/02\/AP-logo.png","width":3358,"height":1616,"caption":"Austria Preamix"},"image":{"@id":"https:\/\/ap.com.al\/#\/schema\/logo\/image\/"}},{"@type":"WebSite","@id":"https:\/\/ap.com.al\/#website","url":"https:\/\/ap.com.al\/","name":"Austria Praemix","description":"","publisher":{"@id":"https:\/\/ap.com.al\/#organization"},"potentialAction":[{"@type":"SearchAction","target":{"@type":"EntryPoint","urlTemplate":"https:\/\/ap.com.al\/?s={search_term_string}"},"query-input":"required name=search_term_string"}],"inLanguage":"en-US"},{"@type":"ImageObject","inLanguage":"en-US","@id":"https:\/\/ap.com.al\/?page_id=9458#primaryimage","url":"https:\/\/ap.com.al\/wp-content\/uploads\/2022\/03\/Asset-54-1.png","contentUrl":"https:\/\/ap.com.al\/wp-content\/uploads\/2022\/03\/Asset-54-1.png","width":355,"height":354},{"@type":"WebPage","@id":"https:\/\/ap.com.al\/?page_id=9458#webpage","url":"https:\/\/ap.com.al\/?page_id=9458","name":"Parandalimi i MMA-s\u00eb te dosat - Austria Praemix","isPartOf":{"@id":"https:\/\/ap.com.al\/#website"},"primaryImageOfPage":{"@id":"https:\/\/ap.com.al\/?page_id=9458#primaryimage"},"datePublished":"2025-07-16T10:16:16+00:00","dateModified":"2025-07-16T10:26:47+00:00","breadcrumb":{"@id":"https:\/\/ap.com.al\/?page_id=9458#breadcrumb"},"inLanguage":"en-US","potentialAction":[{"@type":"ReadAction","target":["https:\/\/ap.com.al\/?page_id=9458"]}]},{"@type":"BreadcrumbList","@id":"https:\/\/ap.com.al\/?page_id=9458#breadcrumb","itemListElement":[{"@type":"ListItem","position":1,"name":"Home","item":"https:\/\/ap.com.al\/"},{"@type":"ListItem","position":2,"name":"Parandalimi i MMA-s\u00eb te dosat"}]}]}},"_links":{"self":[{"href":"https:\/\/ap.com.al\/index.php?rest_route=\/wp\/v2\/pages\/9458","targetHints":{"allow":["GET"]}}],"collection":[{"href":"https:\/\/ap.com.al\/index.php?rest_route=\/wp\/v2\/pages"}],"about":[{"href":"https:\/\/ap.com.al\/index.php?rest_route=\/wp\/v2\/types\/page"}],"author":[{"embeddable":true,"href":"https:\/\/ap.com.al\/index.php?rest_route=\/wp\/v2\/users\/2"}],"replies":[{"embeddable":true,"href":"https:\/\/ap.com.al\/index.php?rest_route=%2Fwp%2Fv2%2Fcomments&post=9458"}],"version-history":[{"count":19,"href":"https:\/\/ap.com.al\/index.php?rest_route=\/wp\/v2\/pages\/9458\/revisions"}],"predecessor-version":[{"id":9481,"href":"https:\/\/ap.com.al\/index.php?rest_route=\/wp\/v2\/pages\/9458\/revisions\/9481"}],"wp:attachment":[{"href":"https:\/\/ap.com.al\/index.php?rest_route=%2Fwp%2Fv2%2Fmedia&parent=9458"}],"curies":[{"name":"wp","href":"https:\/\/api.w.org\/{rel}","templated":true}]}}