{"id":9613,"date":"2025-08-22T09:04:25","date_gmt":"2025-08-22T09:04:25","guid":{"rendered":"https:\/\/ap.com.al\/?page_id=9613"},"modified":"2025-08-22T09:04:26","modified_gmt":"2025-08-22T09:04:26","slug":"zona-te-buta-dhe-te-qendrueshme-per-komfortin-e-lopeve","status":"publish","type":"page","link":"https:\/\/ap.com.al\/?page_id=9613","title":{"rendered":"ZONA T\u00cb BUTA DHE T\u00cb Q\u00cbNDRUESHME P\u00cbR KOMFORTIN E LOP\u00cbVE"},"content":{"rendered":"\n<style>\n  #oniiii{\n    background-image:url(\"https:\/\/ap.com.al\/wp-content\/uploads\/2025\/08\/Artikull-banner-7.png\");\n    padding-bottom: 32%;\n    background-position:center center;\n    background-repeat: no-repeat;\n    background-size:cover;\n  }\n  <\/style>\n  <script src=\"https:\/\/code.jquery.com\/jquery-3.5.0.js\">\n<\/script>\n\n<div id=\"oniiii\"><\/div>\n \n<script>\n$( \"#oniiii\" ).insertBefore( \".container_wrap_first\" );\n<\/script>\n\n\n\n<div class=\"wp-block-columns\" id=\"containerr\">\n<div class=\"wp-block-column\">\n<div class=\"avia_textblock\" itemprop=\"text\"><h4 style=\"color:#005a8c;\n\">ZONA T\u00cb BUTA DHE T\u00cb Q\u00cbNDRUESHME P\u00cbR KOMFORTIN E LOP\u00cbVE<\/h4>\n<p align=\"right\">\n   P\u00ebrpunuar nga Klevis Xhardja<\/p>\n<\/div>\n<\/div>\n<\/div>\n\n\n\n<div class=\"wp-block-columns\" id=\"containerr\">\n<div class=\"wp-block-column\">\n<div class=\"detail__certificates-item-icon\">\n<img decoding=\"async\" alt=\"Icon RINDAMAST UNI\" src=\"https:\/\/ap.com.al\/wp-content\/uploads\/2022\/03\/Asset-51-1.png\">\n<\/div>\n<\/div>\n<\/div>\n\n\n\n<div class=\"wp-block-columns\" id=\"containerr\">\n<div class=\"wp-block-column\">\n<div class=\"blue_marker_list\">\n<p align=\"justify\">P\u00ebr t\u00eb arritur prodhimtari t\u00eb lart\u00eb dhe t\u00eb vazhdueshme me nj\u00eb tuf\u00eb lop\u00ebsh t\u00eb sh\u00ebndetshme, fermeri duhet t&#8217;u ofroj\u00eb kafsh\u00ebve t\u00eb tij komfort maksimal. N\u00ebse zona e shtrirjes nuk \u00ebsht\u00eb projektuar n\u00eb m\u00ebnyr\u00eb optimale, kjo reflektohet n\u00eb koh\u00eb t\u00eb shkurtra shtrirjeje, vet\u00ebm gjasht\u00eb deri n\u00eb tet\u00eb or\u00eb, gj\u00eb q\u00eb pengon ndjesh\u00ebm prodhimin dhe ul rentabilitetin ekonomik.<\/p>\n<\/div>\n\n\n\n<figure class=\"wp-block-image size-full\"><img loading=\"lazy\" decoding=\"async\" width=\"630\" height=\"513\" src=\"https:\/\/ap.com.al\/wp-content\/uploads\/2025\/08\/image-5.png\" alt=\"\" class=\"wp-image-9614\" srcset=\"https:\/\/ap.com.al\/wp-content\/uploads\/2025\/08\/image-5.png 630w, https:\/\/ap.com.al\/wp-content\/uploads\/2025\/08\/image-5-300x244.png 300w, https:\/\/ap.com.al\/wp-content\/uploads\/2025\/08\/image-5-450x366.png 450w\" sizes=\"auto, (max-width: 630px) 100vw, 630px\" \/><\/figure>\n\n\n\n<div class=\"blue_marker_list\">\n<p align=\"justify\">Investimet n\u00eb komoditetin e gjumit rezultojn\u00eb shpejt ekonomike. Me rritjen e numrit t\u00eb bag\u00ebtive dhe stallave, komoditeti i l\u00ebvizjes po b\u00ebhet gjithnj\u00eb e m\u00eb i r\u00ebnd\u00ebsish\u00ebm. Duke qen\u00eb se \u00e7alimi \u00ebsht\u00eb shum\u00eb i zakonsh\u00ebm dhe me tendenc\u00eb n\u00eb rritje, \u00ebsht\u00eb e arsyeshme t\u00eb shqyrtohen m\u00eb nga af\u00ebr shkaqet, p\u00ebrve\u00e7 faktor\u00ebve t\u00eb tjer\u00eb si kujdesi i thundrave, prodhimtaria, gjenetika, ushqimi, mosha dhe raca. Roli i jasht\u00ebzakonsh\u00ebm i dyshemes\u00eb si nj\u00eb komponent me t\u00eb cilin lopa \u00ebsht\u00eb n\u00eb kontakt t\u00eb vazhduesh\u00ebm, \u00ebsht\u00eb i padiskutuesh\u00ebm.\n\nP\u00ebr t\u00eb njohur nevojat e bag\u00ebtive dhe p\u00ebr t&#8217;i marr\u00eb parasysh m\u00eb mir\u00eb gjat\u00eb nd\u00ebrtimit t\u00eb stall\u00ebs, mjafton t\u00eb v\u00ebzhgohen kafsh\u00ebt. Edhe lop\u00ebt e \u00e7al\u00eb n\u00eb stall\u00eb shpesh l\u00ebvizin pa problem n\u00eb kullot\u00eb. Gjat\u00eb rrug\u00ebs, kafsh\u00ebt pothuajse gjithmon\u00eb zgjedhin tok\u00ebn e but\u00eb. Pra, n\u00ebse lop\u00ebt kan\u00eb zgjedhje, ato preferojn\u00eb t\u00eb ecin n\u00eb tok\u00eb t\u00eb but\u00eb. Kjo vlen edhe p\u00ebr dyshemet\u00eb e q\u00ebndrueshme. Studimet nga Universiteti i Hohenheim treguan nj\u00eb aktivitet m\u00eb t\u00eb lart\u00eb t\u00eb kafsh\u00ebve n\u00eb sip\u00ebrfaqe t\u00eb buta l\u00ebvizjeje. Ato ecnin mesatarisht 30 hapa m\u00eb shum\u00eb n\u00eb or\u00eb, q\u00eb mund t\u00eb n\u00ebnkuptoj\u00eb deri n\u00eb 1000 metra n\u00eb dit\u00eb. Situat\u00ebs s\u00eb kullotave i afrohen edhe mbulesat e buta n\u00eb stalla.\n\nR\u00ebnd\u00ebsia e dyshemes\u00eb s\u00eb q\u00ebndrueshme p\u00ebr sjelljen e estrusit ndoshta \u00ebsht\u00eb n\u00ebnvler\u00ebsuar deri tani, pasi v\u00ebzhgimet tregojn\u00eb se sjellja e estrusit t\u00eb kafsh\u00ebve ndryshon ndjesh\u00ebm n\u00eb tok\u00eb t\u00eb but\u00eb. Frekuenca, intensiteti dhe koh\u00ebzgjatja e montimit si komponent i sjelljes s\u00eb estrusit rriten ndjesh\u00ebm. Kur lop\u00ebt montuese zbarkojn\u00eb fort ose l\u00ebndohen duke rr\u00ebshqitur, kjo shpesh \u00e7on n\u00eb \u00e7alim. Ky rrezik minimizohet n\u00eb tok\u00eb t\u00eb but\u00eb.\n\nN\u00eb ndryshim nga toka e fort\u00eb, buza mbajt\u00ebse e thundrave mbetet e paprekur n\u00eb tok\u00eb t\u00eb but\u00eb. Shkelja ka p\u00ebr detyr\u00eb t\u00eb mbaj\u00eb af\u00ebrsisht 60 p\u00ebr qind t\u00eb pesh\u00ebs s\u00eb kafsh\u00ebs.\n\nN\u00eb lidhje me tok\u00ebn e but\u00eb, shpesh lind \u00e7\u00ebshtja e munges\u00ebs s\u00eb g\u00ebrryerjes s\u00eb bririt. Megjithat\u00eb, praktika ka treguar se n\u00eb tok\u00eb t\u00eb but\u00eb rezulton vet\u00ebm disa milimetra m\u00eb shum\u00eb rritje e thundrave. N\u00ebse ngarkesa shp\u00ebrndahet n\u00eb m\u00ebnyr\u00eb t\u00eb barabart\u00eb, kjo nuk rezulton n\u00eb mbingarkes\u00eb t\u00eb d\u00ebmshme.\n<\/p>\n<h4>P\u00ebrfundim:<\/h4>\n<p align=\"justify\">Sjellja e kafsh\u00ebve q\u00eb plot\u00ebson nevojat \u00ebsht\u00eb e mundur vet\u00ebm n\u00ebse kafsh\u00ebt mund t\u00eb l\u00ebvizin pa frik\u00eb. Parakushti i par\u00eb p\u00ebr k\u00ebt\u00eb \u00ebsht\u00eb q\u00eb dyshemeja t\u00eb jet\u00eb mjaft rezistente ndaj rr\u00ebshqitjes. Mbulesat gome jan\u00eb t\u00eb disponueshme p\u00ebr dyshemet\u00eb e shpuara dhe t\u00eb shtruara t\u00eb sheshta. Dhe instalimi i tyre \u00ebsht\u00eb shum\u00eb i leht\u00eb.<\/p>\n<\/div>\n<\/div>\n<\/div>\n\n\n\n<p><\/p>\n","protected":false},"excerpt":{"rendered":"<p>ZONA T\u00cb BUTA DHE T\u00cb Q\u00cbNDRUESHME P\u00cbR KOMFORTIN E LOP\u00cbVE P\u00ebrpunuar nga Klevis Xhardja P\u00ebr t\u00eb arritur prodhimtari t\u00eb lart\u00eb dhe t\u00eb vazhdueshme me nj\u00eb tuf\u00eb lop\u00ebsh t\u00eb sh\u00ebndetshme, fermeri duhet t&#8217;u ofroj\u00eb kafsh\u00ebve t\u00eb tij komfort maksimal. N\u00ebse zona e shtrirjes nuk \u00ebsht\u00eb projektuar n\u00eb m\u00ebnyr\u00eb optimale, kjo reflektohet n\u00eb koh\u00eb t\u00eb shkurtra shtrirjeje, [&hellip;]<\/p>\n","protected":false},"author":2,"featured_media":0,"parent":0,"menu_order":0,"comment_status":"closed","ping_status":"closed","template":"","meta":{"inline_featured_image":false,"footnotes":""},"class_list":["post-9613","page","type-page","status-publish","hentry"],"yoast_head":"<!-- This site is optimized with the Yoast SEO plugin v18.9 - https:\/\/yoast.com\/wordpress\/plugins\/seo\/ -->\n<title>ZONA T\u00cb BUTA DHE T\u00cb Q\u00cbNDRUESHME P\u00cbR KOMFORTIN E LOP\u00cbVE - Austria Praemix<\/title>\n<meta name=\"robots\" content=\"index, follow, max-snippet:-1, max-image-preview:large, max-video-preview:-1\" \/>\n<link rel=\"canonical\" href=\"https:\/\/ap.com.al\/?page_id=9613\" \/>\n<meta property=\"og:locale\" content=\"en_US\" \/>\n<meta property=\"og:type\" content=\"article\" \/>\n<meta property=\"og:title\" content=\"ZONA T\u00cb BUTA DHE T\u00cb Q\u00cbNDRUESHME P\u00cbR KOMFORTIN E LOP\u00cbVE - Austria Praemix\" \/>\n<meta property=\"og:description\" content=\"ZONA T\u00cb BUTA DHE T\u00cb Q\u00cbNDRUESHME P\u00cbR KOMFORTIN E LOP\u00cbVE P\u00ebrpunuar nga Klevis Xhardja P\u00ebr t\u00eb arritur prodhimtari t\u00eb lart\u00eb dhe t\u00eb vazhdueshme me nj\u00eb tuf\u00eb lop\u00ebsh t\u00eb sh\u00ebndetshme, fermeri duhet t&#8217;u ofroj\u00eb kafsh\u00ebve t\u00eb tij komfort maksimal. N\u00ebse zona e shtrirjes nuk \u00ebsht\u00eb projektuar n\u00eb m\u00ebnyr\u00eb optimale, kjo reflektohet n\u00eb koh\u00eb t\u00eb shkurtra shtrirjeje, [&hellip;]\" \/>\n<meta property=\"og:url\" content=\"https:\/\/ap.com.al\/?page_id=9613\" \/>\n<meta property=\"og:site_name\" content=\"Austria Praemix\" \/>\n<meta property=\"article:publisher\" content=\"https:\/\/www.facebook.com\/austriapraemiks\/\" \/>\n<meta property=\"article:modified_time\" content=\"2025-08-22T09:04:26+00:00\" \/>\n<meta property=\"og:image\" content=\"https:\/\/ap.com.al\/wp-content\/uploads\/2022\/03\/Asset-51-1.png\" \/>\n<meta name=\"twitter:card\" content=\"summary_large_image\" \/>\n<meta name=\"twitter:label1\" content=\"Est. reading time\" \/>\n\t<meta name=\"twitter:data1\" content=\"1 minute\" \/>\n<script type=\"application\/ld+json\" class=\"yoast-schema-graph\">{\"@context\":\"https:\/\/schema.org\",\"@graph\":[{\"@type\":\"Organization\",\"@id\":\"https:\/\/ap.com.al\/#organization\",\"name\":\"Austria Preamix\",\"url\":\"https:\/\/ap.com.al\/\",\"sameAs\":[\"https:\/\/www.instagram.com\/austriapraemix\/\",\"https:\/\/www.facebook.com\/austriapraemiks\/\"],\"logo\":{\"@type\":\"ImageObject\",\"inLanguage\":\"en-US\",\"@id\":\"https:\/\/ap.com.al\/#\/schema\/logo\/image\/\",\"url\":\"https:\/\/ap.com.al\/wp-content\/uploads\/2022\/02\/AP-logo.png\",\"contentUrl\":\"https:\/\/ap.com.al\/wp-content\/uploads\/2022\/02\/AP-logo.png\",\"width\":3358,\"height\":1616,\"caption\":\"Austria Preamix\"},\"image\":{\"@id\":\"https:\/\/ap.com.al\/#\/schema\/logo\/image\/\"}},{\"@type\":\"WebSite\",\"@id\":\"https:\/\/ap.com.al\/#website\",\"url\":\"https:\/\/ap.com.al\/\",\"name\":\"Austria Praemix\",\"description\":\"\",\"publisher\":{\"@id\":\"https:\/\/ap.com.al\/#organization\"},\"potentialAction\":[{\"@type\":\"SearchAction\",\"target\":{\"@type\":\"EntryPoint\",\"urlTemplate\":\"https:\/\/ap.com.al\/?s={search_term_string}\"},\"query-input\":\"required name=search_term_string\"}],\"inLanguage\":\"en-US\"},{\"@type\":\"ImageObject\",\"inLanguage\":\"en-US\",\"@id\":\"https:\/\/ap.com.al\/?page_id=9613#primaryimage\",\"url\":\"https:\/\/ap.com.al\/wp-content\/uploads\/2022\/03\/Asset-51-1.png\",\"contentUrl\":\"https:\/\/ap.com.al\/wp-content\/uploads\/2022\/03\/Asset-51-1.png\",\"width\":355,\"height\":354},{\"@type\":\"WebPage\",\"@id\":\"https:\/\/ap.com.al\/?page_id=9613#webpage\",\"url\":\"https:\/\/ap.com.al\/?page_id=9613\",\"name\":\"ZONA T\u00cb BUTA DHE T\u00cb Q\u00cbNDRUESHME P\u00cbR KOMFORTIN E LOP\u00cbVE - Austria Praemix\",\"isPartOf\":{\"@id\":\"https:\/\/ap.com.al\/#website\"},\"primaryImageOfPage\":{\"@id\":\"https:\/\/ap.com.al\/?page_id=9613#primaryimage\"},\"datePublished\":\"2025-08-22T09:04:25+00:00\",\"dateModified\":\"2025-08-22T09:04:26+00:00\",\"breadcrumb\":{\"@id\":\"https:\/\/ap.com.al\/?page_id=9613#breadcrumb\"},\"inLanguage\":\"en-US\",\"potentialAction\":[{\"@type\":\"ReadAction\",\"target\":[\"https:\/\/ap.com.al\/?page_id=9613\"]}]},{\"@type\":\"BreadcrumbList\",\"@id\":\"https:\/\/ap.com.al\/?page_id=9613#breadcrumb\",\"itemListElement\":[{\"@type\":\"ListItem\",\"position\":1,\"name\":\"Home\",\"item\":\"https:\/\/ap.com.al\/\"},{\"@type\":\"ListItem\",\"position\":2,\"name\":\"ZONA T\u00cb BUTA DHE T\u00cb Q\u00cbNDRUESHME P\u00cbR KOMFORTIN E LOP\u00cbVE\"}]}]}<\/script>\n<!-- \/ Yoast SEO plugin. -->","yoast_head_json":{"title":"ZONA T\u00cb BUTA DHE T\u00cb Q\u00cbNDRUESHME P\u00cbR KOMFORTIN E LOP\u00cbVE - Austria Praemix","robots":{"index":"index","follow":"follow","max-snippet":"max-snippet:-1","max-image-preview":"max-image-preview:large","max-video-preview":"max-video-preview:-1"},"canonical":"https:\/\/ap.com.al\/?page_id=9613","og_locale":"en_US","og_type":"article","og_title":"ZONA T\u00cb BUTA DHE T\u00cb Q\u00cbNDRUESHME P\u00cbR KOMFORTIN E LOP\u00cbVE - Austria Praemix","og_description":"ZONA T\u00cb BUTA DHE T\u00cb Q\u00cbNDRUESHME P\u00cbR KOMFORTIN E LOP\u00cbVE P\u00ebrpunuar nga Klevis Xhardja P\u00ebr t\u00eb arritur prodhimtari t\u00eb lart\u00eb dhe t\u00eb vazhdueshme me nj\u00eb tuf\u00eb lop\u00ebsh t\u00eb sh\u00ebndetshme, fermeri duhet t&#8217;u ofroj\u00eb kafsh\u00ebve t\u00eb tij komfort maksimal. N\u00ebse zona e shtrirjes nuk \u00ebsht\u00eb projektuar n\u00eb m\u00ebnyr\u00eb optimale, kjo reflektohet n\u00eb koh\u00eb t\u00eb shkurtra shtrirjeje, [&hellip;]","og_url":"https:\/\/ap.com.al\/?page_id=9613","og_site_name":"Austria Praemix","article_publisher":"https:\/\/www.facebook.com\/austriapraemiks\/","article_modified_time":"2025-08-22T09:04:26+00:00","og_image":[{"url":"https:\/\/ap.com.al\/wp-content\/uploads\/2022\/03\/Asset-51-1.png"}],"twitter_card":"summary_large_image","twitter_misc":{"Est. reading time":"1 minute"},"schema":{"@context":"https:\/\/schema.org","@graph":[{"@type":"Organization","@id":"https:\/\/ap.com.al\/#organization","name":"Austria Preamix","url":"https:\/\/ap.com.al\/","sameAs":["https:\/\/www.instagram.com\/austriapraemix\/","https:\/\/www.facebook.com\/austriapraemiks\/"],"logo":{"@type":"ImageObject","inLanguage":"en-US","@id":"https:\/\/ap.com.al\/#\/schema\/logo\/image\/","url":"https:\/\/ap.com.al\/wp-content\/uploads\/2022\/02\/AP-logo.png","contentUrl":"https:\/\/ap.com.al\/wp-content\/uploads\/2022\/02\/AP-logo.png","width":3358,"height":1616,"caption":"Austria Preamix"},"image":{"@id":"https:\/\/ap.com.al\/#\/schema\/logo\/image\/"}},{"@type":"WebSite","@id":"https:\/\/ap.com.al\/#website","url":"https:\/\/ap.com.al\/","name":"Austria Praemix","description":"","publisher":{"@id":"https:\/\/ap.com.al\/#organization"},"potentialAction":[{"@type":"SearchAction","target":{"@type":"EntryPoint","urlTemplate":"https:\/\/ap.com.al\/?s={search_term_string}"},"query-input":"required name=search_term_string"}],"inLanguage":"en-US"},{"@type":"ImageObject","inLanguage":"en-US","@id":"https:\/\/ap.com.al\/?page_id=9613#primaryimage","url":"https:\/\/ap.com.al\/wp-content\/uploads\/2022\/03\/Asset-51-1.png","contentUrl":"https:\/\/ap.com.al\/wp-content\/uploads\/2022\/03\/Asset-51-1.png","width":355,"height":354},{"@type":"WebPage","@id":"https:\/\/ap.com.al\/?page_id=9613#webpage","url":"https:\/\/ap.com.al\/?page_id=9613","name":"ZONA T\u00cb BUTA DHE T\u00cb Q\u00cbNDRUESHME P\u00cbR KOMFORTIN E LOP\u00cbVE - Austria Praemix","isPartOf":{"@id":"https:\/\/ap.com.al\/#website"},"primaryImageOfPage":{"@id":"https:\/\/ap.com.al\/?page_id=9613#primaryimage"},"datePublished":"2025-08-22T09:04:25+00:00","dateModified":"2025-08-22T09:04:26+00:00","breadcrumb":{"@id":"https:\/\/ap.com.al\/?page_id=9613#breadcrumb"},"inLanguage":"en-US","potentialAction":[{"@type":"ReadAction","target":["https:\/\/ap.com.al\/?page_id=9613"]}]},{"@type":"BreadcrumbList","@id":"https:\/\/ap.com.al\/?page_id=9613#breadcrumb","itemListElement":[{"@type":"ListItem","position":1,"name":"Home","item":"https:\/\/ap.com.al\/"},{"@type":"ListItem","position":2,"name":"ZONA T\u00cb BUTA DHE T\u00cb Q\u00cbNDRUESHME P\u00cbR KOMFORTIN E LOP\u00cbVE"}]}]}},"_links":{"self":[{"href":"https:\/\/ap.com.al\/index.php?rest_route=\/wp\/v2\/pages\/9613","targetHints":{"allow":["GET"]}}],"collection":[{"href":"https:\/\/ap.com.al\/index.php?rest_route=\/wp\/v2\/pages"}],"about":[{"href":"https:\/\/ap.com.al\/index.php?rest_route=\/wp\/v2\/types\/page"}],"author":[{"embeddable":true,"href":"https:\/\/ap.com.al\/index.php?rest_route=\/wp\/v2\/users\/2"}],"replies":[{"embeddable":true,"href":"https:\/\/ap.com.al\/index.php?rest_route=%2Fwp%2Fv2%2Fcomments&post=9613"}],"version-history":[{"count":2,"href":"https:\/\/ap.com.al\/index.php?rest_route=\/wp\/v2\/pages\/9613\/revisions"}],"predecessor-version":[{"id":9617,"href":"https:\/\/ap.com.al\/index.php?rest_route=\/wp\/v2\/pages\/9613\/revisions\/9617"}],"wp:attachment":[{"href":"https:\/\/ap.com.al\/index.php?rest_route=%2Fwp%2Fv2%2Fmedia&parent=9613"}],"curies":[{"name":"wp","href":"https:\/\/api.w.org\/{rel}","templated":true}]}}