{"id":9650,"date":"2025-09-17T13:10:26","date_gmt":"2025-09-17T13:10:26","guid":{"rendered":"https:\/\/ap.com.al\/?page_id=9650"},"modified":"2025-09-17T13:10:26","modified_gmt":"2025-09-17T13:10:26","slug":"bi-starter-rritja-e-gicave-pa-renie-te-performances","status":"publish","type":"page","link":"https:\/\/ap.com.al\/?page_id=9650","title":{"rendered":"Bi-Starter: Rritja e gicave pa r\u00ebnie t\u00eb performanc\u00ebs"},"content":{"rendered":"\n<p><\/p>\n\n\n\n<p><\/p>\n\n\n\n<style>\n  #oniiii{\n    background-image:url(\"https:\/\/ap.com.al\/wp-content\/uploads\/2025\/09\/Artikull-banner-10.png\");\n    padding-bottom: 32%;\n    background-position:center left;\n    background-repeat: no-repeat;\n    background-size:cover;\n  }\n  <\/style>\n  <script src=\"https:\/\/code.jquery.com\/jquery-3.5.0.js\">\n<\/script>\n\n<div id=\"oniiii\"><\/div>\n \n<script>\n$( \"#oniiii\" ).insertBefore( \".container_wrap_first\" );\n<\/script>\n\n\n\n<div class=\"wp-block-columns\" id=\"containerr\">\n<div class=\"wp-block-column\">\n<div class=\"avia_textblock\" itemprop=\"text\"><h4 style=\"color:#005a8c;\n\">Bi-Starter: Rritja e gicave pa r\u00ebnie t\u00eb performanc\u00ebs<\/h4>\n<p align=\"right\">\n   P\u00ebrpunuar nga Klevis Xhardja\n<\/p>\n<\/div>\n<\/div>\n<\/div>\n\n\n\n<div class=\"wp-block-columns\" id=\"containerr\">\n<div class=\"wp-block-column\">\n<div class=\"detail__certificates-item-icon\">\n<img decoding=\"async\" alt=\"SCHAUMALAC M 70 \" src=\"https:\/\/ap.com.al\/wp-content\/uploads\/2022\/03\/Asset-54-1.png\">\n<\/div>\n<\/div>\n<\/div>\n\n\n\n<div class=\"wp-block-columns\" id=\"containerr\">\n<div class=\"wp-block-column\">\n<figure class=\"wp-block-image size-full\"><img loading=\"lazy\" decoding=\"async\" width=\"444\" height=\"558\" src=\"https:\/\/ap.com.al\/wp-content\/uploads\/2025\/09\/image-5.png\" alt=\"\" class=\"wp-image-9652\" srcset=\"https:\/\/ap.com.al\/wp-content\/uploads\/2025\/09\/image-5.png 444w, https:\/\/ap.com.al\/wp-content\/uploads\/2025\/09\/image-5-239x300.png 239w\" sizes=\"auto, (max-width: 444px) 100vw, 444px\" \/><\/figure>\n\n\n\n<div class=\"blue_marker_list\">\n<p align=\"justify\" style=\"margin-bottom: 0;\">N\u00eb shum\u00eb rajone t\u00eb Austris\u00eb dhe Gjermanis\u00eb, misri \u00ebsht\u00eb afirmuar gjat\u00eb 20 viteve t\u00eb fundit si ushqimi m\u00eb konkurrues p\u00ebr rritjen e derrave. Prodhimet shum\u00eb t\u00eb mira p\u00ebr sip\u00ebrfaqe dhe p\u00ebrmbajtja e lart\u00eb e l\u00ebnd\u00ebve ushqyese \u2013 ideale p\u00ebr ushqimin e derrave \u2013 i kan\u00eb dh\u00ebn\u00eb hov kultivimit t\u00eb misrit. Ruajtja e kokrr\u00ebs s\u00eb misrit t\u00eb njom\u00eb p\u00ebrmes silazhimit ka qen\u00eb dhe mbetet nj\u00eb tjet\u00ebr faktor p\u00ebr t\u00eb mbajtur t\u00eb ul\u00ebta kostot e prodhimit n\u00eb rritjen e derrave.\nNd\u00ebrsa mbi p\u00ebrshtatshm\u00ebrin\u00eb e shk\u00eblqyer t\u00eb kokrr\u00ebs s\u00eb misrit t\u00eb silazhuar \u2013 n\u00eb form\u00eb t\u00eb silazhit t\u00eb kokrr\u00ebs s\u00eb misrit ose silazhit t\u00eb misrit t\u00eb plot\u00eb \u2013 n\u00eb ushqimin e derrave p\u00ebr majm\u00ebri nuk ka m\u00eb asnj\u00eb dyshim prej koh\u00ebsh, disa prodhues derrash vazhdojn\u00eb ta shohin me shum\u00eb skepticiz\u00ebm p\u00ebrdorimin e silazhit t\u00eb kokrr\u00ebs s\u00eb misrit n\u00eb ushqimin e gicave.\nN\u00eb Steiermark, rajoni m\u00eb i pasur me mis\u00ebr n\u00eb Austri, silazhi i kokrr\u00ebs s\u00eb misrit \u00ebsht\u00eb p\u00ebrdorur prej shum\u00eb vitesh me sukses t\u00eb madh edhe n\u00eb ushqimin e gicave. Fermer\u00ebt q\u00eb veprojn\u00eb sipas k\u00ebtij koncepti vler\u00ebsojn\u00eb p\u00ebrballueshm\u00ebrin\u00eb dhe suksesin e k\u00ebtij sistemi.\n<\/p>\n<h4 style=\"padding-top: 20px;\">Si t\u00eb p\u00ebrgatitet silazhi?<\/h4>\n<p align=\"justify\" style=\"margin-bottom: 0;\">Silazhi i kokrr\u00ebs s\u00eb misrit \u2013 kur p\u00ebrgatitet dhe p\u00ebrdoret si\u00e7 duhet \u2013 jep rezultate t\u00eb shk\u00eblqyera n\u00eb rritjen e gicave.\n<\/p>\n<ul style=\"list-style-type: square; padding-left: 1em; margin-bottom: 0;\">\n<li>Lag\u00ebshtia optimale gjat\u00eb korrjes \u00ebsht\u00eb 32\u201338%.<\/li>\n<li>Korrja p\u00ebrfshin vet\u00ebm kokrrat dhe nj\u00eb pjes\u00eb t\u00eb vog\u00ebl t\u00eb boshtit.<\/li>\n<li>N\u00eb sistemin klasik t\u00eb silazhit t\u00eb kokrr\u00ebs s\u00eb misrit, duhet t\u00eb kihet kujdes p\u00ebr nj\u00eb grimcim sa m\u00eb t\u00eb im\u00ebt me mullinj me performanc\u00eb t\u00eb lart\u00eb. N\u00eb sistemin e silazhit t\u00eb kokrr\u00ebs s\u00eb plot\u00eb, kokrra konservohet e t\u00ebra dhe bluhet vet\u00ebm pas nxjerrjes nga siloja.<\/li>\n<li>Ruajtje e dendur gjat\u00eb silazhit (zakonisht n\u00eb silo t\u00eb larta).<\/li>\n<li>P\u00ebrdorimi i Bonsilage Mais p\u00ebr t\u00eb shmangur fermentimet e m\u00ebvonshme.<\/li>\n<\/ul>\n<h4 style=\"padding-top: 20px;\">Karakteristikat e nj\u00eb silazhi t\u00eb mir\u00eb t\u00eb kokrr\u00ebs s\u00eb misrit:<\/h4>\n<ul style=\"list-style-type: square; padding-left: 1em; margin-bottom: 0;\">\n<li>P\u00ebrmbajtje e lart\u00eb energjie (16.3 MJ ME ose 920 GN p\u00ebr kg l\u00ebnd\u00eb t\u00eb that\u00eb).<\/li>\n<li>Shije shum\u00eb e mir\u00eb dhe t\u00ebrheq\u00ebse p\u00ebr kafsh\u00ebt.<\/li>\n<li>P\u00ebrfitime fiziologjike p\u00ebr tretjen (fal\u00eb p\u00ebrmbajtjes s\u00eb acidit laktik).<\/li>\n<li>Raport i favorsh\u00ebm i \u00e7mimit (fal\u00eb rendimentit t\u00eb lart\u00eb p\u00ebr sip\u00ebrfaqe dhe kostove t\u00eb ul\u00ebta t\u00eb konservimit) \u2013 n\u00eb kushtet e Steiermark-ut, kostoja p\u00ebr nj\u00ebsi ushqyese \u00ebsht\u00eb rreth 30% m\u00eb e ul\u00ebt n\u00eb krahasim me p\u00ebrdorimin e elbit.<\/li>\n<\/ul>\n<h4 style=\"padding-top: 20px;\">T\u00eb merret parasysh:<\/h4>\n<ul style=\"list-style-type: square; padding-left: 1em; margin-bottom: 0;\">\n<li>P\u00ebr shkak t\u00eb lag\u00ebshtis\u00eb s\u00eb lart\u00eb, \u00ebsht\u00eb nj\u00eb ushqim q\u00eb prishet relativisht leht\u00eb.<\/li>\n<li>Pas nxjerrjes nga siloja, mund t\u00eb ket\u00eb nj\u00eb rritje t\u00eb vrullshme t\u00eb mykut dhe tharmit, me pasoja si ngrohja e mas\u00ebs dhe humbje t\u00eb l\u00ebnd\u00ebve ushqyese brenda disa or\u00ebve (ve\u00e7an\u00ebrisht n\u00eb ver\u00eb).<\/li>\n<li>Raport i ve\u00e7ant\u00eb i aminoacideve krahasuar me drith\u00ebrat e tjer\u00eb.<\/li>\n<li>P\u00ebrmbajtje relativisht e lart\u00eb e acideve yndyrore t\u00eb pangopura.<\/li>\n<\/ul>\n<p align=\"justify\" style=\"margin-bottom: 0;\">Pasojat: Ushqimi plot\u00ebsues duhet t\u00eb p\u00ebrshtatet n\u00eb m\u00ebnyr\u00eb optimale me silazhin e kokrr\u00ebs s\u00eb misrit \u2013 me Bi-Starter. P\u00ebr shkak t\u00eb ve\u00e7orive t\u00eb silazhit t\u00eb kokrr\u00ebs s\u00eb misrit, kompania Schaumann ka zhvilluar q\u00eb n\u00eb vitin 1984 nj\u00eb ushqim t\u00eb ve\u00e7ant\u00eb plot\u00ebsues p\u00ebr p\u00ebrdorim te gicat: Bi-Starter. Zhvillimi i shpejt\u00eb i k\u00ebtij produkti d\u00ebshmon sakt\u00ebsin\u00eb e k\u00ebtij koncepti.\n<\/p>\n<h4 style=\"padding-top: 20px;\">P\u00ebrpar\u00ebsit\u00eb e Bi-Starter:<\/h4>\n<ul style=\"list-style-type: square; padding-left: 1em; margin-bottom: 0;\">\n<li>Shtes\u00eb e lart\u00eb me aminoacide: Nxit rritje t\u00eb shk\u00eblqyer me p\u00ebrmbajtje t\u00eb ul\u00ebt t\u00eb protein\u00ebs s\u00eb pap\u00ebrpunuar dhe tretje optimale. Aminoacidet e kufizuara n\u00eb racionet e pasura me mis\u00ebr, si lizina, metionina dhe triptofani, rriten n\u00eb nivele t\u00eb larta. Kjo p\u00ebrmir\u00ebson d\u00ebshir\u00ebn p\u00ebr t\u00eb ngr\u00ebn\u00eb, arrihen performanca t\u00eb shk\u00eblqyera dhe p\u00ebrmir\u00ebsohet tretja n\u00eb zorr\u00eb.<\/li>\n<li>P\u00ebrdorimi i p\u00ebrb\u00ebr\u00ebsve t\u00eb cil\u00ebsis\u00eb s\u00eb lart\u00eb t\u00eb protein\u00ebs p\u00ebr rritje optimale: P\u00ebrve\u00e7 mbajt\u00ebsve t\u00eb zakonsh\u00ebm t\u00eb protein\u00ebs, Bi-Starter p\u00ebrmban komponent\u00eb shum\u00eb cil\u00ebsor\u00eb, si p.sh. proteina e patates.<\/li>\n<li>Kombinimi i stimuluesve t\u00eb rritjes me probiotik\u00eb: Ky kombinim lejon shfryt\u00ebzimin maksimal t\u00eb potencialit t\u00eb gicave. \u00cbsht\u00eb v\u00ebrtetuar nj\u00eb efekt kumulativ i p\u00ebrb\u00ebr\u00ebsve kur p\u00ebrdoren s\u00eb bashku.<\/li>\n<li>Stabilizim i shk\u00eblqyer, pa rrezik mikrobik: P\u00ebr t\u00eb shmangur rritjen shum\u00eb t\u00eb shpejt\u00eb t\u00eb tharmit dhe mykut pas p\u00ebrzierjes dhe p\u00ebrdorimit n\u00eb ushqyes automatik, Bi-Starter p\u00ebrmban nj\u00eb stabilizues shum\u00eb efektiv. Kjo garanton q\u00ebndrueshm\u00ebrin\u00eb p\u00ebr disa dit\u00eb.<\/li>\n<li>Aromatizim i shk\u00eblqyer, marrje e lart\u00eb e ushqimit: Gicat e vegj\u00ebl jan\u00eb shum\u00eb t\u00eb ndjesh\u00ebm ndaj aromave. Aroma e zhvilluar posa\u00e7\u00ebrisht i t\u00ebrheq gicat her\u00ebt drejt ushqimit dhe rrit marrjen e tij.<\/li>\n<li>Vitaminizim i lart\u00eb dhe gjith\u00ebp\u00ebrfshir\u00ebs: P\u00ebr performanca optimale \u00ebsht\u00eb e domosdoshme plot\u00ebsimi i ushqimit me t\u00eb gjitha vitaminat e r\u00ebnd\u00ebsishme. Efekti pozitiv i vitaminave t\u00eb ndryshme n\u00eb sh\u00ebndetin dhe imunitetin e gicave shfryt\u00ebzohet plot\u00ebsisht me Bi-Starter.<\/li>\n<\/ul>\n<p align=\"justify\" style=\"margin-bottom: 0;\">Shum\u00eb ferma kan\u00eb zbatuar tashm\u00eb konceptin e ushqyerjes s\u00eb gicave me silazh kokrre misri dhe Bi-Starter, duke arritur rezultate t\u00eb shk\u00eblqyera.\n750,000 gica jan\u00eb rritur vet\u00ebm n\u00eb Steiermark sipas k\u00ebtij koncepti: nj\u00eb sistem i sigurt dhe ekonomik ka arritur sukses t\u00eb q\u00ebndruesh\u00ebm!\n<\/p>\n<\/div>\n<\/div>\n<\/div>\n\n\n\n<p><\/p>\n","protected":false},"excerpt":{"rendered":"<p>Bi-Starter: Rritja e gicave pa r\u00ebnie t\u00eb performanc\u00ebs P\u00ebrpunuar nga Klevis Xhardja N\u00eb shum\u00eb rajone t\u00eb Austris\u00eb dhe Gjermanis\u00eb, misri \u00ebsht\u00eb afirmuar gjat\u00eb 20 viteve t\u00eb fundit si ushqimi m\u00eb konkurrues p\u00ebr rritjen e derrave. Prodhimet shum\u00eb t\u00eb mira p\u00ebr sip\u00ebrfaqe dhe p\u00ebrmbajtja e lart\u00eb e l\u00ebnd\u00ebve ushqyese \u2013 ideale p\u00ebr ushqimin e derrave \u2013 [&hellip;]<\/p>\n","protected":false},"author":2,"featured_media":0,"parent":0,"menu_order":0,"comment_status":"closed","ping_status":"closed","template":"","meta":{"inline_featured_image":false,"footnotes":""},"class_list":["post-9650","page","type-page","status-publish","hentry"],"yoast_head":"<!-- This site is optimized with the Yoast SEO plugin v18.9 - https:\/\/yoast.com\/wordpress\/plugins\/seo\/ -->\n<title>Bi-Starter: Rritja e gicave pa r\u00ebnie t\u00eb performanc\u00ebs - Austria Praemix<\/title>\n<meta name=\"robots\" content=\"index, follow, max-snippet:-1, max-image-preview:large, max-video-preview:-1\" \/>\n<link rel=\"canonical\" href=\"https:\/\/ap.com.al\/?page_id=9650\" \/>\n<meta property=\"og:locale\" content=\"en_US\" \/>\n<meta property=\"og:type\" content=\"article\" \/>\n<meta property=\"og:title\" content=\"Bi-Starter: Rritja e gicave pa r\u00ebnie t\u00eb performanc\u00ebs - Austria Praemix\" \/>\n<meta property=\"og:description\" content=\"Bi-Starter: Rritja e gicave pa r\u00ebnie t\u00eb performanc\u00ebs P\u00ebrpunuar nga Klevis Xhardja N\u00eb shum\u00eb rajone t\u00eb Austris\u00eb dhe Gjermanis\u00eb, misri \u00ebsht\u00eb afirmuar gjat\u00eb 20 viteve t\u00eb fundit si ushqimi m\u00eb konkurrues p\u00ebr rritjen e derrave. Prodhimet shum\u00eb t\u00eb mira p\u00ebr sip\u00ebrfaqe dhe p\u00ebrmbajtja e lart\u00eb e l\u00ebnd\u00ebve ushqyese \u2013 ideale p\u00ebr ushqimin e derrave \u2013 [&hellip;]\" \/>\n<meta property=\"og:url\" content=\"https:\/\/ap.com.al\/?page_id=9650\" \/>\n<meta property=\"og:site_name\" content=\"Austria Praemix\" \/>\n<meta property=\"article:publisher\" content=\"https:\/\/www.facebook.com\/austriapraemiks\/\" \/>\n<meta property=\"og:image\" content=\"https:\/\/ap.com.al\/wp-content\/uploads\/2022\/03\/Asset-54-1.png\" \/>\n<meta name=\"twitter:card\" content=\"summary_large_image\" \/>\n<meta name=\"twitter:label1\" content=\"Est. reading time\" \/>\n\t<meta name=\"twitter:data1\" content=\"1 minute\" \/>\n<script type=\"application\/ld+json\" class=\"yoast-schema-graph\">{\"@context\":\"https:\/\/schema.org\",\"@graph\":[{\"@type\":\"Organization\",\"@id\":\"https:\/\/ap.com.al\/#organization\",\"name\":\"Austria Preamix\",\"url\":\"https:\/\/ap.com.al\/\",\"sameAs\":[\"https:\/\/www.instagram.com\/austriapraemix\/\",\"https:\/\/www.facebook.com\/austriapraemiks\/\"],\"logo\":{\"@type\":\"ImageObject\",\"inLanguage\":\"en-US\",\"@id\":\"https:\/\/ap.com.al\/#\/schema\/logo\/image\/\",\"url\":\"https:\/\/ap.com.al\/wp-content\/uploads\/2022\/02\/AP-logo.png\",\"contentUrl\":\"https:\/\/ap.com.al\/wp-content\/uploads\/2022\/02\/AP-logo.png\",\"width\":3358,\"height\":1616,\"caption\":\"Austria Preamix\"},\"image\":{\"@id\":\"https:\/\/ap.com.al\/#\/schema\/logo\/image\/\"}},{\"@type\":\"WebSite\",\"@id\":\"https:\/\/ap.com.al\/#website\",\"url\":\"https:\/\/ap.com.al\/\",\"name\":\"Austria Praemix\",\"description\":\"\",\"publisher\":{\"@id\":\"https:\/\/ap.com.al\/#organization\"},\"potentialAction\":[{\"@type\":\"SearchAction\",\"target\":{\"@type\":\"EntryPoint\",\"urlTemplate\":\"https:\/\/ap.com.al\/?s={search_term_string}\"},\"query-input\":\"required name=search_term_string\"}],\"inLanguage\":\"en-US\"},{\"@type\":\"ImageObject\",\"inLanguage\":\"en-US\",\"@id\":\"https:\/\/ap.com.al\/?page_id=9650#primaryimage\",\"url\":\"https:\/\/ap.com.al\/wp-content\/uploads\/2022\/03\/Asset-54-1.png\",\"contentUrl\":\"https:\/\/ap.com.al\/wp-content\/uploads\/2022\/03\/Asset-54-1.png\",\"width\":355,\"height\":354},{\"@type\":\"WebPage\",\"@id\":\"https:\/\/ap.com.al\/?page_id=9650#webpage\",\"url\":\"https:\/\/ap.com.al\/?page_id=9650\",\"name\":\"Bi-Starter: Rritja e gicave pa r\u00ebnie t\u00eb performanc\u00ebs - Austria Praemix\",\"isPartOf\":{\"@id\":\"https:\/\/ap.com.al\/#website\"},\"primaryImageOfPage\":{\"@id\":\"https:\/\/ap.com.al\/?page_id=9650#primaryimage\"},\"datePublished\":\"2025-09-17T13:10:26+00:00\",\"dateModified\":\"2025-09-17T13:10:26+00:00\",\"breadcrumb\":{\"@id\":\"https:\/\/ap.com.al\/?page_id=9650#breadcrumb\"},\"inLanguage\":\"en-US\",\"potentialAction\":[{\"@type\":\"ReadAction\",\"target\":[\"https:\/\/ap.com.al\/?page_id=9650\"]}]},{\"@type\":\"BreadcrumbList\",\"@id\":\"https:\/\/ap.com.al\/?page_id=9650#breadcrumb\",\"itemListElement\":[{\"@type\":\"ListItem\",\"position\":1,\"name\":\"Home\",\"item\":\"https:\/\/ap.com.al\/\"},{\"@type\":\"ListItem\",\"position\":2,\"name\":\"Bi-Starter: Rritja e gicave pa r\u00ebnie t\u00eb performanc\u00ebs\"}]}]}<\/script>\n<!-- \/ Yoast SEO plugin. -->","yoast_head_json":{"title":"Bi-Starter: Rritja e gicave pa r\u00ebnie t\u00eb performanc\u00ebs - Austria Praemix","robots":{"index":"index","follow":"follow","max-snippet":"max-snippet:-1","max-image-preview":"max-image-preview:large","max-video-preview":"max-video-preview:-1"},"canonical":"https:\/\/ap.com.al\/?page_id=9650","og_locale":"en_US","og_type":"article","og_title":"Bi-Starter: Rritja e gicave pa r\u00ebnie t\u00eb performanc\u00ebs - Austria Praemix","og_description":"Bi-Starter: Rritja e gicave pa r\u00ebnie t\u00eb performanc\u00ebs P\u00ebrpunuar nga Klevis Xhardja N\u00eb shum\u00eb rajone t\u00eb Austris\u00eb dhe Gjermanis\u00eb, misri \u00ebsht\u00eb afirmuar gjat\u00eb 20 viteve t\u00eb fundit si ushqimi m\u00eb konkurrues p\u00ebr rritjen e derrave. Prodhimet shum\u00eb t\u00eb mira p\u00ebr sip\u00ebrfaqe dhe p\u00ebrmbajtja e lart\u00eb e l\u00ebnd\u00ebve ushqyese \u2013 ideale p\u00ebr ushqimin e derrave \u2013 [&hellip;]","og_url":"https:\/\/ap.com.al\/?page_id=9650","og_site_name":"Austria Praemix","article_publisher":"https:\/\/www.facebook.com\/austriapraemiks\/","og_image":[{"url":"https:\/\/ap.com.al\/wp-content\/uploads\/2022\/03\/Asset-54-1.png"}],"twitter_card":"summary_large_image","twitter_misc":{"Est. reading time":"1 minute"},"schema":{"@context":"https:\/\/schema.org","@graph":[{"@type":"Organization","@id":"https:\/\/ap.com.al\/#organization","name":"Austria Preamix","url":"https:\/\/ap.com.al\/","sameAs":["https:\/\/www.instagram.com\/austriapraemix\/","https:\/\/www.facebook.com\/austriapraemiks\/"],"logo":{"@type":"ImageObject","inLanguage":"en-US","@id":"https:\/\/ap.com.al\/#\/schema\/logo\/image\/","url":"https:\/\/ap.com.al\/wp-content\/uploads\/2022\/02\/AP-logo.png","contentUrl":"https:\/\/ap.com.al\/wp-content\/uploads\/2022\/02\/AP-logo.png","width":3358,"height":1616,"caption":"Austria Preamix"},"image":{"@id":"https:\/\/ap.com.al\/#\/schema\/logo\/image\/"}},{"@type":"WebSite","@id":"https:\/\/ap.com.al\/#website","url":"https:\/\/ap.com.al\/","name":"Austria Praemix","description":"","publisher":{"@id":"https:\/\/ap.com.al\/#organization"},"potentialAction":[{"@type":"SearchAction","target":{"@type":"EntryPoint","urlTemplate":"https:\/\/ap.com.al\/?s={search_term_string}"},"query-input":"required name=search_term_string"}],"inLanguage":"en-US"},{"@type":"ImageObject","inLanguage":"en-US","@id":"https:\/\/ap.com.al\/?page_id=9650#primaryimage","url":"https:\/\/ap.com.al\/wp-content\/uploads\/2022\/03\/Asset-54-1.png","contentUrl":"https:\/\/ap.com.al\/wp-content\/uploads\/2022\/03\/Asset-54-1.png","width":355,"height":354},{"@type":"WebPage","@id":"https:\/\/ap.com.al\/?page_id=9650#webpage","url":"https:\/\/ap.com.al\/?page_id=9650","name":"Bi-Starter: Rritja e gicave pa r\u00ebnie t\u00eb performanc\u00ebs - Austria Praemix","isPartOf":{"@id":"https:\/\/ap.com.al\/#website"},"primaryImageOfPage":{"@id":"https:\/\/ap.com.al\/?page_id=9650#primaryimage"},"datePublished":"2025-09-17T13:10:26+00:00","dateModified":"2025-09-17T13:10:26+00:00","breadcrumb":{"@id":"https:\/\/ap.com.al\/?page_id=9650#breadcrumb"},"inLanguage":"en-US","potentialAction":[{"@type":"ReadAction","target":["https:\/\/ap.com.al\/?page_id=9650"]}]},{"@type":"BreadcrumbList","@id":"https:\/\/ap.com.al\/?page_id=9650#breadcrumb","itemListElement":[{"@type":"ListItem","position":1,"name":"Home","item":"https:\/\/ap.com.al\/"},{"@type":"ListItem","position":2,"name":"Bi-Starter: Rritja e gicave pa r\u00ebnie t\u00eb performanc\u00ebs"}]}]}},"_links":{"self":[{"href":"https:\/\/ap.com.al\/index.php?rest_route=\/wp\/v2\/pages\/9650","targetHints":{"allow":["GET"]}}],"collection":[{"href":"https:\/\/ap.com.al\/index.php?rest_route=\/wp\/v2\/pages"}],"about":[{"href":"https:\/\/ap.com.al\/index.php?rest_route=\/wp\/v2\/types\/page"}],"author":[{"embeddable":true,"href":"https:\/\/ap.com.al\/index.php?rest_route=\/wp\/v2\/users\/2"}],"replies":[{"embeddable":true,"href":"https:\/\/ap.com.al\/index.php?rest_route=%2Fwp%2Fv2%2Fcomments&post=9650"}],"version-history":[{"count":3,"href":"https:\/\/ap.com.al\/index.php?rest_route=\/wp\/v2\/pages\/9650\/revisions"}],"predecessor-version":[{"id":9655,"href":"https:\/\/ap.com.al\/index.php?rest_route=\/wp\/v2\/pages\/9650\/revisions\/9655"}],"wp:attachment":[{"href":"https:\/\/ap.com.al\/index.php?rest_route=%2Fwp%2Fv2%2Fmedia&parent=9650"}],"curies":[{"name":"wp","href":"https:\/\/api.w.org\/{rel}","templated":true}]}}