{"id":9770,"date":"2025-11-14T12:32:14","date_gmt":"2025-11-14T12:32:14","guid":{"rendered":"https:\/\/ap.com.al\/?page_id=9770"},"modified":"2025-11-14T13:56:14","modified_gmt":"2025-11-14T13:56:14","slug":"probiotiku-schaumann-per-vicat","status":"publish","type":"page","link":"https:\/\/ap.com.al\/?page_id=9770","title":{"rendered":"Probiotiku Schaumann p\u00ebr vi\u00e7at"},"content":{"rendered":"\n<style>\n  #oniiii{\n    background-image:url(\"https:\/\/ap.com.al\/wp-content\/uploads\/2025\/11\/Artikull-banner-15.png\");\n    padding-bottom: 32%;\n    background-position:center center;\n    background-repeat: no-repeat;\n    background-size:cover;\n  }\n  <\/style>\n  <script src=\"https:\/\/code.jquery.com\/jquery-3.5.0.js\">\n<\/script>\n\n<div id=\"oniiii\"><\/div>\n \n<script>\n$( \"#oniiii\" ).insertBefore( \".container_wrap_first\" );\n<\/script>\n\n\n\n<div class=\"wp-block-columns\" id=\"containerr\">\n<div class=\"wp-block-column\">\n<div class=\"avia_textblock\" itemprop=\"text\"><h4 style=\"color:#005a8c;\n\">Probiotiku Schaumann p\u00ebr vi\u00e7at<\/h4>\n<p align=\"right\">\n   P\u00ebrpunuar nga Klevis Xhardja\n<\/p>\n<\/div>\n<\/div>\n<\/div>\n\n\n\n<div class=\"wp-block-columns\" id=\"containerr\">\n<div class=\"wp-block-column\">\n<div class=\"detail__certificates-item-icon\">\n<img decoding=\"async\" alt=\"Icon RINDAMAST UNI\" src=\"https:\/\/ap.com.al\/wp-content\/uploads\/2022\/03\/Asset-51-1.png\">\n<\/div>\n<\/div>\n<\/div>\n\n\n\n<div class=\"wp-block-columns\" id=\"containerr\">\n<div class=\"wp-block-column\">\n<div class=\"blue_marker_list\">\n<p align=\"justify\">Vitet e fundit, probiotik\u00ebt jan\u00eb b\u00ebr\u00eb gjithnj\u00eb e m\u00eb t\u00eb r\u00ebnd\u00ebsish\u00ebm si aditiv\u00eb mikrobik\u00eb n\u00eb ushqimin e kafsh\u00ebve. P\u00ebr shkak t\u00eb rritjes s\u00eb performanc\u00ebs (vi\u00e7a, gjedh\u00eb p\u00ebr mish, lop\u00eb qum\u00ebshtore, derra, shpend\u00eb) dhe p\u00ebrmir\u00ebsimit t\u00eb sh\u00ebndetit (vi\u00e7a, derra, dosa), ekzistojn\u00eb kushte t\u00eb mira p\u00ebr p\u00ebrdorim ekonomik. Rezultatet e v\u00ebzhguara jan\u00eb t\u00eb krahasueshme me ato t\u00eb p\u00ebrmir\u00ebsuesve t\u00eb njohur t\u00eb performanc\u00ebs.\nNj\u00eb probiotik \u00ebsht\u00eb nj\u00eb aditiv ushqimor i gjall\u00eb, mikrobik, q\u00eb ka nj\u00eb efekt pozitiv n\u00eb kafsh\u00ebn prit\u00ebse duke p\u00ebrmir\u00ebsuar ekuilibrin mikrobik. Probiotiku rregullon kolonizimin mikrobik t\u00eb traktit tret\u00ebs p\u00ebr t\u00eb vendosur ose ruajtur gjendjen e eubioz\u00ebs. Eubioza i referohet gjendjes s\u00eb ekuilibruar t\u00eb kafsh\u00ebs q\u00eb shkaktohet nga bashk\u00ebjetesa me mikrobet e zorr\u00ebve (sipas Gedek).\n<h4 style=\"padding-top: 20px;\">Forcimi i flor\u00ebs s\u00eb zorr\u00ebve &#8211; m\u00eb pak diarre<\/h4>\n<p align=\"justify\">P\u00ebrdorimi i Provita-LE pritet t\u00eb ket\u00eb nj\u00eb ndikim t\u00eb optimizuar n\u00eb kolonizimin mikrobik n\u00eb traktin tret\u00ebs. Testet e ve\u00e7anta mikrobiologjike te vi\u00e7at treguan se n\u00eb jejunum u arrit nj\u00eb rritje e ndjeshme e enterokokeve (baktereve t\u00eb acidit laktik), disa her\u00eb mbi vler\u00ebn fillestare. Ky efekt u vu re gjithashtu n\u00eb ileum dhe, n\u00eb nj\u00eb mas\u00eb m\u00eb t\u00eb vog\u00ebl, n\u00eb kolon. Anaerob\u00ebt gram-pozitiv\u00eb gjithashtu u rrit\u00ebn disa her\u00eb n\u00eb kolon nga Provita-LE. Ky grup p\u00ebrfshin, nd\u00ebr t\u00eb tjera, bifidobakteret dhe eubakteret e d\u00ebshirueshme (shih Figur\u00ebn 1). Nj\u00eb reduktim i ndjesh\u00ebm i baktereve gram-negative, si Escherichia coli dhe bakteret koliforme, u arrit n\u00eb jejunum.\n<\/p>\n<\/div>\n\n\n\n<figure class=\"wp-block-image size-full\"><img loading=\"lazy\" decoding=\"async\" width=\"481\" height=\"208\" src=\"https:\/\/ap.com.al\/wp-content\/uploads\/2025\/11\/image-7.png\" alt=\"\" class=\"wp-image-9771\" srcset=\"https:\/\/ap.com.al\/wp-content\/uploads\/2025\/11\/image-7.png 481w, https:\/\/ap.com.al\/wp-content\/uploads\/2025\/11\/image-7-300x130.png 300w, https:\/\/ap.com.al\/wp-content\/uploads\/2025\/11\/image-7-450x195.png 450w\" sizes=\"auto, (max-width: 481px) 100vw, 481px\" \/><\/figure>\n\n\n\n<div class=\"blue_marker_list\">\n<p align=\"justify\">Studimet u kryen me vi\u00e7a shum\u00eb t\u00eb rinj, t\u00eb sapoardhur. N\u00eb t\u00eb gjitha kafsh\u00ebt q\u00eb kishin probleme t\u00eb r\u00ebnda me diarre pas blerjes, u vu re shum\u00eb shpejt nj\u00eb ulje e ndjeshme e diarres\u00eb. P\u00ebrdorimi i Provita-LE rezultoi n\u00eb stabilizim brenda nj\u00eb periudhe t\u00eb shkurt\u00ebr kohore, nj\u00eb shenj\u00eb e funksionimit normal t\u00eb parimit biologjik t\u00eb veprimit.<\/p>\n\n<h4 style=\"padding-top: 20px;\">Provita-LE si nxit\u00ebs i oreksit dhe p\u00ebrmir\u00ebsues i performanc\u00ebs<\/h4>\n<p align=\"justify\">Rezultatet e hulumtimit tregojn\u00eb gjithashtu nj\u00eb ndikim t\u00eb qart\u00eb pozitiv n\u00eb zhvillimin e performanc\u00ebs s\u00eb vi\u00e7ave. N\u00eb tre serit\u00eb e para t\u00eb testeve, p\u00ebrdorimi i Provita-LE rezultoi n\u00eb nj\u00eb rritje t\u00eb konsiderueshme t\u00eb konsumit t\u00eb ushqimit p\u00ebr rritjen e vi\u00e7ave midis 17 dhe 33% (shih Figur\u00ebn 2). Nj\u00eb tendenc\u00eb drejt rritjes s\u00eb konsumit u vu re edhe p\u00ebr san\u00ebn dhe silazhin &#8211; megjithat\u00eb, dallimet nuk ishin statistikisht t\u00eb r\u00ebnd\u00ebsishme.<\/p>\n<\/div>\n\n\n\n<figure class=\"wp-block-image size-full\"><img loading=\"lazy\" decoding=\"async\" width=\"630\" height=\"280\" src=\"https:\/\/ap.com.al\/wp-content\/uploads\/2025\/11\/image-8.png\" alt=\"\" class=\"wp-image-9772\" srcset=\"https:\/\/ap.com.al\/wp-content\/uploads\/2025\/11\/image-8.png 630w, https:\/\/ap.com.al\/wp-content\/uploads\/2025\/11\/image-8-300x133.png 300w, https:\/\/ap.com.al\/wp-content\/uploads\/2025\/11\/image-8-450x200.png 450w\" sizes=\"auto, (max-width: 630px) 100vw, 630px\" \/><\/figure>\n\n\n\n<div class=\"blue_marker_list\">\n<p align=\"justify\">Rritja e konsumit t\u00eb ushqimit t\u00eb ngurt\u00eb tek vi\u00e7at ishte m\u00eb e theksuar kur grupet me dhe pa Provita-LE ushqeheshin me t\u00eb nj\u00ebjtat sasi t\u00eb z\u00ebvend\u00ebsuesit t\u00eb qum\u00ebshtit. N\u00eb k\u00ebto kushte, shtimi ditor i pesh\u00ebs pritej t\u00eb ishte m\u00eb i mir\u00eb gjat\u00eb periudh\u00ebs s\u00eb ushqyerjes, gj\u00eb q\u00eb u konfirmua nga rezultatet e prov\u00ebs (shih Figur\u00ebn 2). Ky trend pozitiv vazhdoi edhe pas shk\u00ebputjes nga qum\u00ebshti. Figura 3 p\u00ebrmbledh rezultatet e p\u00ebrgjithshme t\u00eb eksperimentit 3, t\u00eb kryer n\u00eb Qendr\u00ebn K\u00ebrkimore Schaumann H\u00fclsenberg. Pas nj\u00eb periudhe prove 12-javore, rritja e konsumit t\u00eb ushqimit t\u00eb ngurt\u00eb tek vi\u00e7at ishte rreth 9%, dhe p\u00ebrmir\u00ebsimi i shtimit ditor t\u00eb pesh\u00ebs ishte af\u00ebrsisht 7%. N\u00eb nj\u00eb prov\u00eb tjet\u00ebr mbi rritjen e vi\u00e7ave, t\u00eb kryer n\u00eb Qendr\u00ebn K\u00ebrkimore H\u00fclsenberg, efektet pozitive t\u00eb Provita-LE t\u00eb v\u00ebrejtura m\u00eb par\u00eb u konfirmuan plot\u00ebsisht. Figura 4 paraqet rezultatet p\u00ebr konsumin e ushqimit dhe performanc\u00ebn e rritjes pas gjasht\u00eb jav\u00ebsh testimi, nd\u00ebrsa Figura 5 paraqet rezultatin e p\u00ebrgjithsh\u00ebm pas dymb\u00ebdhjet\u00eb jav\u00ebsh testimi. Gjithashtu, u v\u00ebrejt nj\u00eb rritje e konsiderueshme e konsumit t\u00eb silazhit. Shtimet ditore t\u00eb pesh\u00ebs ishin t\u00eb konsiderueshme. Megjithat\u00eb, Provita-LE p\u00ebrmir\u00ebsoi ndjesh\u00ebm performanc\u00ebn e shtimit t\u00eb pesh\u00ebs (pothuajse 50 g shtim ditor m\u00eb i lart\u00eb gjat\u00eb gjith\u00eb periudh\u00ebs s\u00eb testimit). T\u00eb dh\u00ebnat kryesore t\u00eb k\u00ebtij eksperimenti jan\u00eb p\u00ebrmbledhur n\u00eb Figur\u00ebn 6. Probiotiku i ri Provita-LE, me kombinimin e tij unik t\u00eb shtameve, ka provuar efektivitetin e tij jo vet\u00ebm n\u00eb studime t\u00eb sakta t\u00eb stabilitetit dhe eksperimente me kafsh\u00eb, por edhe ka demonstruar p\u00ebrfitimet e tij n\u00eb prova t\u00eb shumta praktike dhe n\u00eb p\u00ebrdorim n\u00eb ferm\u00eb. Provita-LE ka potencialin t\u00eb p\u00ebrmir\u00ebsoj\u00eb ndjesh\u00ebm sh\u00ebndetin dhe performanc\u00ebn e vi\u00e7ave.<\/p>\n<\/div>\n\n\n\n<figure class=\"wp-block-image size-full\"><img loading=\"lazy\" decoding=\"async\" width=\"638\" height=\"249\" src=\"https:\/\/ap.com.al\/wp-content\/uploads\/2025\/11\/image-9.png\" alt=\"\" class=\"wp-image-9773\" srcset=\"https:\/\/ap.com.al\/wp-content\/uploads\/2025\/11\/image-9.png 638w, https:\/\/ap.com.al\/wp-content\/uploads\/2025\/11\/image-9-300x117.png 300w, https:\/\/ap.com.al\/wp-content\/uploads\/2025\/11\/image-9-450x176.png 450w\" sizes=\"auto, (max-width: 638px) 100vw, 638px\" \/><\/figure>\n\n\n\n<figure class=\"wp-block-image size-full\"><img loading=\"lazy\" decoding=\"async\" width=\"646\" height=\"292\" src=\"https:\/\/ap.com.al\/wp-content\/uploads\/2025\/11\/image-10.png\" alt=\"\" class=\"wp-image-9774\" srcset=\"https:\/\/ap.com.al\/wp-content\/uploads\/2025\/11\/image-10.png 646w, https:\/\/ap.com.al\/wp-content\/uploads\/2025\/11\/image-10-300x136.png 300w, https:\/\/ap.com.al\/wp-content\/uploads\/2025\/11\/image-10-450x203.png 450w\" sizes=\"auto, (max-width: 646px) 100vw, 646px\" \/><\/figure>\n\n\n\n<figure class=\"wp-block-image size-full\"><img loading=\"lazy\" decoding=\"async\" width=\"652\" height=\"323\" src=\"https:\/\/ap.com.al\/wp-content\/uploads\/2025\/11\/image-11.png\" alt=\"\" class=\"wp-image-9775\" srcset=\"https:\/\/ap.com.al\/wp-content\/uploads\/2025\/11\/image-11.png 652w, https:\/\/ap.com.al\/wp-content\/uploads\/2025\/11\/image-11-300x149.png 300w, https:\/\/ap.com.al\/wp-content\/uploads\/2025\/11\/image-11-450x223.png 450w\" sizes=\"auto, (max-width: 652px) 100vw, 652px\" \/><\/figure>\n\n\n\n<figure class=\"wp-block-image size-full\"><img loading=\"lazy\" decoding=\"async\" width=\"658\" height=\"437\" src=\"https:\/\/ap.com.al\/wp-content\/uploads\/2025\/11\/image-12.png\" alt=\"\" class=\"wp-image-9776\" srcset=\"https:\/\/ap.com.al\/wp-content\/uploads\/2025\/11\/image-12.png 658w, https:\/\/ap.com.al\/wp-content\/uploads\/2025\/11\/image-12-300x199.png 300w, https:\/\/ap.com.al\/wp-content\/uploads\/2025\/11\/image-12-450x299.png 450w\" sizes=\"auto, (max-width: 658px) 100vw, 658px\" \/><\/figure>\n<\/div>\n<\/div>\n\n\n\n<p><\/p>\n","protected":false},"excerpt":{"rendered":"<p>Probiotiku Schaumann p\u00ebr vi\u00e7at P\u00ebrpunuar nga Klevis Xhardja Vitet e fundit, probiotik\u00ebt jan\u00eb b\u00ebr\u00eb gjithnj\u00eb e m\u00eb t\u00eb r\u00ebnd\u00ebsish\u00ebm si aditiv\u00eb mikrobik\u00eb n\u00eb ushqimin e kafsh\u00ebve. P\u00ebr shkak t\u00eb rritjes s\u00eb performanc\u00ebs (vi\u00e7a, gjedh\u00eb p\u00ebr mish, lop\u00eb qum\u00ebshtore, derra, shpend\u00eb) dhe p\u00ebrmir\u00ebsimit t\u00eb sh\u00ebndetit (vi\u00e7a, derra, dosa), ekzistojn\u00eb kushte t\u00eb mira p\u00ebr p\u00ebrdorim ekonomik. Rezultatet [&hellip;]<\/p>\n","protected":false},"author":2,"featured_media":0,"parent":0,"menu_order":0,"comment_status":"closed","ping_status":"closed","template":"","meta":{"inline_featured_image":false,"footnotes":""},"class_list":["post-9770","page","type-page","status-publish","hentry"],"yoast_head":"<!-- This site is optimized with the Yoast SEO plugin v18.9 - https:\/\/yoast.com\/wordpress\/plugins\/seo\/ -->\n<title>Probiotiku Schaumann p\u00ebr vi\u00e7at - Austria Praemix<\/title>\n<meta name=\"robots\" content=\"index, follow, max-snippet:-1, max-image-preview:large, max-video-preview:-1\" \/>\n<link rel=\"canonical\" href=\"https:\/\/ap.com.al\/?page_id=9770\" \/>\n<meta property=\"og:locale\" content=\"en_US\" \/>\n<meta property=\"og:type\" content=\"article\" \/>\n<meta property=\"og:title\" content=\"Probiotiku Schaumann p\u00ebr vi\u00e7at - Austria Praemix\" \/>\n<meta property=\"og:description\" content=\"Probiotiku Schaumann p\u00ebr vi\u00e7at P\u00ebrpunuar nga Klevis Xhardja Vitet e fundit, probiotik\u00ebt jan\u00eb b\u00ebr\u00eb gjithnj\u00eb e m\u00eb t\u00eb r\u00ebnd\u00ebsish\u00ebm si aditiv\u00eb mikrobik\u00eb n\u00eb ushqimin e kafsh\u00ebve. P\u00ebr shkak t\u00eb rritjes s\u00eb performanc\u00ebs (vi\u00e7a, gjedh\u00eb p\u00ebr mish, lop\u00eb qum\u00ebshtore, derra, shpend\u00eb) dhe p\u00ebrmir\u00ebsimit t\u00eb sh\u00ebndetit (vi\u00e7a, derra, dosa), ekzistojn\u00eb kushte t\u00eb mira p\u00ebr p\u00ebrdorim ekonomik. Rezultatet [&hellip;]\" \/>\n<meta property=\"og:url\" content=\"https:\/\/ap.com.al\/?page_id=9770\" \/>\n<meta property=\"og:site_name\" content=\"Austria Praemix\" \/>\n<meta property=\"article:publisher\" content=\"https:\/\/www.facebook.com\/austriapraemiks\/\" \/>\n<meta property=\"article:modified_time\" content=\"2025-11-14T13:56:14+00:00\" \/>\n<meta property=\"og:image\" content=\"https:\/\/ap.com.al\/wp-content\/uploads\/2022\/03\/Asset-51-1.png\" \/>\n<meta name=\"twitter:card\" content=\"summary_large_image\" \/>\n<meta name=\"twitter:label1\" content=\"Est. reading time\" \/>\n\t<meta name=\"twitter:data1\" content=\"1 minute\" \/>\n<script type=\"application\/ld+json\" class=\"yoast-schema-graph\">{\"@context\":\"https:\/\/schema.org\",\"@graph\":[{\"@type\":\"Organization\",\"@id\":\"https:\/\/ap.com.al\/#organization\",\"name\":\"Austria Preamix\",\"url\":\"https:\/\/ap.com.al\/\",\"sameAs\":[\"https:\/\/www.instagram.com\/austriapraemix\/\",\"https:\/\/www.facebook.com\/austriapraemiks\/\"],\"logo\":{\"@type\":\"ImageObject\",\"inLanguage\":\"en-US\",\"@id\":\"https:\/\/ap.com.al\/#\/schema\/logo\/image\/\",\"url\":\"https:\/\/ap.com.al\/wp-content\/uploads\/2022\/02\/AP-logo.png\",\"contentUrl\":\"https:\/\/ap.com.al\/wp-content\/uploads\/2022\/02\/AP-logo.png\",\"width\":3358,\"height\":1616,\"caption\":\"Austria Preamix\"},\"image\":{\"@id\":\"https:\/\/ap.com.al\/#\/schema\/logo\/image\/\"}},{\"@type\":\"WebSite\",\"@id\":\"https:\/\/ap.com.al\/#website\",\"url\":\"https:\/\/ap.com.al\/\",\"name\":\"Austria Praemix\",\"description\":\"\",\"publisher\":{\"@id\":\"https:\/\/ap.com.al\/#organization\"},\"potentialAction\":[{\"@type\":\"SearchAction\",\"target\":{\"@type\":\"EntryPoint\",\"urlTemplate\":\"https:\/\/ap.com.al\/?s={search_term_string}\"},\"query-input\":\"required name=search_term_string\"}],\"inLanguage\":\"en-US\"},{\"@type\":\"ImageObject\",\"inLanguage\":\"en-US\",\"@id\":\"https:\/\/ap.com.al\/?page_id=9770#primaryimage\",\"url\":\"https:\/\/ap.com.al\/wp-content\/uploads\/2022\/03\/Asset-51-1.png\",\"contentUrl\":\"https:\/\/ap.com.al\/wp-content\/uploads\/2022\/03\/Asset-51-1.png\",\"width\":355,\"height\":354},{\"@type\":\"WebPage\",\"@id\":\"https:\/\/ap.com.al\/?page_id=9770#webpage\",\"url\":\"https:\/\/ap.com.al\/?page_id=9770\",\"name\":\"Probiotiku Schaumann p\u00ebr vi\u00e7at - Austria Praemix\",\"isPartOf\":{\"@id\":\"https:\/\/ap.com.al\/#website\"},\"primaryImageOfPage\":{\"@id\":\"https:\/\/ap.com.al\/?page_id=9770#primaryimage\"},\"datePublished\":\"2025-11-14T12:32:14+00:00\",\"dateModified\":\"2025-11-14T13:56:14+00:00\",\"breadcrumb\":{\"@id\":\"https:\/\/ap.com.al\/?page_id=9770#breadcrumb\"},\"inLanguage\":\"en-US\",\"potentialAction\":[{\"@type\":\"ReadAction\",\"target\":[\"https:\/\/ap.com.al\/?page_id=9770\"]}]},{\"@type\":\"BreadcrumbList\",\"@id\":\"https:\/\/ap.com.al\/?page_id=9770#breadcrumb\",\"itemListElement\":[{\"@type\":\"ListItem\",\"position\":1,\"name\":\"Home\",\"item\":\"https:\/\/ap.com.al\/\"},{\"@type\":\"ListItem\",\"position\":2,\"name\":\"Probiotiku Schaumann p\u00ebr vi\u00e7at\"}]}]}<\/script>\n<!-- \/ Yoast SEO plugin. -->","yoast_head_json":{"title":"Probiotiku Schaumann p\u00ebr vi\u00e7at - Austria Praemix","robots":{"index":"index","follow":"follow","max-snippet":"max-snippet:-1","max-image-preview":"max-image-preview:large","max-video-preview":"max-video-preview:-1"},"canonical":"https:\/\/ap.com.al\/?page_id=9770","og_locale":"en_US","og_type":"article","og_title":"Probiotiku Schaumann p\u00ebr vi\u00e7at - Austria Praemix","og_description":"Probiotiku Schaumann p\u00ebr vi\u00e7at P\u00ebrpunuar nga Klevis Xhardja Vitet e fundit, probiotik\u00ebt jan\u00eb b\u00ebr\u00eb gjithnj\u00eb e m\u00eb t\u00eb r\u00ebnd\u00ebsish\u00ebm si aditiv\u00eb mikrobik\u00eb n\u00eb ushqimin e kafsh\u00ebve. P\u00ebr shkak t\u00eb rritjes s\u00eb performanc\u00ebs (vi\u00e7a, gjedh\u00eb p\u00ebr mish, lop\u00eb qum\u00ebshtore, derra, shpend\u00eb) dhe p\u00ebrmir\u00ebsimit t\u00eb sh\u00ebndetit (vi\u00e7a, derra, dosa), ekzistojn\u00eb kushte t\u00eb mira p\u00ebr p\u00ebrdorim ekonomik. Rezultatet [&hellip;]","og_url":"https:\/\/ap.com.al\/?page_id=9770","og_site_name":"Austria Praemix","article_publisher":"https:\/\/www.facebook.com\/austriapraemiks\/","article_modified_time":"2025-11-14T13:56:14+00:00","og_image":[{"url":"https:\/\/ap.com.al\/wp-content\/uploads\/2022\/03\/Asset-51-1.png"}],"twitter_card":"summary_large_image","twitter_misc":{"Est. reading time":"1 minute"},"schema":{"@context":"https:\/\/schema.org","@graph":[{"@type":"Organization","@id":"https:\/\/ap.com.al\/#organization","name":"Austria Preamix","url":"https:\/\/ap.com.al\/","sameAs":["https:\/\/www.instagram.com\/austriapraemix\/","https:\/\/www.facebook.com\/austriapraemiks\/"],"logo":{"@type":"ImageObject","inLanguage":"en-US","@id":"https:\/\/ap.com.al\/#\/schema\/logo\/image\/","url":"https:\/\/ap.com.al\/wp-content\/uploads\/2022\/02\/AP-logo.png","contentUrl":"https:\/\/ap.com.al\/wp-content\/uploads\/2022\/02\/AP-logo.png","width":3358,"height":1616,"caption":"Austria Preamix"},"image":{"@id":"https:\/\/ap.com.al\/#\/schema\/logo\/image\/"}},{"@type":"WebSite","@id":"https:\/\/ap.com.al\/#website","url":"https:\/\/ap.com.al\/","name":"Austria Praemix","description":"","publisher":{"@id":"https:\/\/ap.com.al\/#organization"},"potentialAction":[{"@type":"SearchAction","target":{"@type":"EntryPoint","urlTemplate":"https:\/\/ap.com.al\/?s={search_term_string}"},"query-input":"required name=search_term_string"}],"inLanguage":"en-US"},{"@type":"ImageObject","inLanguage":"en-US","@id":"https:\/\/ap.com.al\/?page_id=9770#primaryimage","url":"https:\/\/ap.com.al\/wp-content\/uploads\/2022\/03\/Asset-51-1.png","contentUrl":"https:\/\/ap.com.al\/wp-content\/uploads\/2022\/03\/Asset-51-1.png","width":355,"height":354},{"@type":"WebPage","@id":"https:\/\/ap.com.al\/?page_id=9770#webpage","url":"https:\/\/ap.com.al\/?page_id=9770","name":"Probiotiku Schaumann p\u00ebr vi\u00e7at - Austria Praemix","isPartOf":{"@id":"https:\/\/ap.com.al\/#website"},"primaryImageOfPage":{"@id":"https:\/\/ap.com.al\/?page_id=9770#primaryimage"},"datePublished":"2025-11-14T12:32:14+00:00","dateModified":"2025-11-14T13:56:14+00:00","breadcrumb":{"@id":"https:\/\/ap.com.al\/?page_id=9770#breadcrumb"},"inLanguage":"en-US","potentialAction":[{"@type":"ReadAction","target":["https:\/\/ap.com.al\/?page_id=9770"]}]},{"@type":"BreadcrumbList","@id":"https:\/\/ap.com.al\/?page_id=9770#breadcrumb","itemListElement":[{"@type":"ListItem","position":1,"name":"Home","item":"https:\/\/ap.com.al\/"},{"@type":"ListItem","position":2,"name":"Probiotiku Schaumann p\u00ebr vi\u00e7at"}]}]}},"_links":{"self":[{"href":"https:\/\/ap.com.al\/index.php?rest_route=\/wp\/v2\/pages\/9770","targetHints":{"allow":["GET"]}}],"collection":[{"href":"https:\/\/ap.com.al\/index.php?rest_route=\/wp\/v2\/pages"}],"about":[{"href":"https:\/\/ap.com.al\/index.php?rest_route=\/wp\/v2\/types\/page"}],"author":[{"embeddable":true,"href":"https:\/\/ap.com.al\/index.php?rest_route=\/wp\/v2\/users\/2"}],"replies":[{"embeddable":true,"href":"https:\/\/ap.com.al\/index.php?rest_route=%2Fwp%2Fv2%2Fcomments&post=9770"}],"version-history":[{"count":2,"href":"https:\/\/ap.com.al\/index.php?rest_route=\/wp\/v2\/pages\/9770\/revisions"}],"predecessor-version":[{"id":9799,"href":"https:\/\/ap.com.al\/index.php?rest_route=\/wp\/v2\/pages\/9770\/revisions\/9799"}],"wp:attachment":[{"href":"https:\/\/ap.com.al\/index.php?rest_route=%2Fwp%2Fv2%2Fmedia&parent=9770"}],"curies":[{"name":"wp","href":"https:\/\/api.w.org\/{rel}","templated":true}]}}