{"id":9831,"date":"2025-12-08T15:51:46","date_gmt":"2025-12-08T15:51:46","guid":{"rendered":"https:\/\/ap.com.al\/?page_id=9831"},"modified":"2025-12-08T15:51:47","modified_gmt":"2025-12-08T15:51:47","slug":"diarreja-e-vicit-shkaqet-parandalimi-dhe-trajtimi","status":"publish","type":"page","link":"https:\/\/ap.com.al\/?page_id=9831","title":{"rendered":"Diarreja e Vi\u00e7it: Shkaqet, Parandalimi dhe Trajtimi"},"content":{"rendered":"\n<style>\n  #oniiii{\n    background-image:url(\"https:\/\/ap.com.al\/wp-content\/uploads\/2025\/11\/Artikull-banner-15.png\");\n    padding-bottom: 32%;\n    background-position:center center;\n    background-repeat: no-repeat;\n    background-size:cover;\n  }\n  <\/style>\n  <script src=\"https:\/\/code.jquery.com\/jquery-3.5.0.js\">\n<\/script>\n\n<div id=\"oniiii\"><\/div>\n \n<script>\n$( \"#oniiii\" ).insertBefore( \".container_wrap_first\" );\n<\/script>\n\n\n\n<div class=\"wp-block-columns\" id=\"containerr\">\n<div class=\"wp-block-column\">\n<div class=\"avia_textblock\" itemprop=\"text\"><h4 style=\"color:#005a8c;\n\">Diarreja e Vi\u00e7it: Shkaqet, Parandalimi dhe Trajtimi<\/h4>\n<p align=\"right\">\n   P\u00ebrpunuar nga Klevis Xhardja\n<\/p>\n<\/div>\n<\/div>\n<\/div>\n\n\n\n<div class=\"wp-block-columns\" id=\"containerr\">\n<div class=\"wp-block-column\">\n<div class=\"detail__certificates-item-icon\">\n<img decoding=\"async\" alt=\"Icon RINDAMAST UNI\" src=\"https:\/\/ap.com.al\/wp-content\/uploads\/2022\/03\/Asset-51-1.png\">\n<\/div>\n<\/div>\n<\/div>\n\n\n\n<div class=\"wp-block-columns\" id=\"containerr\">\n<div class=\"wp-block-column\">\n<figure class=\"wp-block-image size-full\"><img loading=\"lazy\" decoding=\"async\" width=\"868\" height=\"499\" src=\"https:\/\/ap.com.al\/wp-content\/uploads\/2025\/12\/image-13.png\" alt=\"\" class=\"wp-image-9832\" srcset=\"https:\/\/ap.com.al\/wp-content\/uploads\/2025\/12\/image-13.png 868w, https:\/\/ap.com.al\/wp-content\/uploads\/2025\/12\/image-13-300x172.png 300w, https:\/\/ap.com.al\/wp-content\/uploads\/2025\/12\/image-13-768x442.png 768w, https:\/\/ap.com.al\/wp-content\/uploads\/2025\/12\/image-13-705x405.png 705w, https:\/\/ap.com.al\/wp-content\/uploads\/2025\/12\/image-13-450x259.png 450w\" sizes=\"auto, (max-width: 868px) 100vw, 868px\" \/><\/figure>\n\n\n\n<div class=\"blue_marker_list\">\n<p align=\"justify\">Diarreja gjat\u00eb jav\u00ebve t\u00eb para t\u00eb jet\u00ebs s\u00eb vi\u00e7it shpesh sjell kosto t\u00eb konsiderueshme p\u00ebr ferm\u00ebn, duke p\u00ebrfshir\u00eb shpenzime trajtimi, medikamente dhe mbi t\u00eb gjitha, humbje nga vdekjet. Kujdesi intensiv i nevojsh\u00ebm p\u00ebr vi\u00e7at me diarre k\u00ebrkon gjithashtu shum\u00eb koh\u00eb shtes\u00eb.\n<\/p>\n<h4 style=\"padding-top: 20px;\">Parandalimi: Themeli i Sh\u00ebndetit t\u00eb Vi\u00e7it<\/h4>\n<p align=\"justify\">Masa m\u00eb e r\u00ebnd\u00ebsishme parandaluese kund\u00ebr diarres\u00eb \u00ebsht\u00eb sigurimi i nj\u00eb mjedisi t\u00eb past\u00ebr p\u00ebr lindjen e vi\u00e7it. Nj\u00eb zon\u00eb e past\u00ebr dhe e shtruar rishtazi p\u00ebr pjelljen, si dhe nj\u00eb boks ose streh\u00eb e pastruar, e dezinfektuar dhe e shtruar p\u00ebr vi\u00e7in, jan\u00eb thelb\u00ebsore p\u00ebr t\u00eb minimizuar rrezikun e infeksioneve n\u00eb or\u00ebt e para t\u00eb jet\u00ebs.\nNj\u00eb parakusht tjet\u00ebr kritik p\u00ebr nj\u00eb fillim t\u00eb sh\u00ebndetsh\u00ebm \u00ebsht\u00eb dh\u00ebnia e 2-4 litrave kolostrum brenda 6 or\u00ebve t\u00eb para t\u00eb jet\u00ebs. P\u00ebrve\u00e7 koh\u00ebs s\u00eb ushqyerjes s\u00eb par\u00eb, cil\u00ebsia e kolostrumit \u00ebsht\u00eb vendimtare. Kolostrumi nga lop\u00eb t\u00eb sh\u00ebndetshme me disa laktacione mund t\u00eb ndahet n\u00eb porcione (0.5-1 lit\u00ebr) n\u00eb shishe plastike dhe t\u00eb ruhet n\u00eb frigorifer deri n\u00eb nj\u00eb vit. Kolostrumi nga lop\u00ebt q\u00eb rrjedhin qum\u00ebsht para pjelljes p\u00ebrmban pak antitrupa. Gjithashtu, kolostrumi i m\u00ebshqerrave ose lop\u00ebve t\u00eb blera pak para pjelljes mund t\u00eb ket\u00eb pak antitrupa efektive kund\u00ebr patogjen\u00ebve t\u00eb ferm\u00ebs. N\u00eb raste t\u00eb tilla, kolostrumi i ngrir\u00eb mund t\u00eb shkrihet but\u00ebsisht si nj\u00eb z\u00ebvend\u00ebsues cil\u00ebsor. Kjo mas\u00eb e thjesht\u00eb dhe me kosto t\u00eb ul\u00ebt shpesh \u00ebsht\u00eb m\u00eb efektive se shum\u00eb medikamente p\u00ebr trajtimin e diarres\u00eb.\n<\/p>\n<\/div>\n\n\n\n<div class=\"blue_marker_list\">\n<h4 style=\"padding-top: 20px;\">Shmangia e Gabimeve n\u00eb Ushqyerje<\/h4>\n<p align=\"justify\">Gabimet n\u00eb ushqimin e vi\u00e7ave (shkaqe dietike) jan\u00eb nj\u00eb shkak i zakonsh\u00ebm i diarres\u00eb. K\u00ebto p\u00ebrfshijn\u00eb dh\u00ebnien e tep\u00ebrt t\u00eb ujit n\u00eb nj\u00eb vakt, ushqyerjen me kov\u00eb pa thith\u00ebse dhe p\u00ebrdorimin e pajisjeve t\u00eb kontaminuara. Vi\u00e7at duhet t\u00eb ushqehen tre her\u00eb n\u00eb dit\u00eb gjat\u00eb dy jav\u00ebve t\u00eb para. \u00c7do vi\u00e7 duhet t\u00eb ket\u00eb kov\u00ebn e vet me thith\u00ebse, e cila duhet pastruar pas \u00e7do ushqyerjeje. Q\u00eb n\u00eb dit\u00ebt e para, vi\u00e7at duhet t\u00eb ken\u00eb akses t\u00eb lir\u00eb n\u00eb uj\u00eb t\u00eb fresk\u00ebt, bari t\u00eb that\u00eb cil\u00ebsor p\u00ebr vi\u00e7a dhe ushqim t\u00eb koncentruar p\u00ebr t\u00eb nxitur zhvillimin e stomakut.\n<\/p>\n<h4 style=\"padding-top: 20px;\">Shkaqet Infektive t\u00eb Diarres\u00eb<\/h4>\n<p align=\"justify\">Diarreja mund t\u00eb shkaktohet nga viruse (rotavirus, koronavirus), zakonisht te vi\u00e7at n\u00eb dy jav\u00ebt e para t\u00eb jet\u00ebs dhe me p\u00ebrhapje t\u00eb shpejt\u00eb. Diarreja bakteriale (shpesh nga lloje t\u00eb ndryshme t\u00eb E. coli) mund t\u00eb shkaktoj\u00eb diarre t\u00eb p\u00ebrgjakshme n\u00eb jav\u00ebt e para, shoq\u00ebruar me anoreksi, ethe dhe dob\u00ebsi. Kriptosporidioza shkakton diarre t\u00eb v\u00ebshtir\u00eb p\u00ebr t&#8217;u trajtuar n\u00eb jav\u00ebt e para, nd\u00ebrsa Eimeria gjithashtu mund t\u00eb jet\u00eb shkak.\nDiarreja shkaktohet nga d\u00ebmtimi i mukoz\u00ebs s\u00eb zorr\u00ebve. Viruset d\u00ebmtojn\u00eb aft\u00ebsin\u00eb e zorr\u00ebve p\u00ebr t\u00eb thithur l\u00ebngje, nd\u00ebrsa toksinat bakteriale shkaktojn\u00eb inflamacion dhe pompim t\u00eb tep\u00ebrt l\u00ebngu n\u00eb zorr\u00eb. Diarreja infektive zakonisht zgjat disa dit\u00eb, gjat\u00eb s\u00eb cil\u00ebs vi\u00e7i humb sasi t\u00eb m\u00ebdha l\u00ebngjesh dhe ndonj\u00ebher\u00eb gjak n\u00eb fe\u00e7e. Dehidratimi i shpejt\u00eb, ndalimi i t\u00eb pirit, shoku dhe hipoglikemia mund t\u00eb \u00e7ojn\u00eb n\u00eb vdekje. N\u00eb rastet e shpeshta ose t\u00eb p\u00ebrs\u00ebritura t\u00eb diarres\u00eb, identifikimi i patogjenit \u00ebsht\u00eb i r\u00ebnd\u00ebsish\u00ebm. Teste t\u00eb shpejta p\u00ebr rotaviruset, koronaviruset dhe E. coli-t enteropatogjene jan\u00eb t\u00eb disponueshme, nd\u00ebrsa Kriptosporidia dhe Eimeria mund t\u00eb zbulohen n\u00eb laborator veterinar nga mostrat e fe\u00e7eve.\n<\/p>\n<h4 style=\"padding-top: 20px;\">Trajtimi: Z\u00ebvend\u00ebsimi i L\u00ebngjeve dhe Elektroliteve<\/h4>\n<p align=\"justify\">Trajtimi kryesor i diarres\u00eb s\u00eb vi\u00e7it \u00ebsht\u00eb z\u00ebvend\u00ebsimi i humbjeve t\u00eb l\u00ebngjeve dhe elektroliteve. Vi\u00e7at me diarre mund t\u00eb humbasin rreth 10% t\u00eb pesh\u00ebs trupore n\u00eb l\u00ebngje n\u00eb dit\u00eb, dhe n\u00eb rastet e r\u00ebnda edhe m\u00eb shum\u00eb. P\u00ebr sa koh\u00eb q\u00eb vi\u00e7i pi, humbjet e l\u00ebngjeve mund t\u00eb kompensohen me pije elektrolitesh (shih planin e t\u00eb ushqyerit). Suplementet elektrolitesh duhet t\u00eb jepen sa m\u00eb shpejt t\u00eb jet\u00eb e mundur gjat\u00eb s\u00ebmundjes diarreike. Nj\u00eb preparat elektrolitesh i p\u00ebrshtatsh\u00ebm duhet t\u00eb jet\u00eb gjithmon\u00eb i disponuesh\u00ebm n\u00eb ferm\u00eb. N\u00ebse vi\u00e7i ka sy t\u00eb zhytur, nuk pi m\u00eb ose \u00ebsht\u00eb i shtrir\u00eb, zakonisht nevojitet infuzion intravenoz (5-10 litra tret\u00ebsir\u00eb infuzioni \u00e7do 24 or\u00eb) derisa vi\u00e7i t\u00eb filloj\u00eb t\u00eb pij\u00eb vet\u00eb.\n<\/p>\n<\/div>\n\n\n\n<figure class=\"wp-block-image size-full\"><img loading=\"lazy\" decoding=\"async\" width=\"635\" height=\"389\" src=\"https:\/\/ap.com.al\/wp-content\/uploads\/2025\/12\/image-14.png\" alt=\"\" class=\"wp-image-9833\" srcset=\"https:\/\/ap.com.al\/wp-content\/uploads\/2025\/12\/image-14.png 635w, https:\/\/ap.com.al\/wp-content\/uploads\/2025\/12\/image-14-300x184.png 300w, https:\/\/ap.com.al\/wp-content\/uploads\/2025\/12\/image-14-450x276.png 450w\" sizes=\"auto, (max-width: 635px) 100vw, 635px\" \/><\/figure>\n\n\n\n<div class=\"blue_marker_list\">\n<h4 style=\"padding-top: 20px;\">Plot\u00ebsimi i Nevojave Ushqyese Gjat\u00eb Diarres\u00eb<\/h4>\n<p align=\"justify\">\u00cbsht\u00eb thelb\u00ebsore q\u00eb vi\u00e7ave me diarre t\u00eb mos u nd\u00ebrpritet qum\u00ebshti. Nevojat ushqyese t\u00eb nj\u00eb vi\u00e7i k\u00ebrkojn\u00eb nj\u00eb sasi qum\u00ebshti prej 12% t\u00eb pesh\u00ebs trupore n\u00eb dit\u00eb (p.sh., 6 litra p\u00ebr nj\u00eb vi\u00e7 50 kg). Shp\u00ebrndarja e sasis\u00eb ditore t\u00eb qum\u00ebshtit n\u00eb tre vakte ka rezultuar efektive.\nPijet me elektrolite duhet t&#8217;u ofrohen vi\u00e7ave me diarre si nj\u00eb ushqim i leht\u00eb shtes\u00eb, por nuk duhen p\u00ebrzier me qum\u00ebshtin. K\u00ebto pije, shpesh t\u00eb referuara si &#8220;pije diete&#8221;, nuk z\u00ebvend\u00ebsojn\u00eb qum\u00ebshtin.\nP\u00ebrve\u00e7 terapis\u00eb, masa shtes\u00eb t\u00eb kujdesit nga personi q\u00eb kujdeset p\u00ebr vi\u00e7in e s\u00ebmur\u00eb jan\u00eb jasht\u00ebzakonisht t\u00eb r\u00ebnd\u00ebsishme. K\u00ebto p\u00ebrfshijn\u00eb nd\u00ebrrimin e shpesht\u00eb t\u00eb shtratit t\u00eb lagur me fekale, ngrohjen e vi\u00e7it (me llamb\u00eb ngroh\u00ebse ose batanije) dhe p\u00ebrpjekjet e vazhdueshme p\u00ebr ta inkurajuar vi\u00e7in e s\u00ebmur\u00eb t\u00eb pij\u00eb. K\u00ebto masa jan\u00eb po aq jetike sa vet\u00eb trajtimi.\n<\/p>\n<h4 style=\"padding-top: 20px;\">Higjiena Mbetet Prioritare, Pavar\u00ebsisht Vaksinimit<\/h4>\n<p align=\"justify\">N\u00eb rastet e zbulimit t\u00eb Cryptosporidiumit dhe diarres\u00eb s\u00eb lidhur me Eimerian, p\u00ebrve\u00e7 masave mb\u00ebshtet\u00ebse p\u00ebr vi\u00e7in e prekur, duhet t\u00eb p\u00ebrdoren agjent\u00eb kemioterapeutik\u00eb efektiv\u00eb edhe si mas\u00eb parandaluese. Trajtimi rutin\u00eb me antibiotik\u00eb p\u00ebr diarren\u00eb e vi\u00e7it nuk \u00ebsht\u00eb i nevojsh\u00ebm.\nVaksinimi i lop\u00ebs (12 deri n\u00eb 3 jav\u00eb para \u00e7do pjelljeje) ka treguar efektivitet n\u00eb mbrojtjen kund\u00ebr rotaviruseve, koronaviruseve dhe E. coli patogjene t\u00eb zorr\u00ebve. Ai rrit nivelin e antitrupave specifik\u00eb n\u00eb kolostrum, duke ulur k\u00ebshtu ashp\u00ebrsin\u00eb dhe shpesht\u00ebsin\u00eb e diarres\u00eb s\u00eb vi\u00e7it t\u00eb shkaktuar nga k\u00ebto patogjen\u00eb viral\u00eb dhe bakterial\u00eb, me kusht q\u00eb vi\u00e7i t\u00eb marr\u00eb nj\u00eb sasi t\u00eb mjaftueshme kolostrumi cil\u00ebsor.\nMegjithat\u00eb, \u00ebsht\u00eb thelb\u00ebsore t\u00eb kuptohet se vaksinimi dhe p\u00ebrdorimi i medikamenteve nuk mund t\u00eb kompensojn\u00eb n\u00eb asnj\u00eb m\u00ebnyr\u00eb higjien\u00ebn e dob\u00ebt dhe menaxhimin joadekuat t\u00eb ujit.\n<\/p>\n<\/div>\n<\/div>\n<\/div>\n\n\n\n<p><\/p>\n","protected":false},"excerpt":{"rendered":"<p>Diarreja e Vi\u00e7it: Shkaqet, Parandalimi dhe Trajtimi P\u00ebrpunuar nga Klevis Xhardja Diarreja gjat\u00eb jav\u00ebve t\u00eb para t\u00eb jet\u00ebs s\u00eb vi\u00e7it shpesh sjell kosto t\u00eb konsiderueshme p\u00ebr ferm\u00ebn, duke p\u00ebrfshir\u00eb shpenzime trajtimi, medikamente dhe mbi t\u00eb gjitha, humbje nga vdekjet. Kujdesi intensiv i nevojsh\u00ebm p\u00ebr vi\u00e7at me diarre k\u00ebrkon gjithashtu shum\u00eb koh\u00eb shtes\u00eb. Parandalimi: Themeli i [&hellip;]<\/p>\n","protected":false},"author":2,"featured_media":0,"parent":0,"menu_order":0,"comment_status":"closed","ping_status":"closed","template":"","meta":{"inline_featured_image":false,"footnotes":""},"class_list":["post-9831","page","type-page","status-publish","hentry"],"yoast_head":"<!-- This site is optimized with the Yoast SEO plugin v18.9 - https:\/\/yoast.com\/wordpress\/plugins\/seo\/ -->\n<title>Diarreja e Vi\u00e7it: Shkaqet, Parandalimi dhe Trajtimi - Austria Praemix<\/title>\n<meta name=\"robots\" content=\"index, follow, max-snippet:-1, max-image-preview:large, max-video-preview:-1\" \/>\n<link rel=\"canonical\" href=\"https:\/\/ap.com.al\/?page_id=9831\" \/>\n<meta property=\"og:locale\" content=\"en_US\" \/>\n<meta property=\"og:type\" content=\"article\" \/>\n<meta property=\"og:title\" content=\"Diarreja e Vi\u00e7it: Shkaqet, Parandalimi dhe Trajtimi - Austria Praemix\" \/>\n<meta property=\"og:description\" content=\"Diarreja e Vi\u00e7it: Shkaqet, Parandalimi dhe Trajtimi P\u00ebrpunuar nga Klevis Xhardja Diarreja gjat\u00eb jav\u00ebve t\u00eb para t\u00eb jet\u00ebs s\u00eb vi\u00e7it shpesh sjell kosto t\u00eb konsiderueshme p\u00ebr ferm\u00ebn, duke p\u00ebrfshir\u00eb shpenzime trajtimi, medikamente dhe mbi t\u00eb gjitha, humbje nga vdekjet. Kujdesi intensiv i nevojsh\u00ebm p\u00ebr vi\u00e7at me diarre k\u00ebrkon gjithashtu shum\u00eb koh\u00eb shtes\u00eb. Parandalimi: Themeli i [&hellip;]\" \/>\n<meta property=\"og:url\" content=\"https:\/\/ap.com.al\/?page_id=9831\" \/>\n<meta property=\"og:site_name\" content=\"Austria Praemix\" \/>\n<meta property=\"article:publisher\" content=\"https:\/\/www.facebook.com\/austriapraemiks\/\" \/>\n<meta property=\"article:modified_time\" content=\"2025-12-08T15:51:47+00:00\" \/>\n<meta property=\"og:image\" content=\"https:\/\/ap.com.al\/wp-content\/uploads\/2022\/03\/Asset-51-1.png\" \/>\n<meta name=\"twitter:card\" content=\"summary_large_image\" \/>\n<meta name=\"twitter:label1\" content=\"Est. reading time\" \/>\n\t<meta name=\"twitter:data1\" content=\"1 minute\" \/>\n<script type=\"application\/ld+json\" class=\"yoast-schema-graph\">{\"@context\":\"https:\/\/schema.org\",\"@graph\":[{\"@type\":\"Organization\",\"@id\":\"https:\/\/ap.com.al\/#organization\",\"name\":\"Austria Preamix\",\"url\":\"https:\/\/ap.com.al\/\",\"sameAs\":[\"https:\/\/www.instagram.com\/austriapraemix\/\",\"https:\/\/www.facebook.com\/austriapraemiks\/\"],\"logo\":{\"@type\":\"ImageObject\",\"inLanguage\":\"en-US\",\"@id\":\"https:\/\/ap.com.al\/#\/schema\/logo\/image\/\",\"url\":\"https:\/\/ap.com.al\/wp-content\/uploads\/2022\/02\/AP-logo.png\",\"contentUrl\":\"https:\/\/ap.com.al\/wp-content\/uploads\/2022\/02\/AP-logo.png\",\"width\":3358,\"height\":1616,\"caption\":\"Austria Preamix\"},\"image\":{\"@id\":\"https:\/\/ap.com.al\/#\/schema\/logo\/image\/\"}},{\"@type\":\"WebSite\",\"@id\":\"https:\/\/ap.com.al\/#website\",\"url\":\"https:\/\/ap.com.al\/\",\"name\":\"Austria Praemix\",\"description\":\"\",\"publisher\":{\"@id\":\"https:\/\/ap.com.al\/#organization\"},\"potentialAction\":[{\"@type\":\"SearchAction\",\"target\":{\"@type\":\"EntryPoint\",\"urlTemplate\":\"https:\/\/ap.com.al\/?s={search_term_string}\"},\"query-input\":\"required name=search_term_string\"}],\"inLanguage\":\"en-US\"},{\"@type\":\"ImageObject\",\"inLanguage\":\"en-US\",\"@id\":\"https:\/\/ap.com.al\/?page_id=9831#primaryimage\",\"url\":\"https:\/\/ap.com.al\/wp-content\/uploads\/2022\/03\/Asset-51-1.png\",\"contentUrl\":\"https:\/\/ap.com.al\/wp-content\/uploads\/2022\/03\/Asset-51-1.png\",\"width\":355,\"height\":354},{\"@type\":\"WebPage\",\"@id\":\"https:\/\/ap.com.al\/?page_id=9831#webpage\",\"url\":\"https:\/\/ap.com.al\/?page_id=9831\",\"name\":\"Diarreja e Vi\u00e7it: Shkaqet, Parandalimi dhe Trajtimi - Austria Praemix\",\"isPartOf\":{\"@id\":\"https:\/\/ap.com.al\/#website\"},\"primaryImageOfPage\":{\"@id\":\"https:\/\/ap.com.al\/?page_id=9831#primaryimage\"},\"datePublished\":\"2025-12-08T15:51:46+00:00\",\"dateModified\":\"2025-12-08T15:51:47+00:00\",\"breadcrumb\":{\"@id\":\"https:\/\/ap.com.al\/?page_id=9831#breadcrumb\"},\"inLanguage\":\"en-US\",\"potentialAction\":[{\"@type\":\"ReadAction\",\"target\":[\"https:\/\/ap.com.al\/?page_id=9831\"]}]},{\"@type\":\"BreadcrumbList\",\"@id\":\"https:\/\/ap.com.al\/?page_id=9831#breadcrumb\",\"itemListElement\":[{\"@type\":\"ListItem\",\"position\":1,\"name\":\"Home\",\"item\":\"https:\/\/ap.com.al\/\"},{\"@type\":\"ListItem\",\"position\":2,\"name\":\"Diarreja e Vi\u00e7it: Shkaqet, Parandalimi dhe Trajtimi\"}]}]}<\/script>\n<!-- \/ Yoast SEO plugin. -->","yoast_head_json":{"title":"Diarreja e Vi\u00e7it: Shkaqet, Parandalimi dhe Trajtimi - Austria Praemix","robots":{"index":"index","follow":"follow","max-snippet":"max-snippet:-1","max-image-preview":"max-image-preview:large","max-video-preview":"max-video-preview:-1"},"canonical":"https:\/\/ap.com.al\/?page_id=9831","og_locale":"en_US","og_type":"article","og_title":"Diarreja e Vi\u00e7it: Shkaqet, Parandalimi dhe Trajtimi - Austria Praemix","og_description":"Diarreja e Vi\u00e7it: Shkaqet, Parandalimi dhe Trajtimi P\u00ebrpunuar nga Klevis Xhardja Diarreja gjat\u00eb jav\u00ebve t\u00eb para t\u00eb jet\u00ebs s\u00eb vi\u00e7it shpesh sjell kosto t\u00eb konsiderueshme p\u00ebr ferm\u00ebn, duke p\u00ebrfshir\u00eb shpenzime trajtimi, medikamente dhe mbi t\u00eb gjitha, humbje nga vdekjet. Kujdesi intensiv i nevojsh\u00ebm p\u00ebr vi\u00e7at me diarre k\u00ebrkon gjithashtu shum\u00eb koh\u00eb shtes\u00eb. Parandalimi: Themeli i [&hellip;]","og_url":"https:\/\/ap.com.al\/?page_id=9831","og_site_name":"Austria Praemix","article_publisher":"https:\/\/www.facebook.com\/austriapraemiks\/","article_modified_time":"2025-12-08T15:51:47+00:00","og_image":[{"url":"https:\/\/ap.com.al\/wp-content\/uploads\/2022\/03\/Asset-51-1.png"}],"twitter_card":"summary_large_image","twitter_misc":{"Est. reading time":"1 minute"},"schema":{"@context":"https:\/\/schema.org","@graph":[{"@type":"Organization","@id":"https:\/\/ap.com.al\/#organization","name":"Austria Preamix","url":"https:\/\/ap.com.al\/","sameAs":["https:\/\/www.instagram.com\/austriapraemix\/","https:\/\/www.facebook.com\/austriapraemiks\/"],"logo":{"@type":"ImageObject","inLanguage":"en-US","@id":"https:\/\/ap.com.al\/#\/schema\/logo\/image\/","url":"https:\/\/ap.com.al\/wp-content\/uploads\/2022\/02\/AP-logo.png","contentUrl":"https:\/\/ap.com.al\/wp-content\/uploads\/2022\/02\/AP-logo.png","width":3358,"height":1616,"caption":"Austria Preamix"},"image":{"@id":"https:\/\/ap.com.al\/#\/schema\/logo\/image\/"}},{"@type":"WebSite","@id":"https:\/\/ap.com.al\/#website","url":"https:\/\/ap.com.al\/","name":"Austria Praemix","description":"","publisher":{"@id":"https:\/\/ap.com.al\/#organization"},"potentialAction":[{"@type":"SearchAction","target":{"@type":"EntryPoint","urlTemplate":"https:\/\/ap.com.al\/?s={search_term_string}"},"query-input":"required name=search_term_string"}],"inLanguage":"en-US"},{"@type":"ImageObject","inLanguage":"en-US","@id":"https:\/\/ap.com.al\/?page_id=9831#primaryimage","url":"https:\/\/ap.com.al\/wp-content\/uploads\/2022\/03\/Asset-51-1.png","contentUrl":"https:\/\/ap.com.al\/wp-content\/uploads\/2022\/03\/Asset-51-1.png","width":355,"height":354},{"@type":"WebPage","@id":"https:\/\/ap.com.al\/?page_id=9831#webpage","url":"https:\/\/ap.com.al\/?page_id=9831","name":"Diarreja e Vi\u00e7it: Shkaqet, Parandalimi dhe Trajtimi - Austria Praemix","isPartOf":{"@id":"https:\/\/ap.com.al\/#website"},"primaryImageOfPage":{"@id":"https:\/\/ap.com.al\/?page_id=9831#primaryimage"},"datePublished":"2025-12-08T15:51:46+00:00","dateModified":"2025-12-08T15:51:47+00:00","breadcrumb":{"@id":"https:\/\/ap.com.al\/?page_id=9831#breadcrumb"},"inLanguage":"en-US","potentialAction":[{"@type":"ReadAction","target":["https:\/\/ap.com.al\/?page_id=9831"]}]},{"@type":"BreadcrumbList","@id":"https:\/\/ap.com.al\/?page_id=9831#breadcrumb","itemListElement":[{"@type":"ListItem","position":1,"name":"Home","item":"https:\/\/ap.com.al\/"},{"@type":"ListItem","position":2,"name":"Diarreja e Vi\u00e7it: Shkaqet, Parandalimi dhe Trajtimi"}]}]}},"_links":{"self":[{"href":"https:\/\/ap.com.al\/index.php?rest_route=\/wp\/v2\/pages\/9831","targetHints":{"allow":["GET"]}}],"collection":[{"href":"https:\/\/ap.com.al\/index.php?rest_route=\/wp\/v2\/pages"}],"about":[{"href":"https:\/\/ap.com.al\/index.php?rest_route=\/wp\/v2\/types\/page"}],"author":[{"embeddable":true,"href":"https:\/\/ap.com.al\/index.php?rest_route=\/wp\/v2\/users\/2"}],"replies":[{"embeddable":true,"href":"https:\/\/ap.com.al\/index.php?rest_route=%2Fwp%2Fv2%2Fcomments&post=9831"}],"version-history":[{"count":1,"href":"https:\/\/ap.com.al\/index.php?rest_route=\/wp\/v2\/pages\/9831\/revisions"}],"predecessor-version":[{"id":9834,"href":"https:\/\/ap.com.al\/index.php?rest_route=\/wp\/v2\/pages\/9831\/revisions\/9834"}],"wp:attachment":[{"href":"https:\/\/ap.com.al\/index.php?rest_route=%2Fwp%2Fv2%2Fmedia&parent=9831"}],"curies":[{"name":"wp","href":"https:\/\/api.w.org\/{rel}","templated":true}]}}