{"id":9850,"date":"2025-12-08T16:28:13","date_gmt":"2025-12-08T16:28:13","guid":{"rendered":"https:\/\/ap.com.al\/?page_id=9850"},"modified":"2026-03-06T13:12:07","modified_gmt":"2026-03-06T13:12:07","slug":"vicat-ne-stallen-e-karantines-strategji-per-menaxhimin-e-shendetit-ne-majmerine-e-gjedheve","status":"publish","type":"page","link":"https:\/\/ap.com.al\/?page_id=9850","title":{"rendered":"Vi\u00e7at n\u00eb stall\u00ebn e karantin\u00ebs: Strategji p\u00ebr menaxhimin e sh\u00ebndetit n\u00eb majm\u00ebrin\u00eb e gjedh\u00ebve"},"content":{"rendered":"\n<style>\n  #oniiii{\n    background-image:url(\"https:\/\/ap.com.al\/wp-content\/uploads\/2025\/11\/Artikull-banner-15.png\");\n    padding-bottom: 32%;\n    background-position:center center;\n    background-repeat: no-repeat;\n    background-size:cover;\n  }\n  <\/style>\n  <script src=\"https:\/\/code.jquery.com\/jquery-3.5.0.js\">\n<\/script>\n\n<div id=\"oniiii\"><\/div>\n \n<script>\n$( \"#oniiii\" ).insertBefore( \".container_wrap_first\" );\n<\/script>\n\n\n\n<div class=\"wp-block-columns\" id=\"containerr\">\n<div class=\"wp-block-column\">\n<div class=\"avia_textblock\" itemprop=\"text\"><h4 style=\"color:#005a8c;\n\">Vi\u00e7at n\u00eb stall\u00ebn e karantin\u00ebs: Strategji p\u00ebr menaxhimin e sh\u00ebndetit n\u00eb majm\u00ebrin\u00eb e gjedh\u00ebve<\/h4>\n<p align=\"right\">\n   P\u00ebrpunuar nga Klevis Xhardja\n<\/p>\n<\/div>\n<\/div>\n<\/div>\n\n\n\n<div class=\"wp-block-columns\" id=\"containerr\">\n<div class=\"wp-block-column\">\n<div class=\"detail__certificates-item-icon\">\n<img decoding=\"async\" alt=\"Icon RINDAMAST UNI\" src=\"https:\/\/ap.com.al\/wp-content\/uploads\/2022\/03\/Asset-51-1.png\">\n<\/div>\n<\/div>\n<\/div>\n\n\n\n<div class=\"wp-block-columns\" id=\"containerr\">\n<div class=\"wp-block-column\">\n<figure class=\"wp-block-image size-full\"><img loading=\"lazy\" decoding=\"async\" width=\"975\" height=\"582\" src=\"https:\/\/ap.com.al\/wp-content\/uploads\/2025\/12\/image-5.png\" alt=\"\" class=\"wp-image-9813\" srcset=\"https:\/\/ap.com.al\/wp-content\/uploads\/2025\/12\/image-5.png 975w, https:\/\/ap.com.al\/wp-content\/uploads\/2025\/12\/image-5-300x179.png 300w, https:\/\/ap.com.al\/wp-content\/uploads\/2025\/12\/image-5-768x458.png 768w, https:\/\/ap.com.al\/wp-content\/uploads\/2025\/12\/image-5-705x421.png 705w, https:\/\/ap.com.al\/wp-content\/uploads\/2025\/12\/image-5-450x269.png 450w\" sizes=\"auto, (max-width: 975px) 100vw, 975px\" \/><\/figure>\n\n\n\n<div class=\"blue_marker_list\">\n<p align=\"justify\">Menaxhimi i patogjen\u00ebve te vi\u00e7at me origjin\u00eb t\u00eb ndryshme \u00ebsht\u00eb nj\u00eb nga sfidat kryesore n\u00eb faz\u00ebn e majm\u00ebris\u00eb s\u00eb gjedh\u00ebve. Periudha e karantin\u00ebs, e organizuar si\u00e7 duhet, siguron identifikimin e hersh\u00ebm t\u00eb s\u00ebmundjeve dhe parandalon p\u00ebrhapjen e patogjen\u00ebve n\u00eb tuf\u00eb. \u00cbsht\u00eb optimale q\u00eb vi\u00e7at e porsaardhur t\u00eb vendosen n\u00eb stalla karantine t\u00eb pastruara, t\u00eb thata dhe me zona shtrimi cil\u00ebsore, ku periudha e zbraz\u00ebtis\u00eb midis grupeve t\u00eb kafsh\u00ebve t\u00eb zgjas\u00eb t\u00eb pakt\u00ebn nj\u00eb jav\u00eb. Koh\u00ebzgjatja e karantin\u00ebs varet nga s\u00ebmundjet q\u00eb synohet t\u00eb shmangen. P\u00ebr infeksionet respiratore, si gripi i gjedhit, mjaftojn\u00eb shtat\u00eb deri n\u00eb dhjet\u00eb dit\u00eb, nd\u00ebrsa n\u00eb rastet e s\u00ebmundjeve specifike k\u00ebrkohet pritja e rezultateve negative t\u00eb testimeve p\u00ebrpara integrimit n\u00eb tuf\u00eb.\n\nPastrimi i stall\u00ebs me presion t\u00eb lart\u00eb ose me avull, ndjekur nga tharja e plot\u00eb, eliminon shumic\u00ebn e patogjen\u00ebve\u2014ve\u00e7an\u00ebrisht viruset\u2014t\u00eb cil\u00ebt nuk mbijetojn\u00eb n\u00eb sip\u00ebrfaqe t\u00eb thata. Aplikimi i g\u00eblqeres me efekt dezinfektues mund t\u00eb forcoj\u00eb edhe m\u00eb shum\u00eb k\u00ebt\u00eb proces. E nj\u00ebjta periudh\u00eb zbraz\u00ebtie duhet t\u00eb respektohet edhe p\u00ebr igloo ose strehimore individuale, p\u00ebr t\u00eb nd\u00ebrprer\u00eb zinxhirin e infeksionit dhe p\u00ebr t\u00eb shmangur \u201clodhjen e stall\u00ebs\u201d. Problemet e p\u00ebrshtatjes s\u00eb vi\u00e7ave n\u00eb mjedisin e ri jan\u00eb multifaktoriale dhe lidhen si me ndryshimet n\u00eb kushte, ashtu edhe me p\u00ebrb\u00ebrjen heterogjene t\u00eb grupeve q\u00eb vijn\u00eb nga sisteme t\u00eb ndryshme rritjeje dhe ushqimi.\n<\/p>\n<h4 style=\"padding-top: 20px;\">Modelet e Karantin\u00ebs dhe Dimensionimi i Tyre<\/h4>\n<p align=\"justify\">Ekzistojn\u00eb dy qasje kryesore p\u00ebr organizimin e karantin\u00ebs. Qasja e par\u00eb \u00ebsht\u00eb karantina e p\u00ebrkohshme, ku vi\u00e7at q\u00ebndrojn\u00eb n\u00eb izolim p\u00ebr dhjet\u00eb dit\u00eb deri n\u00eb tre jav\u00eb, p\u00ebrpara se t\u00eb transferohen n\u00eb stall\u00ebn e rritjes pa procedura t\u00eb ve\u00e7anta pranimi. Kjo p\u00ebrdoret ve\u00e7an\u00ebrisht kur blihen shpesh grupe t\u00eb vogla kafsh\u00ebsh. Qasja e dyt\u00eb e konsideron stall\u00ebn e karantin\u00ebs si faz\u00eb rritjeje p\u00ebr gjith\u00eb periudh\u00ebn e zhvillimit t\u00eb vi\u00e7ave, \u00e7ka k\u00ebrkon dy stalla t\u00eb nj\u00ebjta p\u00ebr t\u00eb siguruar koh\u00ebn e nevojshme t\u00eb zbraz\u00ebtis\u00eb mes grupeve.\n\nMadh\u00ebsia e hap\u00ebsirave t\u00eb karantin\u00ebs duhet t\u00eb p\u00ebrshtatet me kapacitetin e stall\u00ebs s\u00eb majm\u00ebris\u00eb dhe intervalin e blerjeve. P\u00ebr shembull, nj\u00eb ferm\u00eb me 120 vende n\u00eb stall\u00ebn kryesore ka nevoj\u00eb p\u00ebr t\u00eb pakt\u00ebn 40 vende karantine n\u00ebse integron vi\u00e7a t\u00eb mosh\u00ebs tet\u00eb jav\u00ebshe deri n\u00eb gjasht\u00eb muaj. N\u00eb raste t\u00eb tjera, fermeri mund t\u00eb zgjedh\u00eb t\u2019i integroj\u00eb kafsh\u00ebt m\u00eb her\u00ebt n\u00eb stall\u00ebn e majm\u00ebris\u00eb. Kur p\u00ebrdoren dysheme me pllaka betoni, duhet respektuar gjer\u00ebsia maksimale e hap\u00ebsir\u00ebs prej 25 mm p\u00ebr kafsh\u00eb deri n\u00eb 200 kg, si dhe sigurimi i sip\u00ebrfaqeve t\u00eb buta shtrirjeje p\u00ebr kafsh\u00eb deri n\u00eb 150 kg, shpesh n\u00eb form\u00ebn e shtresave gome.\n<\/p>\n<\/div>\n\n\n\n<div class=\"blue_marker_list\">\n<h4 style=\"padding-top: 20px;\">Parandalimi i Rrymave t\u00eb Ajrit dhe Menaxhimi i Lag\u00ebshtis\u00eb<\/h4>\n<p align=\"justify\">Nj\u00eb nga faktor\u00ebt m\u00eb t\u00eb r\u00ebnd\u00ebsish\u00ebm p\u00ebr sh\u00ebndetin e gjedh\u00ebve \u00ebsht\u00eb parandalimi i rrymave t\u00eb ajrit n\u00eb zonat e shtrirjes. N\u00ebse k\u00ebto zona jan\u00eb t\u00eb thata, t\u00eb shtruara mir\u00eb dhe t\u00eb mbrojtura, temperatura e ambientit ka r\u00ebnd\u00ebsi m\u00eb t\u00eb vog\u00ebl pasi kashta cil\u00ebsore siguron ngroht\u00ebsi t\u00eb mjaftueshme. Leshi i lagur dhe lag\u00ebshtia e tep\u00ebrt rrisin humbjet e nxeht\u00ebsis\u00eb dhe rrezikun e hipotermis\u00eb. Rrymat e ajrit, shpesh t\u00eb padukshme, mund t\u00eb sjellin aj\u00ebr t\u00eb ftoht\u00eb n\u00eb dysheme sidomos n\u00eb stalla t\u00eb ngrohta, duke komprometuar komoditetin e kafsh\u00ebve.\n\nLag\u00ebshtia relative \u00ebsht\u00eb po aq kritike. Ajri i ftoht\u00eb mban m\u00eb pak avull uji, prandaj n\u00eb temperatura t\u00eb ul\u00ebta edhe sasi t\u00eb vogla lag\u00ebshtie shkaktojn\u00eb kushte t\u00eb rrezikshme p\u00ebr sh\u00ebndetin respirator. Zgjidhje t\u00eb p\u00ebrshtatshme p\u00ebrfshijn\u00eb hyrjen e ajrit t\u00eb past\u00ebr pa rryma p\u00ebrmes portave ose ventilator\u00ebve q\u00eb e t\u00ebrheqin ajrin nga tavani dhe e shp\u00ebrndajn\u00eb n\u00eb m\u00ebnyr\u00eb t\u00eb kontrolluar. N\u00ebse problemet vazhdojn\u00eb, rekomandohet instalimi i tavaneve poroze ose nj\u00eb vler\u00ebsim i situat\u00ebs nga konsulenti.\n<\/p>\n<h4 style=\"padding-top: 20px;\">Stallat Klimatike t\u00eb Jashtme dhe Sistemet e Shtrimit me Kasht\u00eb<\/h4>\n<p align=\"justify\">N\u00eb stallat klimatike t\u00eb jashtme, lag\u00ebshtia dhe temperatura jan\u00eb t\u00eb ngjashme me ato t\u00eb ambientit t\u00eb jasht\u00ebm. K\u00ebtu preferohen zona t\u00eb p\u00ebrbashk\u00ebta shtrirjeje me shtrat t\u00eb thell\u00eb, ku stalla ka ajrim t\u00eb mir\u00eb natyral. Rrjetat mbrojt\u00ebse nga era mund t\u00eb mbrojn\u00eb hyrjet gjat\u00eb dimrit, nd\u00ebrsa instalimet n\u00ebn nivelin e ngrirjes sigurojn\u00eb furnizimin e pand\u00ebrprer\u00eb me uj\u00eb. Uji nuk duhet t\u00eb bjer\u00eb n\u00ebn 10\u00b0C, sidomos p\u00ebr kafsh\u00ebt q\u00eb vijn\u00eb nga kushte t\u00eb jashtme.\n\nN\u00eb sistemet me kasht\u00eb p\u00ebrdoren disa tipe strehimi, nga bokset me nj\u00eb ose dy dhoma deri te stalla me pleh organik. Secili sistem ka karakteristikat e veta, por t\u00eb gjitha k\u00ebrkojn\u00eb kuti t\u00eb thata, t\u00eb ajrosura mir\u00eb dhe t\u00eb shtruara me materiale higjienike. Kafsh\u00ebt e ardhura nga jasht\u00eb duhet t\u00eb ken\u00eb koh\u00eb t\u00eb m\u00ebsohen sidomos me bokset e shtrira, t\u00eb cilat p\u00ebrdoren m\u00eb rrall\u00eb.\n<\/p>\n<h4 style=\"padding-top: 20px;\">Strehimoret Grupore dhe Sistemet pa Kasht\u00eb<\/h4>\n<p align=\"justify\">Strehimoret grupore ofrojn\u00eb nj\u00eb kombinim t\u00eb zon\u00ebs s\u00eb brendshme me nj\u00eb hap\u00ebsir\u00eb t\u00eb jashtme, nd\u00ebrsa dyshemeja duhet t\u00eb jet\u00eb e izoluar nga l\u00ebngjet dhe t\u00eb ket\u00eb gropa p\u00ebr grumbullimin e uj\u00ebrave t\u00eb ndotura. Cil\u00ebsia e ajrit dhe presioni i ul\u00ebt mikrobik jan\u00eb thelb\u00ebsore p\u00ebr zhvillimin optimal t\u00eb vi\u00e7ave. Tendat mund t\u00eb p\u00ebrmir\u00ebsojn\u00eb kushtet e pun\u00ebs dhe t\u00eb ofrojn\u00eb hije n\u00eb periudha nxeht\u00ebsie ekstreme. Strehimoret zakonisht p\u00ebrdoren p\u00ebr 5\u20138 vi\u00e7a dhe k\u00ebrkojn\u00eb periudha t\u00eb rregullta zbraz\u00ebtie p\u00ebr t\u00eb nd\u00ebrprer\u00eb zinxhirin e infeksionit.\n\nSistemet pa kasht\u00eb bazohen n\u00eb dysheme me pllaka betoni n\u00eb stalla t\u00eb izoluara termikisht, me ngrohje dhe ventilim t\u00eb kontrolluar. Temperatura e ambientit gjat\u00eb vendosjes s\u00eb kafsh\u00ebve duhet t\u00eb jet\u00eb rreth 18\u00b0C p\u00ebr t\u00eb ruajtur komoditetin dhe p\u00ebr t\u00eb lejuar shk\u00ebmbim t\u00eb mjaftuesh\u00ebm ajri. Hyrja e ajrit t\u00eb past\u00ebr sigurohet p\u00ebrmes tavaneve poroze dhe kanaleve t\u00eb dimensionuara n\u00eb m\u00ebnyr\u00eb t\u00eb till\u00eb q\u00eb shpejt\u00ebsia e ajrit t\u00eb mos kaloj\u00eb 0,2 m\/s. Plehu i l\u00ebngsh\u00ebm largohet me sistem shp\u00eblarjeje automatike. Edhe k\u00ebtu vlejn\u00eb kufijt\u00eb ligjor\u00eb p\u00ebr gjer\u00ebsin\u00eb e hap\u00ebsir\u00ebs midis pllakave dhe nevoja p\u00ebr sip\u00ebrfaqe elastike shtrirjeje p\u00ebr kafsh\u00ebt deri n\u00eb 150 kg. \u00c7do ferm\u00eb duhet t\u00eb vler\u00ebsoj\u00eb avantazhet dhe disavantazhet e k\u00ebtyre sistemeve n\u00eb var\u00ebsi t\u00eb p\u00ebrvoj\u00ebs, organizimit dhe preferencave t\u00eb pun\u00ebs.\n<\/p>\n<h4 style=\"padding-top: 20px;\">Kriteret e Planifikimit t\u00eb Stall\u00ebs s\u00eb Karantin\u00ebs<\/h4>\n<p align=\"justify\">Stalla e karantin\u00ebs duhet t\u00eb jet\u00eb e ndar\u00eb n\u00eb m\u00ebnyr\u00eb t\u00eb plot\u00eb nga stalla e majm\u00ebris\u00eb, duke mos pasur hyrje t\u00eb drejtp\u00ebrdrejt\u00eb p\u00ebr t\u00eb minimizuar rrezikun e transmetimit t\u00eb s\u00ebmundjeve. P\u00ebrdorimi i nd\u00ebrtesave ekzistuese ofron nj\u00eb zgjidhje ekonomike p\u00ebr sa koh\u00eb plot\u00ebsohen kushtet e nevojshme p\u00ebr mir\u00ebqenien e vi\u00e7ave. Af\u00ebrsia me nd\u00ebrtes\u00ebn e banimit dhe me zonat e grumbullimit t\u00eb plehut zvog\u00eblon distancat e pun\u00ebs, duke e b\u00ebr\u00eb menaxhimin e p\u00ebrditsh\u00ebm m\u00eb efikas. Vendndodhja \u00ebsht\u00eb po ashtu e r\u00ebnd\u00ebsishme p\u00ebr ventilimin natyror, ekspozimin ndaj diellit dhe mbrojtjen nga rrymat e ajrit\u2014element\u00eb q\u00eb ndikojn\u00eb drejtp\u00ebrdrejt n\u00eb sh\u00ebndetin e vi\u00e7ave.\n<\/p>\n<h4 style=\"padding-top: 20px;\">Menaxhimi Gjat\u00eb Karantin\u00ebs<\/h4>\n<p align=\"justify\">Gjat\u00eb gjith\u00eb periudh\u00ebs s\u00eb karantin\u00ebs, mir\u00ebmbajtja dhe menaxhimi duhet t\u00eb jen\u00eb rigoroz\u00eb. Fermeri duhet t\u00eb kujdeset fillimisht p\u00ebr stall\u00ebn e majm\u00ebris\u00eb dhe m\u00eb pas p\u00ebr at\u00eb t\u00eb karantin\u00ebs, n\u00eb m\u00ebnyr\u00eb q\u00eb t\u00eb shmang\u00eb transmetimin e mundsh\u00ebm t\u00eb patogjen\u00ebve. Personat e jasht\u00ebm duhet t\u00eb futen vet\u00ebm me veshje dhe pajisje mbrojt\u00ebse t\u00eb ofruara nga ferma, nd\u00ebrsa mjetet e pun\u00ebs duhet t\u00eb mbeten t\u00eb dedikuara p\u00ebr secil\u00ebn stall\u00eb. V\u00ebzhgimi individual \u00ebsht\u00eb thelb\u00ebsor p\u00ebr t\u00eb identifikuar shenjat e para t\u00eb s\u00ebmundjeve, dhe \u00e7do kafsh\u00eb e dyshuar p\u00ebr s\u00ebmundje duhet izoluar menj\u00ebher\u00eb. Rregulli baz\u00eb mbetet q\u00eb n\u00eb stall\u00ebn e majm\u00ebris\u00eb duhet t\u00eb futen vet\u00ebm kafsh\u00eb plot\u00ebsisht t\u00eb sh\u00ebndetshme dhe t\u00eb p\u00ebrshtatura.\n<\/p>\n<\/div>\n<\/div>\n<\/div>\n\n\n\n<p><\/p>\n","protected":false},"excerpt":{"rendered":"<p>Vi\u00e7at n\u00eb stall\u00ebn e karantin\u00ebs: Strategji p\u00ebr menaxhimin e sh\u00ebndetit n\u00eb majm\u00ebrin\u00eb e gjedh\u00ebve P\u00ebrpunuar nga Klevis Xhardja Menaxhimi i patogjen\u00ebve te vi\u00e7at me origjin\u00eb t\u00eb ndryshme \u00ebsht\u00eb nj\u00eb nga sfidat kryesore n\u00eb faz\u00ebn e majm\u00ebris\u00eb s\u00eb gjedh\u00ebve. Periudha e karantin\u00ebs, e organizuar si\u00e7 duhet, siguron identifikimin e hersh\u00ebm t\u00eb s\u00ebmundjeve dhe parandalon p\u00ebrhapjen e [&hellip;]<\/p>\n","protected":false},"author":2,"featured_media":0,"parent":0,"menu_order":0,"comment_status":"closed","ping_status":"closed","template":"","meta":{"inline_featured_image":false,"footnotes":""},"class_list":["post-9850","page","type-page","status-publish","hentry"],"yoast_head":"<!-- This site is optimized with the Yoast SEO plugin v18.9 - https:\/\/yoast.com\/wordpress\/plugins\/seo\/ -->\n<title>Vi\u00e7at n\u00eb stall\u00ebn e karantin\u00ebs: Strategji p\u00ebr menaxhimin e sh\u00ebndetit n\u00eb majm\u00ebrin\u00eb e gjedh\u00ebve - Austria Praemix<\/title>\n<meta name=\"robots\" content=\"index, follow, max-snippet:-1, max-image-preview:large, max-video-preview:-1\" \/>\n<link rel=\"canonical\" href=\"https:\/\/ap.com.al\/?page_id=9850\" \/>\n<meta property=\"og:locale\" content=\"en_US\" \/>\n<meta property=\"og:type\" content=\"article\" \/>\n<meta property=\"og:title\" content=\"Vi\u00e7at n\u00eb stall\u00ebn e karantin\u00ebs: Strategji p\u00ebr menaxhimin e sh\u00ebndetit n\u00eb majm\u00ebrin\u00eb e gjedh\u00ebve - Austria Praemix\" \/>\n<meta property=\"og:description\" content=\"Vi\u00e7at n\u00eb stall\u00ebn e karantin\u00ebs: Strategji p\u00ebr menaxhimin e sh\u00ebndetit n\u00eb majm\u00ebrin\u00eb e gjedh\u00ebve P\u00ebrpunuar nga Klevis Xhardja Menaxhimi i patogjen\u00ebve te vi\u00e7at me origjin\u00eb t\u00eb ndryshme \u00ebsht\u00eb nj\u00eb nga sfidat kryesore n\u00eb faz\u00ebn e majm\u00ebris\u00eb s\u00eb gjedh\u00ebve. Periudha e karantin\u00ebs, e organizuar si\u00e7 duhet, siguron identifikimin e hersh\u00ebm t\u00eb s\u00ebmundjeve dhe parandalon p\u00ebrhapjen e [&hellip;]\" \/>\n<meta property=\"og:url\" content=\"https:\/\/ap.com.al\/?page_id=9850\" \/>\n<meta property=\"og:site_name\" content=\"Austria Praemix\" \/>\n<meta property=\"article:publisher\" content=\"https:\/\/www.facebook.com\/austriapraemiks\/\" \/>\n<meta property=\"article:modified_time\" content=\"2026-03-06T13:12:07+00:00\" \/>\n<meta property=\"og:image\" content=\"https:\/\/ap.com.al\/wp-content\/uploads\/2022\/03\/Asset-51-1.png\" \/>\n<meta name=\"twitter:card\" content=\"summary_large_image\" \/>\n<meta name=\"twitter:label1\" content=\"Est. reading time\" \/>\n\t<meta name=\"twitter:data1\" content=\"1 minute\" \/>\n<script type=\"application\/ld+json\" class=\"yoast-schema-graph\">{\"@context\":\"https:\/\/schema.org\",\"@graph\":[{\"@type\":\"Organization\",\"@id\":\"https:\/\/ap.com.al\/#organization\",\"name\":\"Austria Preamix\",\"url\":\"https:\/\/ap.com.al\/\",\"sameAs\":[\"https:\/\/www.instagram.com\/austriapraemix\/\",\"https:\/\/www.facebook.com\/austriapraemiks\/\"],\"logo\":{\"@type\":\"ImageObject\",\"inLanguage\":\"en-US\",\"@id\":\"https:\/\/ap.com.al\/#\/schema\/logo\/image\/\",\"url\":\"https:\/\/ap.com.al\/wp-content\/uploads\/2022\/02\/AP-logo.png\",\"contentUrl\":\"https:\/\/ap.com.al\/wp-content\/uploads\/2022\/02\/AP-logo.png\",\"width\":3358,\"height\":1616,\"caption\":\"Austria Preamix\"},\"image\":{\"@id\":\"https:\/\/ap.com.al\/#\/schema\/logo\/image\/\"}},{\"@type\":\"WebSite\",\"@id\":\"https:\/\/ap.com.al\/#website\",\"url\":\"https:\/\/ap.com.al\/\",\"name\":\"Austria Praemix\",\"description\":\"\",\"publisher\":{\"@id\":\"https:\/\/ap.com.al\/#organization\"},\"potentialAction\":[{\"@type\":\"SearchAction\",\"target\":{\"@type\":\"EntryPoint\",\"urlTemplate\":\"https:\/\/ap.com.al\/?s={search_term_string}\"},\"query-input\":\"required name=search_term_string\"}],\"inLanguage\":\"en-US\"},{\"@type\":\"ImageObject\",\"inLanguage\":\"en-US\",\"@id\":\"https:\/\/ap.com.al\/?page_id=9850#primaryimage\",\"url\":\"https:\/\/ap.com.al\/wp-content\/uploads\/2022\/03\/Asset-51-1.png\",\"contentUrl\":\"https:\/\/ap.com.al\/wp-content\/uploads\/2022\/03\/Asset-51-1.png\",\"width\":355,\"height\":354},{\"@type\":\"WebPage\",\"@id\":\"https:\/\/ap.com.al\/?page_id=9850#webpage\",\"url\":\"https:\/\/ap.com.al\/?page_id=9850\",\"name\":\"Vi\u00e7at n\u00eb stall\u00ebn e karantin\u00ebs: Strategji p\u00ebr menaxhimin e sh\u00ebndetit n\u00eb majm\u00ebrin\u00eb e gjedh\u00ebve - Austria Praemix\",\"isPartOf\":{\"@id\":\"https:\/\/ap.com.al\/#website\"},\"primaryImageOfPage\":{\"@id\":\"https:\/\/ap.com.al\/?page_id=9850#primaryimage\"},\"datePublished\":\"2025-12-08T16:28:13+00:00\",\"dateModified\":\"2026-03-06T13:12:07+00:00\",\"breadcrumb\":{\"@id\":\"https:\/\/ap.com.al\/?page_id=9850#breadcrumb\"},\"inLanguage\":\"en-US\",\"potentialAction\":[{\"@type\":\"ReadAction\",\"target\":[\"https:\/\/ap.com.al\/?page_id=9850\"]}]},{\"@type\":\"BreadcrumbList\",\"@id\":\"https:\/\/ap.com.al\/?page_id=9850#breadcrumb\",\"itemListElement\":[{\"@type\":\"ListItem\",\"position\":1,\"name\":\"Home\",\"item\":\"https:\/\/ap.com.al\/\"},{\"@type\":\"ListItem\",\"position\":2,\"name\":\"Vi\u00e7at n\u00eb stall\u00ebn e karantin\u00ebs: Strategji p\u00ebr menaxhimin e sh\u00ebndetit n\u00eb majm\u00ebrin\u00eb e gjedh\u00ebve\"}]}]}<\/script>\n<!-- \/ Yoast SEO plugin. -->","yoast_head_json":{"title":"Vi\u00e7at n\u00eb stall\u00ebn e karantin\u00ebs: Strategji p\u00ebr menaxhimin e sh\u00ebndetit n\u00eb majm\u00ebrin\u00eb e gjedh\u00ebve - Austria Praemix","robots":{"index":"index","follow":"follow","max-snippet":"max-snippet:-1","max-image-preview":"max-image-preview:large","max-video-preview":"max-video-preview:-1"},"canonical":"https:\/\/ap.com.al\/?page_id=9850","og_locale":"en_US","og_type":"article","og_title":"Vi\u00e7at n\u00eb stall\u00ebn e karantin\u00ebs: Strategji p\u00ebr menaxhimin e sh\u00ebndetit n\u00eb majm\u00ebrin\u00eb e gjedh\u00ebve - Austria Praemix","og_description":"Vi\u00e7at n\u00eb stall\u00ebn e karantin\u00ebs: Strategji p\u00ebr menaxhimin e sh\u00ebndetit n\u00eb majm\u00ebrin\u00eb e gjedh\u00ebve P\u00ebrpunuar nga Klevis Xhardja Menaxhimi i patogjen\u00ebve te vi\u00e7at me origjin\u00eb t\u00eb ndryshme \u00ebsht\u00eb nj\u00eb nga sfidat kryesore n\u00eb faz\u00ebn e majm\u00ebris\u00eb s\u00eb gjedh\u00ebve. Periudha e karantin\u00ebs, e organizuar si\u00e7 duhet, siguron identifikimin e hersh\u00ebm t\u00eb s\u00ebmundjeve dhe parandalon p\u00ebrhapjen e [&hellip;]","og_url":"https:\/\/ap.com.al\/?page_id=9850","og_site_name":"Austria Praemix","article_publisher":"https:\/\/www.facebook.com\/austriapraemiks\/","article_modified_time":"2026-03-06T13:12:07+00:00","og_image":[{"url":"https:\/\/ap.com.al\/wp-content\/uploads\/2022\/03\/Asset-51-1.png"}],"twitter_card":"summary_large_image","twitter_misc":{"Est. reading time":"1 minute"},"schema":{"@context":"https:\/\/schema.org","@graph":[{"@type":"Organization","@id":"https:\/\/ap.com.al\/#organization","name":"Austria Preamix","url":"https:\/\/ap.com.al\/","sameAs":["https:\/\/www.instagram.com\/austriapraemix\/","https:\/\/www.facebook.com\/austriapraemiks\/"],"logo":{"@type":"ImageObject","inLanguage":"en-US","@id":"https:\/\/ap.com.al\/#\/schema\/logo\/image\/","url":"https:\/\/ap.com.al\/wp-content\/uploads\/2022\/02\/AP-logo.png","contentUrl":"https:\/\/ap.com.al\/wp-content\/uploads\/2022\/02\/AP-logo.png","width":3358,"height":1616,"caption":"Austria Preamix"},"image":{"@id":"https:\/\/ap.com.al\/#\/schema\/logo\/image\/"}},{"@type":"WebSite","@id":"https:\/\/ap.com.al\/#website","url":"https:\/\/ap.com.al\/","name":"Austria Praemix","description":"","publisher":{"@id":"https:\/\/ap.com.al\/#organization"},"potentialAction":[{"@type":"SearchAction","target":{"@type":"EntryPoint","urlTemplate":"https:\/\/ap.com.al\/?s={search_term_string}"},"query-input":"required name=search_term_string"}],"inLanguage":"en-US"},{"@type":"ImageObject","inLanguage":"en-US","@id":"https:\/\/ap.com.al\/?page_id=9850#primaryimage","url":"https:\/\/ap.com.al\/wp-content\/uploads\/2022\/03\/Asset-51-1.png","contentUrl":"https:\/\/ap.com.al\/wp-content\/uploads\/2022\/03\/Asset-51-1.png","width":355,"height":354},{"@type":"WebPage","@id":"https:\/\/ap.com.al\/?page_id=9850#webpage","url":"https:\/\/ap.com.al\/?page_id=9850","name":"Vi\u00e7at n\u00eb stall\u00ebn e karantin\u00ebs: Strategji p\u00ebr menaxhimin e sh\u00ebndetit n\u00eb majm\u00ebrin\u00eb e gjedh\u00ebve - Austria Praemix","isPartOf":{"@id":"https:\/\/ap.com.al\/#website"},"primaryImageOfPage":{"@id":"https:\/\/ap.com.al\/?page_id=9850#primaryimage"},"datePublished":"2025-12-08T16:28:13+00:00","dateModified":"2026-03-06T13:12:07+00:00","breadcrumb":{"@id":"https:\/\/ap.com.al\/?page_id=9850#breadcrumb"},"inLanguage":"en-US","potentialAction":[{"@type":"ReadAction","target":["https:\/\/ap.com.al\/?page_id=9850"]}]},{"@type":"BreadcrumbList","@id":"https:\/\/ap.com.al\/?page_id=9850#breadcrumb","itemListElement":[{"@type":"ListItem","position":1,"name":"Home","item":"https:\/\/ap.com.al\/"},{"@type":"ListItem","position":2,"name":"Vi\u00e7at n\u00eb stall\u00ebn e karantin\u00ebs: Strategji p\u00ebr menaxhimin e sh\u00ebndetit n\u00eb majm\u00ebrin\u00eb e gjedh\u00ebve"}]}]}},"_links":{"self":[{"href":"https:\/\/ap.com.al\/index.php?rest_route=\/wp\/v2\/pages\/9850","targetHints":{"allow":["GET"]}}],"collection":[{"href":"https:\/\/ap.com.al\/index.php?rest_route=\/wp\/v2\/pages"}],"about":[{"href":"https:\/\/ap.com.al\/index.php?rest_route=\/wp\/v2\/types\/page"}],"author":[{"embeddable":true,"href":"https:\/\/ap.com.al\/index.php?rest_route=\/wp\/v2\/users\/2"}],"replies":[{"embeddable":true,"href":"https:\/\/ap.com.al\/index.php?rest_route=%2Fwp%2Fv2%2Fcomments&post=9850"}],"version-history":[{"count":3,"href":"https:\/\/ap.com.al\/index.php?rest_route=\/wp\/v2\/pages\/9850\/revisions"}],"predecessor-version":[{"id":9892,"href":"https:\/\/ap.com.al\/index.php?rest_route=\/wp\/v2\/pages\/9850\/revisions\/9892"}],"wp:attachment":[{"href":"https:\/\/ap.com.al\/index.php?rest_route=%2Fwp%2Fv2%2Fmedia&parent=9850"}],"curies":[{"name":"wp","href":"https:\/\/api.w.org\/{rel}","templated":true}]}}