{"id":9935,"date":"2026-05-11T07:36:57","date_gmt":"2026-05-11T07:36:57","guid":{"rendered":"https:\/\/ap.com.al\/?page_id=9935"},"modified":"2026-05-11T07:39:19","modified_gmt":"2026-05-11T07:39:19","slug":"selko-fylax-grain","status":"publish","type":"page","link":"https:\/\/ap.com.al\/?page_id=9935","title":{"rendered":"Selko Fylax\u00ae Grain"},"content":{"rendered":"\n<style>\n  #oniiii{\n    background-image:url(\"https:\/\/ap.com.al\/wp-content\/uploads\/2026\/05\/Artikull-banner-5.png\");\n    padding-bottom: 32%;\n    background-position:center center;\n    background-repeat: no-repeat;\n    background-size:cover;\n  }\n  <\/style>\n  <script src=\"https:\/\/code.jquery.com\/jquery-3.5.0.js\">\n<\/script>\n\n<div id=\"oniiii\"><\/div>\n \n<script>\n$( \"#oniiii\" ).insertBefore( \".container_wrap_first\" );\n<\/script>\n\n\n\n<div class=\"wp-block-columns\" id=\"containerr\">\n<div class=\"wp-block-column\">\n<div class=\"avia_textblock\" itemprop=\"text\"><h4 style=\"color:#005a8c;\n\">Selko Fylax\u00ae Grain<\/h4>\n<\/div>\n<\/div>\n<\/div>\n\n\n\n<div class=\"wp-block-columns\" id=\"containerr\">\n<div class=\"wp-block-column\">\n<div class=\"detail__certificates-item-icon\">\n<img decoding=\"async\" alt=\"Icon RINDAMAST UNI\" src=\"https:\/\/ap.com.al\/wp-content\/uploads\/2022\/03\/oeko.png\">\n<\/div>\n<\/div>\n<\/div>\n\n\n\n<div class=\"wp-block-columns\" id=\"containerr\">\n<div class=\"wp-block-column\">\n<div class=\"blue_marker_list\">\n<p align=\"justify\">Selko Fylax Grain \u00ebsht\u00eb nj\u00eb p\u00ebrzierje sinergjike e acideve organike dhe surfaktant\u00ebve. Ai pengon zhvillimin e mikroorganizmave, duke mbrojtur vler\u00ebn ushqyese t\u00eb l\u00ebnd\u00ebve t\u00eb para dhe duke zgjatur jet\u00ebgjat\u00ebsin\u00eb e tyre gjat\u00eb magazinimit.\n<\/p>\n<h4 style=\"padding-top: 0px;\">Fylax Grain Kodi i produktit: 12370345 Paketimi: 1000kg IBC<\/h4>\n<h4 style=\"padding-top: 0px;\">Fylax Grain Kodi i produktit: 12370465 Paketimi: Fu\u00e7i 225 kg<\/h4>\n<h3 style=\"padding-top: 20px; color:#005a8c;\">P\u00ebrdorimi i produktit<\/h3>\n<p align=\"justify\">Selko Fylax Grain \u00ebsht\u00eb i disponuesh\u00ebm n\u00eb form\u00eb t\u00eb l\u00ebngshme dhe mund t\u00eb aplikohet n\u00eb faza t\u00eb ndryshme t\u00eb magazinimit t\u00eb l\u00ebnd\u00ebve t\u00eb para, n\u00eb var\u00ebsi t\u00eb nevojave specifike t\u00eb klient\u00ebve. Doza e rekomanduar e p\u00ebrdorimit varion nga 0.5 deri n\u00eb 2.0 kg\/mT.\n<\/p>\n<\/div>\n\n\n\n\n<div class=\"wp-block-group\"><div class=\"wp-block-group__inner-container\">\n<div class=\"wp-block-columns\">\n<div class=\"wp-block-column\">\n<h3 style=\"padding-top: 20px; color:#005a8c;\">P\u00ebrfitimet<\/h3>\n<ul style=\"list-style-type: square; \n\tpadding-left: 1em;\">\n<li>Kosto e ul\u00ebt: Inhibim shum\u00eb efektiv i mikroorganizmave n\u00eb doza t\u00eb ul\u00ebta p\u00ebrdorimi prej 0.5 \u2013 2 kg\/mT.<\/li>\n<li>Veprim i dyfisht\u00eb: Vepron nj\u00ebkoh\u00ebsisht kund\u00ebr myqeve dhe enterobaktereve.<\/li>\n<li>Efekt afatgjat\u00eb: Volatilitet m\u00eb i ul\u00ebt, duke siguruar mbrojtje dhe efekt m\u00eb t\u00eb q\u00ebndruesh\u00ebm gjat\u00eb magazinimit.<\/li>\n<\/ul>\n\n<\/div>\n\n\n\n<div class=\"wp-block-column\">\n<h3 style=\"padding-top: 20px; color:#005a8c;\">Specifikimet<\/h3>\n<ul style=\"list-style-type: square; \n\tpadding-left: 1em;\">\n<li>P\u00ebrzierje e acideve organike t\u00eb tamponuara dhe jo t\u00eb tamponuara, si dhe e krip\u00ebrave t\u00eb tyre.<\/li>\n<li>Efikasitet i provuar, m\u00eb i lart\u00eb krahasuar me acidet organike t\u00eb vetme ose p\u00ebrzierjet e thjeshta t\u00eb tyre.<\/li>\n<li>Ruan vler\u00ebn ushqyese gjat\u00eb periudh\u00ebs s\u00eb magazinimit.<\/li>\n<li>Zgjat jet\u00ebgjat\u00ebsin\u00eb e drith\u00ebrave, l\u00ebnd\u00ebve t\u00eb para dhe p\u00ebrzierjeve p\u00ebr kafsh\u00eb.<\/li>\n<\/ul>\n\n<\/div>\n<\/div>\n<\/div><\/div>\n\n\n\n<div class=\"avia-button-wrap avia-button-left  avia-builder-el-7  el_after_av_textblock  avia-builder-el-last \"><a href=\"https:\/\/ap.com.al\/wp-content\/uploads\/2026\/05\/leaflet-fylax-grain.en_.sq-PDF.pdf\" target=\"_blank\" class=\"avia-button   avia-icon_select-no avia-color-theme-color avia-size-large avia-position-left \" rel=\"noopener\"><span class=\"avia_iconbox_title\">Fylax Grain.pdf<\/span><\/a><\/div>\n<\/div>\n<\/div>\n\n\n\n<p><\/p>\n","protected":false},"excerpt":{"rendered":"<p>Selko Fylax\u00ae Grain Selko Fylax Grain \u00ebsht\u00eb nj\u00eb p\u00ebrzierje sinergjike e acideve organike dhe surfaktant\u00ebve. Ai pengon zhvillimin e mikroorganizmave, duke mbrojtur vler\u00ebn ushqyese t\u00eb l\u00ebnd\u00ebve t\u00eb para dhe duke zgjatur jet\u00ebgjat\u00ebsin\u00eb e tyre gjat\u00eb magazinimit. Fylax Grain Kodi i produktit: 12370345 Paketimi: 1000kg IBC Fylax Grain Kodi i produktit: 12370465 Paketimi: Fu\u00e7i 225 kg [&hellip;]<\/p>\n","protected":false},"author":2,"featured_media":0,"parent":0,"menu_order":0,"comment_status":"closed","ping_status":"closed","template":"","meta":{"inline_featured_image":false,"footnotes":""},"class_list":["post-9935","page","type-page","status-publish","hentry"],"yoast_head":"<!-- This site is optimized with the Yoast SEO plugin v18.9 - https:\/\/yoast.com\/wordpress\/plugins\/seo\/ -->\n<title>Selko Fylax\u00ae Grain - Austria Praemix<\/title>\n<meta name=\"robots\" content=\"index, follow, max-snippet:-1, max-image-preview:large, max-video-preview:-1\" \/>\n<link rel=\"canonical\" href=\"https:\/\/ap.com.al\/?page_id=9935\" \/>\n<meta property=\"og:locale\" content=\"en_US\" \/>\n<meta property=\"og:type\" content=\"article\" \/>\n<meta property=\"og:title\" content=\"Selko Fylax\u00ae Grain - Austria Praemix\" \/>\n<meta property=\"og:description\" content=\"Selko Fylax\u00ae Grain Selko Fylax Grain \u00ebsht\u00eb nj\u00eb p\u00ebrzierje sinergjike e acideve organike dhe surfaktant\u00ebve. Ai pengon zhvillimin e mikroorganizmave, duke mbrojtur vler\u00ebn ushqyese t\u00eb l\u00ebnd\u00ebve t\u00eb para dhe duke zgjatur jet\u00ebgjat\u00ebsin\u00eb e tyre gjat\u00eb magazinimit. Fylax Grain Kodi i produktit: 12370345 Paketimi: 1000kg IBC Fylax Grain Kodi i produktit: 12370465 Paketimi: Fu\u00e7i 225 kg [&hellip;]\" \/>\n<meta property=\"og:url\" content=\"https:\/\/ap.com.al\/?page_id=9935\" \/>\n<meta property=\"og:site_name\" content=\"Austria Praemix\" \/>\n<meta property=\"article:publisher\" content=\"https:\/\/www.facebook.com\/austriapraemiks\/\" \/>\n<meta property=\"article:modified_time\" content=\"2026-05-11T07:39:19+00:00\" \/>\n<meta property=\"og:image\" content=\"https:\/\/ap.com.al\/wp-content\/uploads\/2022\/03\/oeko.png\" \/>\n<meta name=\"twitter:card\" content=\"summary_large_image\" \/>\n<meta name=\"twitter:label1\" content=\"Est. reading time\" \/>\n\t<meta name=\"twitter:data1\" content=\"1 minute\" \/>\n<script type=\"application\/ld+json\" class=\"yoast-schema-graph\">{\"@context\":\"https:\/\/schema.org\",\"@graph\":[{\"@type\":\"Organization\",\"@id\":\"https:\/\/ap.com.al\/#organization\",\"name\":\"Austria Preamix\",\"url\":\"https:\/\/ap.com.al\/\",\"sameAs\":[\"https:\/\/www.instagram.com\/austriapraemix\/\",\"https:\/\/www.facebook.com\/austriapraemiks\/\"],\"logo\":{\"@type\":\"ImageObject\",\"inLanguage\":\"en-US\",\"@id\":\"https:\/\/ap.com.al\/#\/schema\/logo\/image\/\",\"url\":\"https:\/\/ap.com.al\/wp-content\/uploads\/2022\/02\/AP-logo.png\",\"contentUrl\":\"https:\/\/ap.com.al\/wp-content\/uploads\/2022\/02\/AP-logo.png\",\"width\":3358,\"height\":1616,\"caption\":\"Austria Preamix\"},\"image\":{\"@id\":\"https:\/\/ap.com.al\/#\/schema\/logo\/image\/\"}},{\"@type\":\"WebSite\",\"@id\":\"https:\/\/ap.com.al\/#website\",\"url\":\"https:\/\/ap.com.al\/\",\"name\":\"Austria Praemix\",\"description\":\"\",\"publisher\":{\"@id\":\"https:\/\/ap.com.al\/#organization\"},\"potentialAction\":[{\"@type\":\"SearchAction\",\"target\":{\"@type\":\"EntryPoint\",\"urlTemplate\":\"https:\/\/ap.com.al\/?s={search_term_string}\"},\"query-input\":\"required name=search_term_string\"}],\"inLanguage\":\"en-US\"},{\"@type\":\"ImageObject\",\"inLanguage\":\"en-US\",\"@id\":\"https:\/\/ap.com.al\/?page_id=9935#primaryimage\",\"url\":\"https:\/\/ap.com.al\/wp-content\/uploads\/2022\/03\/oeko.png\",\"contentUrl\":\"https:\/\/ap.com.al\/wp-content\/uploads\/2022\/03\/oeko.png\",\"width\":351,\"height\":351},{\"@type\":\"WebPage\",\"@id\":\"https:\/\/ap.com.al\/?page_id=9935#webpage\",\"url\":\"https:\/\/ap.com.al\/?page_id=9935\",\"name\":\"Selko Fylax\u00ae Grain - Austria Praemix\",\"isPartOf\":{\"@id\":\"https:\/\/ap.com.al\/#website\"},\"primaryImageOfPage\":{\"@id\":\"https:\/\/ap.com.al\/?page_id=9935#primaryimage\"},\"datePublished\":\"2026-05-11T07:36:57+00:00\",\"dateModified\":\"2026-05-11T07:39:19+00:00\",\"breadcrumb\":{\"@id\":\"https:\/\/ap.com.al\/?page_id=9935#breadcrumb\"},\"inLanguage\":\"en-US\",\"potentialAction\":[{\"@type\":\"ReadAction\",\"target\":[\"https:\/\/ap.com.al\/?page_id=9935\"]}]},{\"@type\":\"BreadcrumbList\",\"@id\":\"https:\/\/ap.com.al\/?page_id=9935#breadcrumb\",\"itemListElement\":[{\"@type\":\"ListItem\",\"position\":1,\"name\":\"Home\",\"item\":\"https:\/\/ap.com.al\/\"},{\"@type\":\"ListItem\",\"position\":2,\"name\":\"Selko Fylax\u00ae Grain\"}]}]}<\/script>\n<!-- \/ Yoast SEO plugin. -->","yoast_head_json":{"title":"Selko Fylax\u00ae Grain - Austria Praemix","robots":{"index":"index","follow":"follow","max-snippet":"max-snippet:-1","max-image-preview":"max-image-preview:large","max-video-preview":"max-video-preview:-1"},"canonical":"https:\/\/ap.com.al\/?page_id=9935","og_locale":"en_US","og_type":"article","og_title":"Selko Fylax\u00ae Grain - Austria Praemix","og_description":"Selko Fylax\u00ae Grain Selko Fylax Grain \u00ebsht\u00eb nj\u00eb p\u00ebrzierje sinergjike e acideve organike dhe surfaktant\u00ebve. Ai pengon zhvillimin e mikroorganizmave, duke mbrojtur vler\u00ebn ushqyese t\u00eb l\u00ebnd\u00ebve t\u00eb para dhe duke zgjatur jet\u00ebgjat\u00ebsin\u00eb e tyre gjat\u00eb magazinimit. Fylax Grain Kodi i produktit: 12370345 Paketimi: 1000kg IBC Fylax Grain Kodi i produktit: 12370465 Paketimi: Fu\u00e7i 225 kg [&hellip;]","og_url":"https:\/\/ap.com.al\/?page_id=9935","og_site_name":"Austria Praemix","article_publisher":"https:\/\/www.facebook.com\/austriapraemiks\/","article_modified_time":"2026-05-11T07:39:19+00:00","og_image":[{"url":"https:\/\/ap.com.al\/wp-content\/uploads\/2022\/03\/oeko.png"}],"twitter_card":"summary_large_image","twitter_misc":{"Est. reading time":"1 minute"},"schema":{"@context":"https:\/\/schema.org","@graph":[{"@type":"Organization","@id":"https:\/\/ap.com.al\/#organization","name":"Austria Preamix","url":"https:\/\/ap.com.al\/","sameAs":["https:\/\/www.instagram.com\/austriapraemix\/","https:\/\/www.facebook.com\/austriapraemiks\/"],"logo":{"@type":"ImageObject","inLanguage":"en-US","@id":"https:\/\/ap.com.al\/#\/schema\/logo\/image\/","url":"https:\/\/ap.com.al\/wp-content\/uploads\/2022\/02\/AP-logo.png","contentUrl":"https:\/\/ap.com.al\/wp-content\/uploads\/2022\/02\/AP-logo.png","width":3358,"height":1616,"caption":"Austria Preamix"},"image":{"@id":"https:\/\/ap.com.al\/#\/schema\/logo\/image\/"}},{"@type":"WebSite","@id":"https:\/\/ap.com.al\/#website","url":"https:\/\/ap.com.al\/","name":"Austria Praemix","description":"","publisher":{"@id":"https:\/\/ap.com.al\/#organization"},"potentialAction":[{"@type":"SearchAction","target":{"@type":"EntryPoint","urlTemplate":"https:\/\/ap.com.al\/?s={search_term_string}"},"query-input":"required name=search_term_string"}],"inLanguage":"en-US"},{"@type":"ImageObject","inLanguage":"en-US","@id":"https:\/\/ap.com.al\/?page_id=9935#primaryimage","url":"https:\/\/ap.com.al\/wp-content\/uploads\/2022\/03\/oeko.png","contentUrl":"https:\/\/ap.com.al\/wp-content\/uploads\/2022\/03\/oeko.png","width":351,"height":351},{"@type":"WebPage","@id":"https:\/\/ap.com.al\/?page_id=9935#webpage","url":"https:\/\/ap.com.al\/?page_id=9935","name":"Selko Fylax\u00ae Grain - Austria Praemix","isPartOf":{"@id":"https:\/\/ap.com.al\/#website"},"primaryImageOfPage":{"@id":"https:\/\/ap.com.al\/?page_id=9935#primaryimage"},"datePublished":"2026-05-11T07:36:57+00:00","dateModified":"2026-05-11T07:39:19+00:00","breadcrumb":{"@id":"https:\/\/ap.com.al\/?page_id=9935#breadcrumb"},"inLanguage":"en-US","potentialAction":[{"@type":"ReadAction","target":["https:\/\/ap.com.al\/?page_id=9935"]}]},{"@type":"BreadcrumbList","@id":"https:\/\/ap.com.al\/?page_id=9935#breadcrumb","itemListElement":[{"@type":"ListItem","position":1,"name":"Home","item":"https:\/\/ap.com.al\/"},{"@type":"ListItem","position":2,"name":"Selko Fylax\u00ae Grain"}]}]}},"_links":{"self":[{"href":"https:\/\/ap.com.al\/index.php?rest_route=\/wp\/v2\/pages\/9935","targetHints":{"allow":["GET"]}}],"collection":[{"href":"https:\/\/ap.com.al\/index.php?rest_route=\/wp\/v2\/pages"}],"about":[{"href":"https:\/\/ap.com.al\/index.php?rest_route=\/wp\/v2\/types\/page"}],"author":[{"embeddable":true,"href":"https:\/\/ap.com.al\/index.php?rest_route=\/wp\/v2\/users\/2"}],"replies":[{"embeddable":true,"href":"https:\/\/ap.com.al\/index.php?rest_route=%2Fwp%2Fv2%2Fcomments&post=9935"}],"version-history":[{"count":32,"href":"https:\/\/ap.com.al\/index.php?rest_route=\/wp\/v2\/pages\/9935\/revisions"}],"predecessor-version":[{"id":9969,"href":"https:\/\/ap.com.al\/index.php?rest_route=\/wp\/v2\/pages\/9935\/revisions\/9969"}],"wp:attachment":[{"href":"https:\/\/ap.com.al\/index.php?rest_route=%2Fwp%2Fv2%2Fmedia&parent=9935"}],"curies":[{"name":"wp","href":"https:\/\/api.w.org\/{rel}","templated":true}]}}